{"id":10003,"date":"2018-10-04T13:52:45","date_gmt":"2018-10-04T11:52:45","guid":{"rendered":"https:\/\/www.studyhelp.de\/online-lernen\/?page_id=10003"},"modified":"2018-11-05T14:38:11","modified_gmt":"2018-11-05T13:38:11","slug":"chemische-reaktion","status":"publish","type":"page","link":"https:\/\/www.studyhelp.de\/online-lernen\/chemie\/chemische-reaktion\/","title":{"rendered":"Chemische Reaktion"},"content":{"rendered":"<p>Eine chemische Reaktion ist ein Vorgang, bei dem aus chemischen Verbindungen oder Elementen (Edukte) andere chemische Verbindungen (Produkte) entstehen, indem die Atome der Edukte andere Bindungen eingehen. Dabei ver\u00e4ndern sich auch die Eigenschaften der Stoffe.<\/p>\n\n<p>Um Reaktionen schriftlich darzustellen, gibt es die sogenannten Reaktionsgleichungen. Diese beschreiben die stofflichen und energetischen Ver\u00e4nderungen bei einer chemischen Reaktion. Sie sind immer nach dem folgenden Schema aufgebaut:<\/p>\n<p><img decoding=\"async\" loading=\"lazy\" src=\"https:\/\/www.studyhelp.de\/online-lernen\/wp-content\/uploads\/2018\/10\/Chemische-Reaktion.jpg\" alt=\"Chemische Reaktion\" width=\"790\" height=\"162\" class=\"aligncenter size-full wp-image-10065\" srcset=\"https:\/\/www.studyhelp.de\/online-lernen\/wp-content\/uploads\/2018\/10\/Chemische-Reaktion.jpg 790w, https:\/\/www.studyhelp.de\/online-lernen\/wp-content\/uploads\/2018\/10\/Chemische-Reaktion-300x62.jpg 300w, https:\/\/www.studyhelp.de\/online-lernen\/wp-content\/uploads\/2018\/10\/Chemische-Reaktion-768x157.jpg 768w\" sizes=\"(max-width: 790px) 100vw, 790px\" \/><\/p>\n<p><strong>Koeffizienten<\/strong> stehen vor den Molek\u00fclformeln und geben die Anzahl der miteinander reagierenden Teilchen an (relativ zueinander). Sie werden so gew\u00e4hlt, dass auf beiden Seiten des Reaktionspfeils die gleiche Anzahl an Atomen einer Sorte steht (= \u201eAusgleichen\u201c).<\/p>\n<p>Der <strong>Index<\/strong> geh\u00f6rt zur Molek\u00fclformel und gibt an, wie viele Atome in einem Molek\u00fcl gebunden sind. Der Index wird beim Ausgleichen nie ver\u00e4ndert!<\/p>\n<p>Der Energieumsatz gibt an, ob bei der Reaktion Energie freigesetzt wurde (negative Energie) oder ob Energie aufgewendet wurde (positive Energie). Wird Energie freigesetzt, so handelt es sich um eine <strong>exotherme Reaktion<\/strong>.<\/p>\n<p><img decoding=\"async\" loading=\"lazy\" src=\"https:\/\/www.studyhelp.de\/online-lernen\/wp-content\/uploads\/2018\/10\/Exotherme-Reaktion.jpg\" alt=\"Exotherme Reaktion\" width=\"581\" height=\"446\" class=\"aligncenter size-full wp-image-10066\" srcset=\"https:\/\/www.studyhelp.de\/online-lernen\/wp-content\/uploads\/2018\/10\/Exotherme-Reaktion.jpg 581w, https:\/\/www.studyhelp.de\/online-lernen\/wp-content\/uploads\/2018\/10\/Exotherme-Reaktion-300x230.jpg 300w\" sizes=\"(max-width: 581px) 100vw, 581px\" \/><\/p>\n<p>Wird Energie ben\u00f6tigt, handelt es sich um eine <strong>endotherme Reaktion<\/strong>.<\/p>\n<p><img decoding=\"async\" loading=\"lazy\" src=\"https:\/\/www.studyhelp.de\/online-lernen\/wp-content\/uploads\/2018\/10\/Endotherme-Reaktion.jpg\" alt=\"Endotherme Reaktion\" width=\"574\" height=\"445\" class=\"aligncenter size-full wp-image-10067\" srcset=\"https:\/\/www.studyhelp.de\/online-lernen\/wp-content\/uploads\/2018\/10\/Endotherme-Reaktion.jpg 574w, https:\/\/www.studyhelp.de\/online-lernen\/wp-content\/uploads\/2018\/10\/Endotherme-Reaktion-300x233.jpg 300w\" sizes=\"(max-width: 574px) 100vw, 574px\" \/><\/p>\n<p>Es gibt drei Grundtypen chemischer Reaktionen:<br \/>\n<strong>Synthese<\/strong><br \/>\n<img decoding=\"async\" loading=\"lazy\" src=\"https:\/\/www.studyhelp.de\/online-lernen\/wp-content\/uploads\/2018\/10\/Synthese-1.jpg\" alt=\"Synthese\" width=\"927\" height=\"122\" class=\"aligncenter size-full wp-image-10069\" srcset=\"https:\/\/www.studyhelp.de\/online-lernen\/wp-content\/uploads\/2018\/10\/Synthese-1.jpg 927w, https:\/\/www.studyhelp.de\/online-lernen\/wp-content\/uploads\/2018\/10\/Synthese-1-300x39.jpg 300w, https:\/\/www.studyhelp.de\/online-lernen\/wp-content\/uploads\/2018\/10\/Synthese-1-768x101.jpg 768w\" sizes=\"(max-width: 927px) 100vw, 927px\" \/><\/p>\n<p><strong>Analyse<\/strong><br \/>\n<img decoding=\"async\" loading=\"lazy\" src=\"https:\/\/www.studyhelp.de\/online-lernen\/wp-content\/uploads\/2018\/10\/Analyse.jpg\" alt=\"Analyse\" width=\"928\" height=\"121\" class=\"aligncenter size-full wp-image-10070\" srcset=\"https:\/\/www.studyhelp.de\/online-lernen\/wp-content\/uploads\/2018\/10\/Analyse.jpg 928w, https:\/\/www.studyhelp.de\/online-lernen\/wp-content\/uploads\/2018\/10\/Analyse-300x39.jpg 300w, https:\/\/www.studyhelp.de\/online-lernen\/wp-content\/uploads\/2018\/10\/Analyse-768x100.jpg 768w\" sizes=\"(max-width: 928px) 100vw, 928px\" \/><\/p>\n<p><strong>Umsetzung<\/strong><br \/>\n<img decoding=\"async\" loading=\"lazy\" src=\"https:\/\/www.studyhelp.de\/online-lernen\/wp-content\/uploads\/2018\/10\/Umsetzung.jpg\" alt=\"Umsetzung\" width=\"925\" height=\"119\" class=\"aligncenter size-full wp-image-10071\" srcset=\"https:\/\/www.studyhelp.de\/online-lernen\/wp-content\/uploads\/2018\/10\/Umsetzung.jpg 925w, https:\/\/www.studyhelp.de\/online-lernen\/wp-content\/uploads\/2018\/10\/Umsetzung-300x39.jpg 300w, https:\/\/www.studyhelp.de\/online-lernen\/wp-content\/uploads\/2018\/10\/Umsetzung-768x99.jpg 768w\" sizes=\"(max-width: 925px) 100vw, 925px\" \/><\/p>\n\n<p><strong>Du kannst dir das gesamte Thema nochmals in diesem Lernvideo erkl\u00e4ren lassen!<\/strong><br \/>\n<div class=\"lyte-wrapper\" style=\"width:420px;max-width:100%;margin:5px;\"><div class=\"lyMe\" id=\"WYL_V63CO6cXwpc\"><div id=\"lyte_V63CO6cXwpc\" data-src=\"https:\/\/www.studyhelp.de\/online-lernen\/wp-content\/plugins\/wp-youtube-lyte\/lyteCache.php?origThumbUrl=%2F%2Fi.ytimg.com%2Fvi%2FV63CO6cXwpc%2Fhqdefault.jpg\" class=\"pL\"><div class=\"tC\"><div class=\"tT\"><\/div><\/div><div class=\"play\"><\/div><div class=\"ctrl\"><div class=\"Lctrl\"><\/div><div class=\"Rctrl\"><\/div><\/div><\/div><noscript><a href=\"https:\/\/youtu.be\/V63CO6cXwpc\" rel=\"nofollow\"><img src=\"https:\/\/www.studyhelp.de\/online-lernen\/wp-content\/plugins\/wp-youtube-lyte\/lyteCache.php?origThumbUrl=https%3A%2F%2Fi.ytimg.com%2Fvi%2FV63CO6cXwpc%2F0.jpg\" alt=\"YouTube-Video-Thumbnail\" width=\"420\" height=\"216\" \/><br \/>Dieses Video auf YouTube ansehen<\/a><\/noscript><\/div><\/div><div class=\"lL\" style=\"max-width:100%;width:420px;margin:5px;\"><\/div><\/p>\n","protected":false},"excerpt":{"rendered":"<p>Eine chemische Reaktion ist ein Vorgang, bei dem aus chemischen Verbindungen oder Elementen (Edukte) andere chemische Verbindungen (Produkte) entstehen, indem die Atome der Edukte andere Bindungen eingehen. Dabei ver\u00e4ndern sich auch die Eigenschaften der Stoffe. Um Reaktionen schriftlich darzustellen, gibt es die sogenannten Reaktionsgleichungen. Diese beschreiben die stofflichen und energetischen Ver\u00e4nderungen bei einer chemischen Reaktion. [&hellip;]<\/p>\n","protected":false},"author":3,"featured_media":0,"parent":9325,"menu_order":0,"comment_status":"closed","ping_status":"closed","template":"","meta":[],"categories":[54],"tags":[],"yoast_head":"<!-- This site is optimized with the Yoast SEO plugin v14.7 - https:\/\/yoast.com\/wordpress\/plugins\/seo\/ -->\n<title>Chemische Reaktion verst\u00e4ndlich erkl\u00e4rt - StudyHelp Online-Lernen<\/title>\n<meta name=\"description\" content=\"Eine chemische Reaktion ist ein Vorgang, bei dem aus chemischen Verbindungen oder Elementen (Edukte) andere chemische Verbindungen (Produkte) entstehen.\" \/>\n<meta name=\"robots\" content=\"index, follow\" \/>\n<meta name=\"googlebot\" content=\"index, follow, max-snippet:-1, max-image-preview:large, max-video-preview:-1\" \/>\n<meta name=\"bingbot\" content=\"index, follow, max-snippet:-1, max-image-preview:large, max-video-preview:-1\" \/>\n<link rel=\"canonical\" href=\"https:\/\/www.studyhelp.de\/online-lernen\/chemie\/chemische-reaktion\/\" \/>\n<meta property=\"og:locale\" content=\"de_DE\" \/>\n<meta property=\"og:type\" content=\"article\" \/>\n<meta property=\"og:title\" content=\"Chemische Reaktion verst\u00e4ndlich erkl\u00e4rt - StudyHelp Online-Lernen\" \/>\n<meta property=\"og:description\" content=\"Eine chemische Reaktion ist ein Vorgang, bei dem aus chemischen Verbindungen oder Elementen (Edukte) andere chemische Verbindungen (Produkte) entstehen.\" \/>\n<meta property=\"og:url\" content=\"https:\/\/www.studyhelp.de\/online-lernen\/chemie\/chemische-reaktion\/\" \/>\n<meta property=\"og:site_name\" content=\"StudyHelp Online-Lernen\" \/>\n<meta property=\"article:modified_time\" content=\"2018-11-05T13:38:11+00:00\" \/>\n<meta property=\"og:image\" content=\"https:\/\/www.studyhelp.de\/online-lernen\/wp-content\/uploads\/2018\/10\/Chemische-Reaktion.jpg\" \/>\n<meta name=\"twitter:card\" content=\"summary_large_image\" \/>\n<script type=\"application\/ld+json\" class=\"yoast-schema-graph\">{\"@context\":\"https:\/\/schema.org\",\"@graph\":[{\"@type\":\"WebSite\",\"@id\":\"https:\/\/www.studyhelp.de\/online-lernen\/#website\",\"url\":\"https:\/\/www.studyhelp.de\/online-lernen\/\",\"name\":\"StudyHelp Online-Lernen\",\"description\":\"\",\"potentialAction\":[{\"@type\":\"SearchAction\",\"target\":\"https:\/\/www.studyhelp.de\/online-lernen\/?s={search_term_string}\",\"query-input\":\"required name=search_term_string\"}],\"inLanguage\":\"de-DE\"},{\"@type\":\"ImageObject\",\"@id\":\"https:\/\/www.studyhelp.de\/online-lernen\/chemie\/chemische-reaktion\/#primaryimage\",\"inLanguage\":\"de-DE\",\"url\":\"https:\/\/www.studyhelp.de\/online-lernen\/wp-content\/uploads\/2018\/10\/Chemische-Reaktion.jpg\",\"width\":790,\"height\":162,\"caption\":\"Chemische Reaktion\"},{\"@type\":\"WebPage\",\"@id\":\"https:\/\/www.studyhelp.de\/online-lernen\/chemie\/chemische-reaktion\/#webpage\",\"url\":\"https:\/\/www.studyhelp.de\/online-lernen\/chemie\/chemische-reaktion\/\",\"name\":\"Chemische Reaktion verst\\u00e4ndlich erkl\\u00e4rt - StudyHelp Online-Lernen\",\"isPartOf\":{\"@id\":\"https:\/\/www.studyhelp.de\/online-lernen\/#website\"},\"primaryImageOfPage\":{\"@id\":\"https:\/\/www.studyhelp.de\/online-lernen\/chemie\/chemische-reaktion\/#primaryimage\"},\"datePublished\":\"2018-10-04T11:52:45+00:00\",\"dateModified\":\"2018-11-05T13:38:11+00:00\",\"description\":\"Eine chemische Reaktion ist ein Vorgang, bei dem aus chemischen Verbindungen oder Elementen (Edukte) andere chemische Verbindungen (Produkte) entstehen.\",\"inLanguage\":\"de-DE\",\"potentialAction\":[{\"@type\":\"ReadAction\",\"target\":[\"https:\/\/www.studyhelp.de\/online-lernen\/chemie\/chemische-reaktion\/\"]}]}]}<\/script>\n<!-- \/ Yoast SEO plugin. -->","_links":{"self":[{"href":"https:\/\/www.studyhelp.de\/online-lernen\/wp-json\/wp\/v2\/pages\/10003"}],"collection":[{"href":"https:\/\/www.studyhelp.de\/online-lernen\/wp-json\/wp\/v2\/pages"}],"about":[{"href":"https:\/\/www.studyhelp.de\/online-lernen\/wp-json\/wp\/v2\/types\/page"}],"author":[{"embeddable":true,"href":"https:\/\/www.studyhelp.de\/online-lernen\/wp-json\/wp\/v2\/users\/3"}],"replies":[{"embeddable":true,"href":"https:\/\/www.studyhelp.de\/online-lernen\/wp-json\/wp\/v2\/comments?post=10003"}],"version-history":[{"count":5,"href":"https:\/\/www.studyhelp.de\/online-lernen\/wp-json\/wp\/v2\/pages\/10003\/revisions"}],"predecessor-version":[{"id":11250,"href":"https:\/\/www.studyhelp.de\/online-lernen\/wp-json\/wp\/v2\/pages\/10003\/revisions\/11250"}],"up":[{"embeddable":true,"href":"https:\/\/www.studyhelp.de\/online-lernen\/wp-json\/wp\/v2\/pages\/9325"}],"wp:attachment":[{"href":"https:\/\/www.studyhelp.de\/online-lernen\/wp-json\/wp\/v2\/media?parent=10003"}],"wp:term":[{"taxonomy":"category","embeddable":true,"href":"https:\/\/www.studyhelp.de\/online-lernen\/wp-json\/wp\/v2\/categories?post=10003"},{"taxonomy":"post_tag","embeddable":true,"href":"https:\/\/www.studyhelp.de\/online-lernen\/wp-json\/wp\/v2\/tags?post=10003"}],"curies":[{"name":"wp","href":"https:\/\/api.w.org\/{rel}","templated":true}]}}