{"id":10051,"date":"2018-10-04T14:09:26","date_gmt":"2018-10-04T12:09:26","guid":{"rendered":"https:\/\/www.studyhelp.de\/online-lernen\/?page_id=10051"},"modified":"2021-02-08T10:28:02","modified_gmt":"2021-02-08T09:28:02","slug":"elektrolyse","status":"publish","type":"page","link":"https:\/\/www.studyhelp.de\/online-lernen\/chemie\/elektrolyse\/","title":{"rendered":"Elektrolyse"},"content":{"rendered":"\n<p>Die Elektrolyse ist ein Prozess, bei dem durch elektrischen Strom eine Redoxreaktion erzeugt wird. In diesem Artikel schauen wir uns die Reaktionen, die bei der Elektrolyse ablaufen, etwas genauer an:<\/p>\n<p><img decoding=\"async\" loading=\"lazy\" class=\"aligncenter wp-image-10820\" src=\"https:\/\/www.studyhelp.de\/online-lernen\/wp-content\/uploads\/2018\/10\/Elektrolyse-Versuchsaufbau.jpg\" alt=\"Elektrolyse Versuchsaufbau\" width=\"565\" height=\"410\" srcset=\"https:\/\/www.studyhelp.de\/online-lernen\/wp-content\/uploads\/2018\/10\/Elektrolyse-Versuchsaufbau.jpg 903w, https:\/\/www.studyhelp.de\/online-lernen\/wp-content\/uploads\/2018\/10\/Elektrolyse-Versuchsaufbau-300x218.jpg 300w, https:\/\/www.studyhelp.de\/online-lernen\/wp-content\/uploads\/2018\/10\/Elektrolyse-Versuchsaufbau-768x557.jpg 768w\" sizes=\"(max-width: 565px) 100vw, 565px\" \/><\/p>\n<p>Die Wasserteilchen werden mithilfe von Strom in Sauerstoff und Wasserstoff zersetzt. Schauen wir uns die Reaktionen an, die an Kathode und Anode ablaufen. An der Kathode reagiert Wasser zu Wasserstoff (es handelt sich um eine Reduktion, da die Oxidationszahl des Wasserstoffatoms im Wassermolek\u00fcl +I ist und im Wasserstoffmolek\u00fcl 0). An der Anode reagiert Wasser zu Sauerstoff (es handelt sich hier um eine Oxidation, da die Oxidationszahl des Sauerstoffatoms im Wassermolek\u00fcl -II und im Sauerstoffmolek\u00fcl 0 ist).<\/p>\n<p>\\begin{array}{llcl}<br \/>\nKathode\/Red.: &amp;{2H_2O} \\ + \\ {2e^{-}} \\quad \\rightarrow \\quad {H_2} \\ + \\ {2OH^{-}} \\\\<br \/>\nAnode\/Ox.: &amp; {2H_2O} \\quad \\rightarrow \\quad \\ {O_2} + \\ {4H^{+}} \\ + \\ {4e^{-}}<br \/>\n\\end{array}<\/p>\n<p>Damit wir die beiden Reaktionen jetzt zu einer Gesamtreaktion zusammenfassen k\u00f6nnen, muss hier wieder die Anzahl der Elektronen bei beiden Teilgleichungen \u00fcbereinstimmen. Die Reaktion an der Kathode muss also mit zwei multipliziert werden:<\/p>\n<p>\\begin{array}{llcl}<br \/>\n\\text{Kathode\/Red.:} &amp; {2H_2O} \\ + \\ {2e^{-}} ; \\quad \\rightarrow \\quad {H_2}+ \\ {2OH^{-}} \\quad |\\cdot 2 \\\\<br \/>\n&amp; {4H_2O} \\ + \\ {4e^{-}} \\quad \\rightarrow \\quad \\ {2H_2} \\ + \\ {4OH^{-}}<br \/>\n\\end{array}<\/p>\n<p>Jetzt k\u00f6nnen wir die beiden Teilgleichungen zu einer Gesamtgleichung zusammenfassen:<\/p>\n<p>\\begin{align*}<br \/>\n{4H_2O} \\ + \\ {4e^{-}}\\ + \\ {2H_2O}  \\quad \\rightarrow \\quad {2H_2} \\ + \\ {4OH^{-}} \\ + \\ {O_2} \\ + \\ {4H^{+}} \\ + \\ {4e^{-}}<br \/>\n\\end{align*}<\/p>\n<p>Jetzt werden noch die Elektronen rausgestrichen:<\/p>\n<p>\\begin{align*}<br \/>\n{4H_2O} \\ + \\ {2H_2O} \\quad \\rightarrow \\quad {2H_2} \\ + \\ {4OH^{-}}\\ + \\ {O_2} \\ + \\ {4H^{+}}<br \/>\n\\end{align*}<\/p>\n<p>Eine Elektrolyse ist eine chemische Reaktion, bei der durch elektrische Energie eine Redoxreaktion erzwungen wird. Dabei wird eine chemische Verbindung zersetzt. Es wird elektrische Energie in chemische Energie umgewandelt.<\/p>\n<p>Die Elektrolyse ist also auch der Vorgang, der beim Laden eines Akkus stattfindet. Im Prinzip handelt es sich dabei um die Umkehrung eines galvanischen Elements. Der Aufbau bei einer Elektrolyse ist dem eines galvanischen Elements sehr \u00e4hnlich: zwei Elektroden werden in eine L\u00f6sung, den Elektrolyten, eingetaucht. Dann wird, anders als beim galvanischen Element, Gleichstrom angelegt, wodurch wir einen Plus- und einen Minuspol haben. Betrachten wir beispielsweise eine Zinkiodid-L\u00f6sung mit zwei Graphitelektroden:<\/p>\n<p><img decoding=\"async\" loading=\"lazy\" class=\"aligncenter  wp-image-10835\" src=\"https:\/\/www.studyhelp.de\/online-lernen\/wp-content\/uploads\/2018\/10\/Versuchsaufbau-der-Elektrolyse-von-Zinkiodid.jpg\" alt=\"Versuchsaufbau der Elektrolyse von Zinkiodid\" width=\"538\" height=\"356\" srcset=\"https:\/\/www.studyhelp.de\/online-lernen\/wp-content\/uploads\/2018\/10\/Versuchsaufbau-der-Elektrolyse-von-Zinkiodid.jpg 890w, https:\/\/www.studyhelp.de\/online-lernen\/wp-content\/uploads\/2018\/10\/Versuchsaufbau-der-Elektrolyse-von-Zinkiodid-300x198.jpg 300w, https:\/\/www.studyhelp.de\/online-lernen\/wp-content\/uploads\/2018\/10\/Versuchsaufbau-der-Elektrolyse-von-Zinkiodid-768x507.jpg 768w\" sizes=\"(max-width: 538px) 100vw, 538px\" \/><\/p>\n<p>Die negative Elektrode zieht positive Teilchen an, also hier die Zn2+-Ionen. Es werden Elektronen von der Elektrode an die Zink(II)-Ionen abgegeben, wodurch elementares Zink entsteht. Die positive Elektrode zieht negative Teilchen an, also hier die I-Ionen. Diese k\u00f6nnen nun ihre Elektronen an die Anode abgeben, wodurch elementares Iod entsteht.<\/p>\n<p>Jetzt liegt hier aber nicht nur Zinkiodid vor, sondern auch Wasser, welches durch Elektrolyse zu Wasserstoff und Sauerstoff zersetzt werden kann. Wie k\u00f6nnen wir nun entscheiden, welche der beiden Elektrolysen abl\u00e4uft? Hierbei k\u00f6nnen wir uns wieder der elektrochemischen Spannungsreihe bedienen. Es findet immer zuerst die Elektrolyse von Stoffen mit betragsm\u00e4\u00dfig kleineren Potenzialen statt.<\/p>\n<p>Vergleichen wir Zinkiodid und Wasser:<\/p>\n<p>\\begin{array}{l|l|l}<br \/>\n\\text{Elektrolyse von} \\dots &#038; \\text{Reaktionsgleichungen}  &#038; \\text{Standardpotenzial} \\\\<br \/>\n\\hline<br \/>\n\\dots \\text{Wasser} \t&#038; \\ {2H_2O} \\ + \\ {2e^{-}} \\quad \\rightarrow \\quad {H_2} \\ + \\ {2OH^{-}} \\ &#038; \\text{-0,83} \\ {V} \\\\<br \/>\n\t\t\t\t&#038; \\ {O_2} \\ + \\ {4H^{+}} \\ + \\ {4e^{-}} \\quad \\rightarrow \\quad {2H_2O} &#038; \\text{+1,23} \\ {V}\\\\<br \/>\n\\hline<br \/>\n\\dots Zinkiodid \t&#038; \\ {Zn^{2+}} \\ + \\ {2e^{-}} \\quad \\rightarrow \\quad {Zn} &#038; \\text{-0,76} \\ {V} \\\\<br \/>\n\t\t\t\t&#038; \\ {2I^{-}}  \\quad \\rightarrow \\quad {I_2} \\ + \\ {2e^{-}} \\ &#038; +0{,}53 \\ {V}\\\\<br \/>\n\\end{array}<\/p>\n<p>Die Standardpotenziale bei der Zersetzung von Zinkiodid sind betragsm\u00e4\u00dfig kleiner als die bei der Zerlegung von Wasser. Daher l\u00e4uft die Elektrolyse von Zinkiodid zuerst ab.<\/p>\n<p>Wenn wir nun sichergehen wollen, dass wirklich nur die Elektrolyse von Zinkiodid abl\u00e4uft, k\u00f6nnen wir auch eine niedrige Spannung anlegen, sodass sie gerade ausreicht, um Zinkiodid zu zersetzen. Wie hoch muss diese Spannung sein? <\/p>\n<p>Das berechnen wir wieder wie bei der galvanischen Zelle \u2013 das kleinere Standardpotenzial wird von dem gr\u00f6\u00dferen Standardpotenzial abgezogen:<\/p>\n<p>\\begin{align*}<br \/>\n0,53 V \u2212 (\u22120,76 V) = +1,29 V<br \/>\n\\end{align*}<\/p>\n<p>Das bedeutet, wir legen eine Spannung von 1,29 V an, was gerade ausreicht, um Zinkiodid zu zersetzen, aber nicht f\u00fcr die Elektrolyse von Wasser (hier m\u00fcsste eine Spannung von mind. 2,06 V angelegt werden).<\/p>\n<p>Jetzt kommen wir noch zu einem besonderen Ph\u00e4nomen bei der Elektrolyse. Wir wissen ja bereits, wie wir die notwendige Spannung berechnen, damit die Elektrolyse abl\u00e4uft. Manchmal passiert beim Anlegen der berechneten Spannung aber leider gar nichts. Erst bei einer h\u00f6heren Spannung l\u00e4uft die Elektrolyse ab. Die Spannung, die zus\u00e4tzlich zum errechneten Wert angelegt werden muss, nennen wir \u00dcberspannung oder \u00dcberpotenzial.<\/p>\n<div class=\"box info\">\n<p>Diese \u00dcberspannung h\u00e4ngt von verschiedenen Faktoren ab:<\/p>\n<ul>\n<li>Art und Oberfl\u00e4chenbeschaffenheit der Elektrode<\/li>\n<li>Art und Konzentration der Ionen<\/li>\n<li>Temperatur und Stromdichte<\/li>\n<\/ul>\n<\/div>\n<p>Entstehen bei der Elektrolyse Metalle, ist die \u00dcberspannung geringer, als bei Elektrolysen, bei denen Gase entstehen.<\/p>\n","protected":false},"excerpt":{"rendered":"<p>Die Elektrolyse ist ein Prozess, bei dem durch elektrischen Strom eine Redoxreaktion erzeugt wird. In diesem Artikel schauen wir uns die Reaktionen, die bei der Elektrolyse ablaufen, etwas genauer an: Die Wasserteilchen werden mithilfe von Strom in Sauerstoff und Wasserstoff zersetzt. Schauen wir uns die Reaktionen an, die an Kathode und Anode ablaufen. An der [&hellip;]<\/p>\n","protected":false},"author":3,"featured_media":0,"parent":9325,"menu_order":0,"comment_status":"closed","ping_status":"closed","template":"","meta":[],"categories":[54],"tags":[],"yoast_head":"<!-- This site is optimized with the Yoast SEO plugin v14.7 - https:\/\/yoast.com\/wordpress\/plugins\/seo\/ -->\n<title>Die Elektrolyse verst\u00e4ndlich erkl\u00e4rt! - StudyHelp Online-Lernen<\/title>\n<meta name=\"description\" content=\"Eine Elektrolyse ist eine chemische Reaktion, bei der durch elektrische Energie eine Redoxreaktion erzwungen wird. Am Wichtigsten zu Wissen ist, dass..\" \/>\n<meta name=\"robots\" content=\"index, follow\" \/>\n<meta name=\"googlebot\" content=\"index, follow, max-snippet:-1, max-image-preview:large, max-video-preview:-1\" \/>\n<meta name=\"bingbot\" content=\"index, follow, max-snippet:-1, max-image-preview:large, max-video-preview:-1\" \/>\n<link rel=\"canonical\" href=\"https:\/\/www.studyhelp.de\/online-lernen\/chemie\/elektrolyse\/\" \/>\n<meta property=\"og:locale\" content=\"de_DE\" \/>\n<meta property=\"og:type\" content=\"article\" \/>\n<meta property=\"og:title\" content=\"Die Elektrolyse verst\u00e4ndlich erkl\u00e4rt! - StudyHelp Online-Lernen\" \/>\n<meta property=\"og:description\" content=\"Eine Elektrolyse ist eine chemische Reaktion, bei der durch elektrische Energie eine Redoxreaktion erzwungen wird. Am Wichtigsten zu Wissen ist, dass..\" \/>\n<meta property=\"og:url\" content=\"https:\/\/www.studyhelp.de\/online-lernen\/chemie\/elektrolyse\/\" \/>\n<meta property=\"og:site_name\" content=\"StudyHelp Online-Lernen\" \/>\n<meta property=\"article:modified_time\" content=\"2021-02-08T09:28:02+00:00\" \/>\n<meta property=\"og:image\" content=\"https:\/\/www.studyhelp.de\/online-lernen\/wp-content\/uploads\/2018\/10\/Elektrolyse-Versuchsaufbau.jpg\" \/>\n<meta name=\"twitter:card\" content=\"summary_large_image\" \/>\n<script type=\"application\/ld+json\" class=\"yoast-schema-graph\">{\"@context\":\"https:\/\/schema.org\",\"@graph\":[{\"@type\":\"WebSite\",\"@id\":\"https:\/\/www.studyhelp.de\/online-lernen\/#website\",\"url\":\"https:\/\/www.studyhelp.de\/online-lernen\/\",\"name\":\"StudyHelp Online-Lernen\",\"description\":\"\",\"potentialAction\":[{\"@type\":\"SearchAction\",\"target\":\"https:\/\/www.studyhelp.de\/online-lernen\/?s={search_term_string}\",\"query-input\":\"required name=search_term_string\"}],\"inLanguage\":\"de-DE\"},{\"@type\":\"ImageObject\",\"@id\":\"https:\/\/www.studyhelp.de\/online-lernen\/chemie\/elektrolyse\/#primaryimage\",\"inLanguage\":\"de-DE\",\"url\":\"https:\/\/www.studyhelp.de\/online-lernen\/wp-content\/uploads\/2018\/10\/Elektrolyse-Versuchsaufbau.jpg\",\"width\":903,\"height\":655,\"caption\":\"Elektrolyse Versuchsaufbau\"},{\"@type\":\"WebPage\",\"@id\":\"https:\/\/www.studyhelp.de\/online-lernen\/chemie\/elektrolyse\/#webpage\",\"url\":\"https:\/\/www.studyhelp.de\/online-lernen\/chemie\/elektrolyse\/\",\"name\":\"Die Elektrolyse verst\\u00e4ndlich erkl\\u00e4rt! - StudyHelp Online-Lernen\",\"isPartOf\":{\"@id\":\"https:\/\/www.studyhelp.de\/online-lernen\/#website\"},\"primaryImageOfPage\":{\"@id\":\"https:\/\/www.studyhelp.de\/online-lernen\/chemie\/elektrolyse\/#primaryimage\"},\"datePublished\":\"2018-10-04T12:09:26+00:00\",\"dateModified\":\"2021-02-08T09:28:02+00:00\",\"description\":\"Eine Elektrolyse ist eine chemische Reaktion, bei der durch elektrische Energie eine Redoxreaktion erzwungen wird. Am Wichtigsten zu Wissen ist, dass..\",\"inLanguage\":\"de-DE\",\"potentialAction\":[{\"@type\":\"ReadAction\",\"target\":[\"https:\/\/www.studyhelp.de\/online-lernen\/chemie\/elektrolyse\/\"]}]}]}<\/script>\n<!-- \/ Yoast SEO plugin. -->","_links":{"self":[{"href":"https:\/\/www.studyhelp.de\/online-lernen\/wp-json\/wp\/v2\/pages\/10051"}],"collection":[{"href":"https:\/\/www.studyhelp.de\/online-lernen\/wp-json\/wp\/v2\/pages"}],"about":[{"href":"https:\/\/www.studyhelp.de\/online-lernen\/wp-json\/wp\/v2\/types\/page"}],"author":[{"embeddable":true,"href":"https:\/\/www.studyhelp.de\/online-lernen\/wp-json\/wp\/v2\/users\/3"}],"replies":[{"embeddable":true,"href":"https:\/\/www.studyhelp.de\/online-lernen\/wp-json\/wp\/v2\/comments?post=10051"}],"version-history":[{"count":24,"href":"https:\/\/www.studyhelp.de\/online-lernen\/wp-json\/wp\/v2\/pages\/10051\/revisions"}],"predecessor-version":[{"id":16603,"href":"https:\/\/www.studyhelp.de\/online-lernen\/wp-json\/wp\/v2\/pages\/10051\/revisions\/16603"}],"up":[{"embeddable":true,"href":"https:\/\/www.studyhelp.de\/online-lernen\/wp-json\/wp\/v2\/pages\/9325"}],"wp:attachment":[{"href":"https:\/\/www.studyhelp.de\/online-lernen\/wp-json\/wp\/v2\/media?parent=10051"}],"wp:term":[{"taxonomy":"category","embeddable":true,"href":"https:\/\/www.studyhelp.de\/online-lernen\/wp-json\/wp\/v2\/categories?post=10051"},{"taxonomy":"post_tag","embeddable":true,"href":"https:\/\/www.studyhelp.de\/online-lernen\/wp-json\/wp\/v2\/tags?post=10051"}],"curies":[{"name":"wp","href":"https:\/\/api.w.org\/{rel}","templated":true}]}}