{"id":10196,"date":"2018-10-08T14:49:55","date_gmt":"2018-10-08T12:49:55","guid":{"rendered":"https:\/\/www.studyhelp.de\/online-lernen\/?page_id=10196"},"modified":"2018-11-16T12:43:50","modified_gmt":"2018-11-16T11:43:50","slug":"neukombination-von-genen","status":"publish","type":"page","link":"https:\/\/www.studyhelp.de\/online-lernen\/biologie\/neukombination-von-genen\/","title":{"rendered":"Meiose"},"content":{"rendered":"<h2 id=\"die-meiose-keimzellbildung\" class=\"anchor\">Die Meiose<\/h2>\n<p>Die Meiose l\u00e4sst sich in zwei Phasen einteilen, die Meiose I und die Meiose II.<\/p>\n<p>Beide Phasen lassen sich wiederum in verschiedene Unterphasen teilen. Die Teilung der Chromosomen verl\u00e4uft bei der Keimzellbildung von M\u00e4nnern und Frauen gleich ab, es gibt jedoch Unterschiede in der Aufteilung von Zellorganellen und Cytoplasma. W\u00e4hrend bei der Spermatogenese (Bildung von Spermien) vier identische und gleich gro\u00dfe Keimzellen entstehen, teilen sich die Keimzellen bei der Oogenese (Bildung von Eizellen) unregelm\u00e4\u00dfig, sodass am Ende eine gro\u00dfe Eizelle mit allen Zellorganellen und fast dem gesamten Cytoplasma entsteht. Die anderen drei entstandenen, sehr kleinen Zellen nennt man Polk\u00f6rperchen. Sie werden nach kurzer Zeit wieder abgebaut.<\/p>\n<h2 id=\"meisoe-i\" class=\"anchor\">Meiose I<\/h2>\n<h3 id=\"prophase-I\" class=\"anchor\">Prophase I<\/h3>\n<p>Die Chromosomen kondensieren. Dabei lagern sich die homologen Chromosomen aneinander und das CrossingOver findet statt. Hierbei tauschen die homologen Chromosomen Genabschnitte aus.<br \/>\n<img decoding=\"async\" loading=\"lazy\" class=\"aligncenter wp-image-11007\" src=\"https:\/\/www.studyhelp.de\/online-lernen\/wp-content\/uploads\/2018\/10\/Prophase-I.jpg\" alt=\"Prophase I\" width=\"337\" height=\"265\" srcset=\"https:\/\/www.studyhelp.de\/online-lernen\/wp-content\/uploads\/2018\/10\/Prophase-I.jpg 392w, https:\/\/www.studyhelp.de\/online-lernen\/wp-content\/uploads\/2018\/10\/Prophase-I-300x236.jpg 300w\" sizes=\"(max-width: 337px) 100vw, 337px\" \/><br \/>\n<\/p>\n<h3 id=\"metaphase-I\" class=\"anchor\">Metaphase I<\/h3>\n<p>Die homologen Chromosomen ordnen sich auf der \u00c4quatorialebene an und der Spindelapparat bildet sind.<\/p>\n<p><img decoding=\"async\" loading=\"lazy\" class=\"aligncenter wp-image-11005\" src=\"https:\/\/www.studyhelp.de\/online-lernen\/wp-content\/uploads\/2018\/10\/Metaphase-I.jpg\" alt=\"Metaphase I\" width=\"325\" height=\"255\" srcset=\"https:\/\/www.studyhelp.de\/online-lernen\/wp-content\/uploads\/2018\/10\/Metaphase-I.jpg 384w, https:\/\/www.studyhelp.de\/online-lernen\/wp-content\/uploads\/2018\/10\/Metaphase-I-300x235.jpg 300w\" sizes=\"(max-width: 325px) 100vw, 325px\" \/><\/p>\n<h3 id=\"anaphase-I\" class=\"anchor\">Anaphase I<\/h3>\n<p>Die Spindelfasern trennen die homologen Chromosomen voneinander &#8211; auf jede Seite der Zelle wandert also ein Chromosomensatz.<br \/>\n<img decoding=\"async\" loading=\"lazy\" class=\"aligncenter wp-image-11003\" src=\"https:\/\/www.studyhelp.de\/online-lernen\/wp-content\/uploads\/2018\/10\/Anaphase-I.jpg\" alt=\"Anaphase I\" width=\"326\" height=\"261\" srcset=\"https:\/\/www.studyhelp.de\/online-lernen\/wp-content\/uploads\/2018\/10\/Anaphase-I.jpg 390w, https:\/\/www.studyhelp.de\/online-lernen\/wp-content\/uploads\/2018\/10\/Anaphase-I-300x240.jpg 300w\" sizes=\"(max-width: 326px) 100vw, 326px\" \/><\/p>\n<h3 id=\"telophase-I\" class=\"anchor\">Telophase-I<\/h3>\n<p>Die Zellen teilen sich und es entstehen zwei Zellen mit je einem haploiden (und unterschiedlichem!) Chromosomensatz.<br \/>\n<img decoding=\"async\" loading=\"lazy\" class=\"aligncenter wp-image-11009\" src=\"https:\/\/www.studyhelp.de\/online-lernen\/wp-content\/uploads\/2018\/10\/Telophase-I.jpg\" alt=\"Telophase I\" width=\"452\" height=\"261\" srcset=\"https:\/\/www.studyhelp.de\/online-lernen\/wp-content\/uploads\/2018\/10\/Telophase-I.jpg 494w, https:\/\/www.studyhelp.de\/online-lernen\/wp-content\/uploads\/2018\/10\/Telophase-I-300x173.jpg 300w\" sizes=\"(max-width: 452px) 100vw, 452px\" \/><br \/>\n<\/p>\n<h2 id=\"meiose-II\" class=\"anchor\">Meiose II<\/h2>\n<h3 id=\"prophase-II\" class=\"anchor\">Prophase II<\/h3>\n<p>Eine zweite Zellteilung wird eingeleitet, indem die Centromer den Spindelapparat aufbauen.<br \/>\n<img decoding=\"async\" loading=\"lazy\" class=\"aligncenter wp-image-11008\" src=\"https:\/\/www.studyhelp.de\/online-lernen\/wp-content\/uploads\/2018\/10\/Prophase-II.jpg\" alt=\"Prophase II\" width=\"470\" height=\"205\" srcset=\"https:\/\/www.studyhelp.de\/online-lernen\/wp-content\/uploads\/2018\/10\/Prophase-II.jpg 509w, https:\/\/www.studyhelp.de\/online-lernen\/wp-content\/uploads\/2018\/10\/Prophase-II-300x131.jpg 300w\" sizes=\"(max-width: 470px) 100vw, 470px\" \/><\/p>\n<h3 id=\"metaphase-II\" class=\"anchor\">Metaphase II<\/h3>\n<p>Die Chromosomen ordnen sich auf der \u00c4quatorialebene an und der Spindelapparat bildet sich erneut. Die Spindelfasern heften sich nun an die Centromer der Chromatiden.<br \/>\n<img decoding=\"async\" loading=\"lazy\" class=\"aligncenter wp-image-11006\" src=\"https:\/\/www.studyhelp.de\/online-lernen\/wp-content\/uploads\/2018\/10\/Metaphase-II.jpg\" alt=\"Metaphase II\" width=\"526\" height=\"224\" srcset=\"https:\/\/www.studyhelp.de\/online-lernen\/wp-content\/uploads\/2018\/10\/Metaphase-II.jpg 542w, https:\/\/www.studyhelp.de\/online-lernen\/wp-content\/uploads\/2018\/10\/Metaphase-II-300x128.jpg 300w\" sizes=\"(max-width: 526px) 100vw, 526px\" \/><\/p>\n<h3 id=\"anaphase-II\" class=\"anchor\">Anaphase II<\/h3>\n<p>Die Spindelfasern verk\u00fcrzen sich, trennen die Chromatiden voneinander und ziehen jeweils einen der Chromatiden zu den Polen.<br \/>\n<img decoding=\"async\" loading=\"lazy\" class=\"aligncenter size-full wp-image-11004\" src=\"https:\/\/www.studyhelp.de\/online-lernen\/wp-content\/uploads\/2018\/10\/Anaphase-II.jpg\" alt=\"Anaphase II\" width=\"571\" height=\"224\" srcset=\"https:\/\/www.studyhelp.de\/online-lernen\/wp-content\/uploads\/2018\/10\/Anaphase-II.jpg 571w, https:\/\/www.studyhelp.de\/online-lernen\/wp-content\/uploads\/2018\/10\/Anaphase-II-300x118.jpg 300w\" sizes=\"(max-width: 571px) 100vw, 571px\" \/><\/p>\n<h3 id=\"telophase-II\" class=\"anchor\">Telophase-II<\/h3>\n<p>Bei der Spermatogenese (der Keimzellbildung bei m\u00e4nnlichen Lebewesen) teilt sich das Cytoplasma gleichm\u00e4\u00dfig und es entstehen vier Spermien.<br \/>\nBei der Oogenese hingegen (der Keimzellbildung bei weiblichen Lebewesen) wird fast das gesamte Cytoplasma einer der vier Zellen zugeteilt. Hier entstehen dann eine Eizelle und drei kleine Polk\u00f6rperchen, die keine Funktion als Keimzelle haben. Am Ende der Telophase bilden sich neue Zellw\u00e4nde aus.<br \/>\n<img decoding=\"async\" loading=\"lazy\" class=\"aligncenter wp-image-11010\" src=\"https:\/\/www.studyhelp.de\/online-lernen\/wp-content\/uploads\/2018\/10\/Telophase-II.jpg\" alt=\"Telophase II\" width=\"456\" height=\"323\" srcset=\"https:\/\/www.studyhelp.de\/online-lernen\/wp-content\/uploads\/2018\/10\/Telophase-II.jpg 494w, https:\/\/www.studyhelp.de\/online-lernen\/wp-content\/uploads\/2018\/10\/Telophase-II-300x213.jpg 300w\" sizes=\"(max-width: 456px) 100vw, 456px\" \/><\/p>\n<p><strong>Erg\u00e4nzend zu dem Thema Meiose findest du hier ein Lernvideo, das dir alles nochmal erkl\u00e4rt!<\/strong><\/p>\n<div class=\"lyte-wrapper\" style=\"width:420px;max-width:100%;margin:5px;\"><div class=\"lyMe\" id=\"WYL_-yzVn85_ZC8\"><div id=\"lyte_-yzVn85_ZC8\" data-src=\"https:\/\/www.studyhelp.de\/online-lernen\/wp-content\/plugins\/wp-youtube-lyte\/lyteCache.php?origThumbUrl=%2F%2Fi.ytimg.com%2Fvi%2F-yzVn85_ZC8%2Fhqdefault.jpg\" class=\"pL\"><div class=\"tC\"><div class=\"tT\"><\/div><\/div><div class=\"play\"><\/div><div class=\"ctrl\"><div class=\"Lctrl\"><\/div><div class=\"Rctrl\"><\/div><\/div><\/div><noscript><a href=\"https:\/\/youtu.be\/-yzVn85_ZC8\" rel=\"nofollow\"><img src=\"https:\/\/www.studyhelp.de\/online-lernen\/wp-content\/plugins\/wp-youtube-lyte\/lyteCache.php?origThumbUrl=https%3A%2F%2Fi.ytimg.com%2Fvi%2F-yzVn85_ZC8%2F0.jpg\" alt=\"YouTube-Video-Thumbnail\" width=\"420\" height=\"216\" \/><br \/>Dieses Video auf YouTube ansehen<\/a><\/noscript><\/div><\/div><div class=\"lL\" style=\"max-width:100%;width:420px;margin:5px;\"><\/div><br \/>\n<\/p>\n<h2 id=\"meiose-grundlagen\" class=\"anchor\">Grundlagen zur Meiose<\/h2>\n<p>Alle Menschen unterscheiden sich voneinander. Und das, obwohl es nur 46 Chromosomen gibt, die unterschiedliche Informationen tragen k\u00f6nnen! Das kommt daher, dass sich alle Keimzellen eines Menschen (also Eizellen und Spermien) voneinander unterscheiden und zus\u00e4tzlich bei der Befruchtung, also der Verschmelzung von Eizelle und Spermium, die Informationen von Vater und Mutter gemischt werden.<\/p>\n<p>Keimzellen von Menschen enthalten nur einen Chromosomensatz (haploid, n). Das bedeutet, dass die Chromosomen nicht als homologe Paare vorliegen, sondern nur einfach. W\u00e4ren Keimzellen diploid, wie alle anderen K\u00f6rperzellen, w\u00fcrde der Chromosomensatz eines Menschen nach der Befruchtung nicht zweifach, sondern vierfach vorliegen. Bei jeder weiteren Befruchtung w\u00fcrde sich der Chromosomensatz erneut verdoppeln. Der Chromosomensatz von Keimzellen muss sich also bei der Meiose halbieren. Daher unterscheidet sich die Keimzellbildung in einigen Punkten von der normalen Zellteilung.<\/p>\n<p>Bei der Meiose kommt es au\u00dferdem darauf an, die vorhandenen Merkmale, also Erbinformationen, neu zu mischen. Dies geschieht an zwei Stellen: W\u00e4hrend des Crossing-Overs tauschen homologe Chromosomen ihre Informationen miteinander, sodass Chromosomen mit neuen Merkmalskombinationen entstehen. W\u00e4hrend der Keimzellbildung werden die homologen Chromosomen au\u00dferdem vollkommen zuf\u00e4llig auf verschiedene Zellen aufgeteilt. Diese genetischen Vorg\u00e4nge, die zu einer Neukombination von Merkmalen f\u00fchren, bezeichnet man als Rekombination. Zus\u00e4tzliche Variation entsteht dadurch, dass m\u00fctterliche und v\u00e4terliche Keimzellen bei der Befruchtung miteinander verschmelzen und so neue Merkmalskombinationen entstehen k\u00f6nnen. Diese gibt es nur bei der sexuellen Fortpflanzung. Dem gegen\u00fcber steht die ungeschlechtliche Fortpflanzung, die Parthenogenese. Hier findet die Vermehrung einfach \u00fcber die mitotische Zellteilung statt.<\/p>\n<div class=\"box info\">\n<p>Bei Prokaryoten gibt es keine sexuelle Fortpflanzung und damit keine Rekombination bei der Meiose. Hier entsteht die Rekombination durch den sogenannten horizontalen Gentransfer.<br \/>\nDabei werden drei verschiedene Arten des Genaustauschs zwischen Bakterien unterschieden:<\/p>\n<ul>\n<li>Transformation: Freie DNA wird aus der Umgebung von dem Bakterium aufgenommen und in die eigene Erbsubstanz eingebaut.<\/li>\n<li>Transduktion: Ein in ein Bakteriophagen verpacktes Gen wird in ein Bakterium injiziert.<\/li>\n<li>Konjugation: Mithilfe von Cytoplasmabr\u00fccken nehmen zwei Bakterienzellen direkten Kontakt zueinander auf, sodass DNA-Plasmide ausgetauscht werden k\u00f6nnen.<\/li>\n<\/ul>\n<\/div>\n","protected":false},"excerpt":{"rendered":"<p>Die Meiose Die Meiose l\u00e4sst sich in zwei Phasen einteilen, die Meiose I und die Meiose II. Beide Phasen lassen sich wiederum in verschiedene Unterphasen teilen. Die Teilung der Chromosomen verl\u00e4uft bei der Keimzellbildung von M\u00e4nnern und Frauen gleich ab, es gibt jedoch Unterschiede in der Aufteilung von Zellorganellen und Cytoplasma. W\u00e4hrend bei der Spermatogenese [&hellip;]<\/p>\n","protected":false},"author":3,"featured_media":0,"parent":10174,"menu_order":0,"comment_status":"closed","ping_status":"closed","template":"","meta":[],"categories":[59],"tags":[],"yoast_head":"<!-- This site is optimized with the Yoast SEO plugin v14.7 - https:\/\/yoast.com\/wordpress\/plugins\/seo\/ -->\n<title>Meiose vollst\u00e4ndig erkl\u00e4rt! - StudyHelp Biologie Online-Lernen<\/title>\n<meta name=\"robots\" content=\"index, follow\" \/>\n<meta name=\"googlebot\" content=\"index, follow, max-snippet:-1, max-image-preview:large, max-video-preview:-1\" \/>\n<meta name=\"bingbot\" content=\"index, follow, max-snippet:-1, max-image-preview:large, max-video-preview:-1\" \/>\n<link rel=\"canonical\" href=\"https:\/\/www.studyhelp.de\/online-lernen\/biologie\/neukombination-von-genen\/\" \/>\n<meta property=\"og:locale\" content=\"de_DE\" \/>\n<meta property=\"og:type\" content=\"article\" \/>\n<meta property=\"og:title\" content=\"Meiose vollst\u00e4ndig erkl\u00e4rt! - StudyHelp Biologie Online-Lernen\" \/>\n<meta property=\"og:description\" content=\"Die Meiose Die Meiose l\u00e4sst sich in zwei Phasen einteilen, die Meiose I und die Meiose II. Beide Phasen lassen sich wiederum in verschiedene Unterphasen teilen. Die Teilung der Chromosomen verl\u00e4uft bei der Keimzellbildung von M\u00e4nnern und Frauen gleich ab, es gibt jedoch Unterschiede in der Aufteilung von Zellorganellen und Cytoplasma. W\u00e4hrend bei der Spermatogenese [&hellip;]\" \/>\n<meta property=\"og:url\" content=\"https:\/\/www.studyhelp.de\/online-lernen\/biologie\/neukombination-von-genen\/\" \/>\n<meta property=\"og:site_name\" content=\"StudyHelp Online-Lernen\" \/>\n<meta property=\"article:modified_time\" content=\"2018-11-16T11:43:50+00:00\" \/>\n<meta property=\"og:image\" content=\"https:\/\/www.studyhelp.de\/online-lernen\/wp-content\/uploads\/2018\/10\/Prophase-I.jpg\" \/>\n<meta name=\"twitter:card\" content=\"summary_large_image\" \/>\n<script type=\"application\/ld+json\" class=\"yoast-schema-graph\">{\"@context\":\"https:\/\/schema.org\",\"@graph\":[{\"@type\":\"WebSite\",\"@id\":\"https:\/\/www.studyhelp.de\/online-lernen\/#website\",\"url\":\"https:\/\/www.studyhelp.de\/online-lernen\/\",\"name\":\"StudyHelp Online-Lernen\",\"description\":\"\",\"potentialAction\":[{\"@type\":\"SearchAction\",\"target\":\"https:\/\/www.studyhelp.de\/online-lernen\/?s={search_term_string}\",\"query-input\":\"required name=search_term_string\"}],\"inLanguage\":\"de-DE\"},{\"@type\":\"ImageObject\",\"@id\":\"https:\/\/www.studyhelp.de\/online-lernen\/biologie\/neukombination-von-genen\/#primaryimage\",\"inLanguage\":\"de-DE\",\"url\":\"https:\/\/www.studyhelp.de\/online-lernen\/wp-content\/uploads\/2018\/10\/Prophase-I.jpg\",\"width\":392,\"height\":308,\"caption\":\"Prophase I\"},{\"@type\":\"WebPage\",\"@id\":\"https:\/\/www.studyhelp.de\/online-lernen\/biologie\/neukombination-von-genen\/#webpage\",\"url\":\"https:\/\/www.studyhelp.de\/online-lernen\/biologie\/neukombination-von-genen\/\",\"name\":\"Meiose vollst\\u00e4ndig erkl\\u00e4rt! - StudyHelp Biologie Online-Lernen\",\"isPartOf\":{\"@id\":\"https:\/\/www.studyhelp.de\/online-lernen\/#website\"},\"primaryImageOfPage\":{\"@id\":\"https:\/\/www.studyhelp.de\/online-lernen\/biologie\/neukombination-von-genen\/#primaryimage\"},\"datePublished\":\"2018-10-08T12:49:55+00:00\",\"dateModified\":\"2018-11-16T11:43:50+00:00\",\"inLanguage\":\"de-DE\",\"potentialAction\":[{\"@type\":\"ReadAction\",\"target\":[\"https:\/\/www.studyhelp.de\/online-lernen\/biologie\/neukombination-von-genen\/\"]}]}]}<\/script>\n<!-- \/ Yoast SEO plugin. -->","_links":{"self":[{"href":"https:\/\/www.studyhelp.de\/online-lernen\/wp-json\/wp\/v2\/pages\/10196"}],"collection":[{"href":"https:\/\/www.studyhelp.de\/online-lernen\/wp-json\/wp\/v2\/pages"}],"about":[{"href":"https:\/\/www.studyhelp.de\/online-lernen\/wp-json\/wp\/v2\/types\/page"}],"author":[{"embeddable":true,"href":"https:\/\/www.studyhelp.de\/online-lernen\/wp-json\/wp\/v2\/users\/3"}],"replies":[{"embeddable":true,"href":"https:\/\/www.studyhelp.de\/online-lernen\/wp-json\/wp\/v2\/comments?post=10196"}],"version-history":[{"count":11,"href":"https:\/\/www.studyhelp.de\/online-lernen\/wp-json\/wp\/v2\/pages\/10196\/revisions"}],"predecessor-version":[{"id":11477,"href":"https:\/\/www.studyhelp.de\/online-lernen\/wp-json\/wp\/v2\/pages\/10196\/revisions\/11477"}],"up":[{"embeddable":true,"href":"https:\/\/www.studyhelp.de\/online-lernen\/wp-json\/wp\/v2\/pages\/10174"}],"wp:attachment":[{"href":"https:\/\/www.studyhelp.de\/online-lernen\/wp-json\/wp\/v2\/media?parent=10196"}],"wp:term":[{"taxonomy":"category","embeddable":true,"href":"https:\/\/www.studyhelp.de\/online-lernen\/wp-json\/wp\/v2\/categories?post=10196"},{"taxonomy":"post_tag","embeddable":true,"href":"https:\/\/www.studyhelp.de\/online-lernen\/wp-json\/wp\/v2\/tags?post=10196"}],"curies":[{"name":"wp","href":"https:\/\/api.w.org\/{rel}","templated":true}]}}