{"id":10208,"date":"2018-10-08T14:53:15","date_gmt":"2018-10-08T12:53:15","guid":{"rendered":"https:\/\/www.studyhelp.de\/online-lernen\/?page_id=10208"},"modified":"2018-11-19T11:36:10","modified_gmt":"2018-11-19T10:36:10","slug":"antikoerper","status":"publish","type":"page","link":"https:\/\/www.studyhelp.de\/online-lernen\/biologie\/antikoerper\/","title":{"rendered":"Antik\u00f6rper"},"content":{"rendered":"<p>Antik\u00f6rper (Immunglobuline) sind Proteine, die als Reaktion auf bestimmte Stoffe in Plasmazellen gebildet werden. Sie geh\u00f6ren damit zum Teil des Immunsystems und stellen die Gesundheit des K\u00f6rpers wieder her.<\/p>\n<p>Die von den B-Zellen produzierten Antik\u00f6rper sind stets Antigenspezifisch und daher f\u00fcr jeden Krankheitserreger ein bisschen anders.<\/p>\n<p><img decoding=\"async\" loading=\"lazy\" class=\"aligncenter  wp-image-11162\" src=\"https:\/\/www.studyhelp.de\/online-lernen\/wp-content\/uploads\/2018\/10\/Antik\u00f6rper.jpg\" alt=\"Antik\u00f6rper\" width=\"672\" height=\"467\" srcset=\"https:\/\/www.studyhelp.de\/online-lernen\/wp-content\/uploads\/2018\/10\/Antik\u00f6rper.jpg 1154w, https:\/\/www.studyhelp.de\/online-lernen\/wp-content\/uploads\/2018\/10\/Antik\u00f6rper-300x208.jpg 300w, https:\/\/www.studyhelp.de\/online-lernen\/wp-content\/uploads\/2018\/10\/Antik\u00f6rper-768x534.jpg 768w, https:\/\/www.studyhelp.de\/online-lernen\/wp-content\/uploads\/2018\/10\/Antik\u00f6rper-1024x712.jpg 1024w\" sizes=\"(max-width: 672px) 100vw, 672px\" \/><\/p>\n<p>Sie sind Y-f\u00f6rmig und bestehen aus vier Polypeptidketten. Zwei davon werden als leichte Ketten bezeichnet, zwei als schwere.<\/p>\n<p>Beide Kettenarten besitzen jeweils eine variable und eine konstante Region. Die Variable Region ist die Bindungsstelle f\u00fcr das spezifische Antigen, an das der Antik\u00f6rper durch das Schl\u00fcssel-Schloss-Prinzip binden kann. Die Variable Region ist also je nach passendem Antik\u00f6rper immer ein bisschen anders aufgebaut. Die Konstante Region ist hingegen bei jedem Antik\u00f6rper einer Klasse identisch. Die Konstante Region bindet selbst nicht an ein Antigen, kann daf\u00fcr aber an eine Zelloberfl\u00e4che binden und ist bei der Aktivierung der Immunantwort beteiligt.<\/p>\n<p>Statt f\u00fcr jeden m\u00f6glichen Antik\u00f6rper ein eigenes Gen bereitzustellen, werden in einem B-Lymphozyten aus einer kleinen Anzahl von Genbausteinen nach dem Zufallsprinzip neue, einzigartige Genprodukte f\u00fcr die Antik\u00f6rper zusammengestellt.<br \/>\n<br \/>\n<img decoding=\"async\" loading=\"lazy\" class=\"aligncenter  wp-image-11163\" src=\"https:\/\/www.studyhelp.de\/online-lernen\/wp-content\/uploads\/2018\/10\/Polypeptide-der-leichten-Kette.jpg\" alt=\"Polypeptide der leichten Kette\" width=\"675\" height=\"247\" srcset=\"https:\/\/www.studyhelp.de\/online-lernen\/wp-content\/uploads\/2018\/10\/Polypeptide-der-leichten-Kette.jpg 1145w, https:\/\/www.studyhelp.de\/online-lernen\/wp-content\/uploads\/2018\/10\/Polypeptide-der-leichten-Kette-300x110.jpg 300w, https:\/\/www.studyhelp.de\/online-lernen\/wp-content\/uploads\/2018\/10\/Polypeptide-der-leichten-Kette-768x281.jpg 768w, https:\/\/www.studyhelp.de\/online-lernen\/wp-content\/uploads\/2018\/10\/Polypeptide-der-leichten-Kette-1024x375.jpg 1024w\" sizes=\"(max-width: 675px) 100vw, 675px\" \/><\/p>\n<p>Bindet ein spezifischer Antik\u00f6rper an ein passendes Antigen, so bildet sich ein Antigen-Antik\u00f6rper-Komplex. Dies folgen verschiedene Reaktionen:<\/p>\n<div class=\"box info\">\n<p><strong>Neutralisation:<\/strong> Der Antik\u00f6rper blockiert die viralen Bildungsstellen oder andere wichtige Bindungsstellen des Antigens. Anschlie\u00dfend beseitigen Phagozyten den gesamten Komplex.<br \/>\n<strong>Aggulination:<\/strong> Bakterien oder Viren werden durch den Antik\u00f6rper miteinander vernetzt und verklumpen. Phagozyten finden und zerst\u00f6ren diese dann schneller.<br \/>\n<strong>Pr\u00e4zipitation:<\/strong> Wenn gel\u00f6ste Antigenmolek\u00fcle miteinander vernetzen, werden die Antigene ausfallen und dann von Phagozyten aufgenommen.<br \/>\n<strong>Komplementaktivierung:<\/strong> Antigen-Antik\u00f6rper-Komplexe bewirken \u00fcber eine Kaskade von Aktivierungsschritten die Aktivierung von Komplementproteinen, welche schlie\u00dflich die Viren oder pathogene Zellen zerst\u00f6ren.<br \/>\n<\/div>\n<p>Auch bei Impfungen spielen Antik\u00f6rper eine sehr wichtige Rolle. Man f\u00fchrt zum einen die passive Immunisierung durch, bei der Antik\u00f6rper gegen den spezifischen Erreger injiziert werden. Dies geschieht, wenn bereits eine Infektion vorliegt. Zum anderen f\u00fchrt man vorsorglich, noch bevor der K\u00f6rper Kontakt mit einer Krankheit hatte, eine aktive Immunisierung durch. Dabei werden ungef\u00e4hrliche Antigene des betreffenden Erregers injiziert, damit das Immunsystem selbstst\u00e4ndig Ged\u00e4chtniszellen ausbildet und gegen den Erreger immun wird.<\/p>\n\n","protected":false},"excerpt":{"rendered":"<p>Antik\u00f6rper (Immunglobuline) sind Proteine, die als Reaktion auf bestimmte Stoffe in Plasmazellen gebildet werden. Sie geh\u00f6ren damit zum Teil des Immunsystems und stellen die Gesundheit des K\u00f6rpers wieder her. Die von den B-Zellen produzierten Antik\u00f6rper sind stets Antigenspezifisch und daher f\u00fcr jeden Krankheitserreger ein bisschen anders. Sie sind Y-f\u00f6rmig und bestehen aus vier Polypeptidketten. Zwei [&hellip;]<\/p>\n","protected":false},"author":3,"featured_media":0,"parent":10174,"menu_order":0,"comment_status":"closed","ping_status":"closed","template":"","meta":[],"categories":[59],"tags":[],"yoast_head":"<!-- This site is optimized with the Yoast SEO plugin v14.7 - https:\/\/yoast.com\/wordpress\/plugins\/seo\/ -->\n<title>Antik\u00f6rper [verst\u00e4ndlich erkl\u00e4rt] - StudyHelp Online-Lernen<\/title>\n<meta name=\"description\" content=\"Antik\u00f6rper (Immunglobuline) sind Proteine, die als Reaktion auf bestimmte Stoffe gebildet werden. Sie geh\u00f6ren damit zum Teil des Immunsystems. Mehr dazu..\" \/>\n<meta name=\"robots\" content=\"index, follow\" \/>\n<meta name=\"googlebot\" content=\"index, follow, max-snippet:-1, max-image-preview:large, max-video-preview:-1\" \/>\n<meta name=\"bingbot\" content=\"index, follow, max-snippet:-1, max-image-preview:large, max-video-preview:-1\" \/>\n<link rel=\"canonical\" href=\"https:\/\/www.studyhelp.de\/online-lernen\/biologie\/antikoerper\/\" \/>\n<meta property=\"og:locale\" content=\"de_DE\" \/>\n<meta property=\"og:type\" content=\"article\" \/>\n<meta property=\"og:title\" content=\"Antik\u00f6rper [verst\u00e4ndlich erkl\u00e4rt] - StudyHelp Online-Lernen\" \/>\n<meta property=\"og:description\" content=\"Antik\u00f6rper (Immunglobuline) sind Proteine, die als Reaktion auf bestimmte Stoffe gebildet werden. Sie geh\u00f6ren damit zum Teil des Immunsystems. Mehr dazu..\" \/>\n<meta property=\"og:url\" content=\"https:\/\/www.studyhelp.de\/online-lernen\/biologie\/antikoerper\/\" \/>\n<meta property=\"og:site_name\" content=\"StudyHelp Online-Lernen\" \/>\n<meta property=\"article:modified_time\" content=\"2018-11-19T10:36:10+00:00\" \/>\n<meta property=\"og:image\" content=\"https:\/\/www.studyhelp.de\/online-lernen\/wp-content\/uploads\/2018\/10\/Antik\u00f6rper.jpg\" \/>\n<meta name=\"twitter:card\" content=\"summary_large_image\" \/>\n<script type=\"application\/ld+json\" class=\"yoast-schema-graph\">{\"@context\":\"https:\/\/schema.org\",\"@graph\":[{\"@type\":\"WebSite\",\"@id\":\"https:\/\/www.studyhelp.de\/online-lernen\/#website\",\"url\":\"https:\/\/www.studyhelp.de\/online-lernen\/\",\"name\":\"StudyHelp Online-Lernen\",\"description\":\"\",\"potentialAction\":[{\"@type\":\"SearchAction\",\"target\":\"https:\/\/www.studyhelp.de\/online-lernen\/?s={search_term_string}\",\"query-input\":\"required name=search_term_string\"}],\"inLanguage\":\"de-DE\"},{\"@type\":\"ImageObject\",\"@id\":\"https:\/\/www.studyhelp.de\/online-lernen\/biologie\/antikoerper\/#primaryimage\",\"inLanguage\":\"de-DE\",\"url\":\"https:\/\/www.studyhelp.de\/online-lernen\/wp-content\/uploads\/2018\/10\/Antik\\u00f6rper.jpg\",\"width\":1154,\"height\":802,\"caption\":\"Antik\\u00f6rper\"},{\"@type\":\"WebPage\",\"@id\":\"https:\/\/www.studyhelp.de\/online-lernen\/biologie\/antikoerper\/#webpage\",\"url\":\"https:\/\/www.studyhelp.de\/online-lernen\/biologie\/antikoerper\/\",\"name\":\"Antik\\u00f6rper [verst\\u00e4ndlich erkl\\u00e4rt] - StudyHelp Online-Lernen\",\"isPartOf\":{\"@id\":\"https:\/\/www.studyhelp.de\/online-lernen\/#website\"},\"primaryImageOfPage\":{\"@id\":\"https:\/\/www.studyhelp.de\/online-lernen\/biologie\/antikoerper\/#primaryimage\"},\"datePublished\":\"2018-10-08T12:53:15+00:00\",\"dateModified\":\"2018-11-19T10:36:10+00:00\",\"description\":\"Antik\\u00f6rper (Immunglobuline) sind Proteine, die als Reaktion auf bestimmte Stoffe gebildet werden. Sie geh\\u00f6ren damit zum Teil des Immunsystems. Mehr dazu..\",\"inLanguage\":\"de-DE\",\"potentialAction\":[{\"@type\":\"ReadAction\",\"target\":[\"https:\/\/www.studyhelp.de\/online-lernen\/biologie\/antikoerper\/\"]}]}]}<\/script>\n<!-- \/ Yoast SEO plugin. -->","_links":{"self":[{"href":"https:\/\/www.studyhelp.de\/online-lernen\/wp-json\/wp\/v2\/pages\/10208"}],"collection":[{"href":"https:\/\/www.studyhelp.de\/online-lernen\/wp-json\/wp\/v2\/pages"}],"about":[{"href":"https:\/\/www.studyhelp.de\/online-lernen\/wp-json\/wp\/v2\/types\/page"}],"author":[{"embeddable":true,"href":"https:\/\/www.studyhelp.de\/online-lernen\/wp-json\/wp\/v2\/users\/3"}],"replies":[{"embeddable":true,"href":"https:\/\/www.studyhelp.de\/online-lernen\/wp-json\/wp\/v2\/comments?post=10208"}],"version-history":[{"count":5,"href":"https:\/\/www.studyhelp.de\/online-lernen\/wp-json\/wp\/v2\/pages\/10208\/revisions"}],"predecessor-version":[{"id":11488,"href":"https:\/\/www.studyhelp.de\/online-lernen\/wp-json\/wp\/v2\/pages\/10208\/revisions\/11488"}],"up":[{"embeddable":true,"href":"https:\/\/www.studyhelp.de\/online-lernen\/wp-json\/wp\/v2\/pages\/10174"}],"wp:attachment":[{"href":"https:\/\/www.studyhelp.de\/online-lernen\/wp-json\/wp\/v2\/media?parent=10208"}],"wp:term":[{"taxonomy":"category","embeddable":true,"href":"https:\/\/www.studyhelp.de\/online-lernen\/wp-json\/wp\/v2\/categories?post=10208"},{"taxonomy":"post_tag","embeddable":true,"href":"https:\/\/www.studyhelp.de\/online-lernen\/wp-json\/wp\/v2\/tags?post=10208"}],"curies":[{"name":"wp","href":"https:\/\/api.w.org\/{rel}","templated":true}]}}