{"id":10284,"date":"2018-10-08T15:22:23","date_gmt":"2018-10-08T13:22:23","guid":{"rendered":"https:\/\/www.studyhelp.de\/online-lernen\/?page_id=10284"},"modified":"2018-11-19T14:07:00","modified_gmt":"2018-11-19T13:07:00","slug":"nahrungsnetze-und-trophiestufen","status":"publish","type":"page","link":"https:\/\/www.studyhelp.de\/online-lernen\/biologie\/nahrungsnetze-und-trophiestufen\/","title":{"rendered":"Nahrungsnetze und Trophiestufen"},"content":{"rendered":"<p>Die Verkn\u00fcpfungen von Nahrungsbeziehungen innerhalb einer Lebensgemeinschaft sind nicht nur einfache Nahrungsketten, sondern komplexe Nahrungsnetze. Fast keine Art in einem \u00d6kosystem wird nur von einer einzigen Art gefressen oder erbeutet nur eine spezielle Art. Alle Arten oder Ver\u00e4nderungen in diesem Geflecht beeinflussen sich indirekt gegenseitig. Die Pfeile in einem Nahrungsnetz folgen dem Energiefluss, also von der Beute zum R\u00e4uber. <\/p>\n<p><strong>Schau dir f\u00fcr das Verst\u00e4ndnis der Grundlagen zum Thema Narungsnetze und Trophiestufen folgendes Lernvideo an!<\/strong><br \/>\n<div class=\"lyte-wrapper\" style=\"width:420px;max-width:100%;margin:5px;\"><div class=\"lyMe\" id=\"WYL_TfO3bDpKe9s\"><div id=\"lyte_TfO3bDpKe9s\" data-src=\"https:\/\/www.studyhelp.de\/online-lernen\/wp-content\/plugins\/wp-youtube-lyte\/lyteCache.php?origThumbUrl=%2F%2Fi.ytimg.com%2Fvi%2FTfO3bDpKe9s%2Fhqdefault.jpg\" class=\"pL\"><div class=\"tC\"><div class=\"tT\"><\/div><\/div><div class=\"play\"><\/div><div class=\"ctrl\"><div class=\"Lctrl\"><\/div><div class=\"Rctrl\"><\/div><\/div><\/div><noscript><a href=\"https:\/\/youtu.be\/TfO3bDpKe9s\" rel=\"nofollow\"><img src=\"https:\/\/www.studyhelp.de\/online-lernen\/wp-content\/plugins\/wp-youtube-lyte\/lyteCache.php?origThumbUrl=https%3A%2F%2Fi.ytimg.com%2Fvi%2FTfO3bDpKe9s%2F0.jpg\" alt=\"YouTube-Video-Thumbnail\" width=\"420\" height=\"216\" \/><br \/>Dieses Video auf YouTube ansehen<\/a><\/noscript><\/div><\/div><div class=\"lL\" style=\"max-width:100%;width:420px;margin:5px;\"><\/div><br \/>\n<\/p>\n<h2>Trophiestufen<\/h2>\n<p>Alle Komponenten eines Nahrungsnetzes lassen sich den sogenannten Trophiestufen zuordnen. Diese beschreiben Ern\u00e4hrungsebenen mit verschiedenen Eigenschaften. Die unterste Stufe bilden dabei autotrophe (selbstern\u00e4hrende) Pflanzen, die aus anorganischen Stoffen energiereiche organische Stoffe herstellen. Man bezeichnet sie auch als Prim\u00e4rproduzenten.<\/p>\n<p>Die von den Pflanzen hergestellte chemische Energie, die Glucose, wird von den Prim\u00e4rkonsumenten gefressen. Hierbei handelt es sich um Pflanzenfresser, die Herbivore.<\/p>\n<p>Die dann folgenden Sekund\u00e4rkonsumenten sind Fleischfresser (Carnivore), die sich nur von tierischer Nahrung ern\u00e4hren. Dabei kann es sich sowohl um Prim\u00e4rkonsumenten als auch um kleinere Sekund\u00e4rkonsumenten handeln.<\/p>\n<p>Weitere wichtige Bezeichnungen sind zum Beispiel Ominvore, die sich das ganze Jahr \u00fcber sowohl von pflanzlicher als auch von tierischer Nahrung ern\u00e4hren. Au\u00dferdem gibt es die Gruppe der sogenannten Destruenten, Organismen, die an der Zersetzung und Remineralisierung von Abfallprodukten beteiligt sind. Sie gewinnen Ausgangsstoffe zur\u00fcck, um sie dann erneut den Prim\u00e4rproduzenten zur\u00fcck zuf\u00fchren. Zu diesen Abfallprodukten geh\u00f6ren zum Beispiel Kot, Aas oder Falllaub.<\/p>\n<p><img decoding=\"async\" loading=\"lazy\" src=\"https:\/\/www.studyhelp.de\/online-lernen\/wp-content\/uploads\/2018\/11\/Nahrungsnetze.jpg\" alt=\"Nahrungsnetze\" width=\"1301\" height=\"699\" class=\"aligncenter size-full wp-image-11283\" srcset=\"https:\/\/www.studyhelp.de\/online-lernen\/wp-content\/uploads\/2018\/11\/Nahrungsnetze.jpg 1301w, https:\/\/www.studyhelp.de\/online-lernen\/wp-content\/uploads\/2018\/11\/Nahrungsnetze-300x161.jpg 300w, https:\/\/www.studyhelp.de\/online-lernen\/wp-content\/uploads\/2018\/11\/Nahrungsnetze-768x413.jpg 768w, https:\/\/www.studyhelp.de\/online-lernen\/wp-content\/uploads\/2018\/11\/Nahrungsnetze-1024x550.jpg 1024w\" sizes=\"(max-width: 1301px) 100vw, 1301px\" \/><\/p>\n<p>Betrachtet man den Energiefluss \u00fcber die verschiedenen Trophiestufen hinweg, so f\u00e4llt auf, dass mit jeder neuen Stufe die vorhandene Energie stark abnimmt (siehe Abbildung). Das liegt daran, dass die Energie, die jeder Trophiestufe zur Verf\u00fcgung steht, auch f\u00fcr den Aufbau von Biomasse oder f\u00fcr Stoffwechselaktivit\u00e4t verwendet wird und daher nicht die gesamte Energie an die n\u00e4chste Trophiestufe weiter gegeben wird. Tats\u00e4chlich stehen der n\u00e4chsth\u00f6heren Trophiestufe jeweils nur 10% der Energie der vorherigen Stufen zur Verf\u00fcgung. Dieser Energieverlust wird von Stufe zu Stufe gr\u00f6\u00dfer, sodass die Individuenanzahl der Tiere auf den verschiedenen Stufen immer geringer wird und dadurch auch die Biomasse immer mehr abnimmt.<\/p>\n<p>Zwar nehmen die Biomasse, die Individuenanzahl und die zur Verf\u00fcgung stehende Energie mit jeder Trophiestufe stark ab, andere Stoffe, wie zum Beispiel Gifte, k\u00f6nnen sich mit jeder Stufe enorm anreichern. Jedes Tier auf einer hohen Stufe muss sehr viele Beutetiere der unteren Stufen fressen, um seinen Energiebedarf zu decken. Dadurch nimmt der R\u00e4uber alle im K\u00f6rper vorhandenen Gifte von jedem Beutetier auf. Da der Mensch am Ende von sehr vielen Nahrungsketten steht, reichern sich besonders in ihm sehr viele Gifte an, die vorher bei den Tieren auf niedrigeren Trophiestufen keine Wirkungen gezeigt haben.<\/p>\n\n","protected":false},"excerpt":{"rendered":"<p>Die Verkn\u00fcpfungen von Nahrungsbeziehungen innerhalb einer Lebensgemeinschaft sind nicht nur einfache Nahrungsketten, sondern komplexe Nahrungsnetze. Fast keine Art in einem \u00d6kosystem wird nur von einer einzigen Art gefressen oder erbeutet nur eine spezielle Art. Alle Arten oder Ver\u00e4nderungen in diesem Geflecht beeinflussen sich indirekt gegenseitig. Die Pfeile in einem Nahrungsnetz folgen dem Energiefluss, also von [&hellip;]<\/p>\n","protected":false},"author":3,"featured_media":0,"parent":10174,"menu_order":0,"comment_status":"closed","ping_status":"closed","template":"","meta":[],"categories":[59],"tags":[],"yoast_head":"<!-- This site is optimized with the Yoast SEO plugin v14.7 - https:\/\/yoast.com\/wordpress\/plugins\/seo\/ -->\n<title>Nahrungsnetze und Trophiestufen - StudyHelp Online-Lernen<\/title>\n<meta name=\"description\" content=\"Die Komponenten eines Nahrungsnetzes lassen sich den sogenannten Trophiestufen zuordnen. Diese beschreiben Ern\u00e4hrungsebenen mit verschiedenen Eigenschaften.\" \/>\n<meta name=\"robots\" content=\"index, follow\" \/>\n<meta name=\"googlebot\" content=\"index, follow, max-snippet:-1, max-image-preview:large, max-video-preview:-1\" \/>\n<meta name=\"bingbot\" content=\"index, follow, max-snippet:-1, max-image-preview:large, max-video-preview:-1\" \/>\n<link rel=\"canonical\" href=\"https:\/\/www.studyhelp.de\/online-lernen\/biologie\/nahrungsnetze-und-trophiestufen\/\" \/>\n<meta property=\"og:locale\" content=\"de_DE\" \/>\n<meta property=\"og:type\" content=\"article\" \/>\n<meta property=\"og:title\" content=\"Nahrungsnetze und Trophiestufen - StudyHelp Online-Lernen\" \/>\n<meta property=\"og:description\" content=\"Die Komponenten eines Nahrungsnetzes lassen sich den sogenannten Trophiestufen zuordnen. Diese beschreiben Ern\u00e4hrungsebenen mit verschiedenen Eigenschaften.\" \/>\n<meta property=\"og:url\" content=\"https:\/\/www.studyhelp.de\/online-lernen\/biologie\/nahrungsnetze-und-trophiestufen\/\" \/>\n<meta property=\"og:site_name\" content=\"StudyHelp Online-Lernen\" \/>\n<meta property=\"article:modified_time\" content=\"2018-11-19T13:07:00+00:00\" \/>\n<meta property=\"og:image\" content=\"https:\/\/www.studyhelp.de\/online-lernen\/wp-content\/uploads\/2018\/11\/Nahrungsnetze.jpg\" \/>\n<meta name=\"twitter:card\" content=\"summary_large_image\" \/>\n<script type=\"application\/ld+json\" class=\"yoast-schema-graph\">{\"@context\":\"https:\/\/schema.org\",\"@graph\":[{\"@type\":\"WebSite\",\"@id\":\"https:\/\/www.studyhelp.de\/online-lernen\/#website\",\"url\":\"https:\/\/www.studyhelp.de\/online-lernen\/\",\"name\":\"StudyHelp Online-Lernen\",\"description\":\"\",\"potentialAction\":[{\"@type\":\"SearchAction\",\"target\":\"https:\/\/www.studyhelp.de\/online-lernen\/?s={search_term_string}\",\"query-input\":\"required name=search_term_string\"}],\"inLanguage\":\"de-DE\"},{\"@type\":\"ImageObject\",\"@id\":\"https:\/\/www.studyhelp.de\/online-lernen\/biologie\/nahrungsnetze-und-trophiestufen\/#primaryimage\",\"inLanguage\":\"de-DE\",\"url\":\"https:\/\/www.studyhelp.de\/online-lernen\/wp-content\/uploads\/2018\/11\/Nahrungsnetze.jpg\",\"width\":1301,\"height\":699,\"caption\":\"Nahrungsnetze\"},{\"@type\":\"WebPage\",\"@id\":\"https:\/\/www.studyhelp.de\/online-lernen\/biologie\/nahrungsnetze-und-trophiestufen\/#webpage\",\"url\":\"https:\/\/www.studyhelp.de\/online-lernen\/biologie\/nahrungsnetze-und-trophiestufen\/\",\"name\":\"Nahrungsnetze und Trophiestufen - StudyHelp Online-Lernen\",\"isPartOf\":{\"@id\":\"https:\/\/www.studyhelp.de\/online-lernen\/#website\"},\"primaryImageOfPage\":{\"@id\":\"https:\/\/www.studyhelp.de\/online-lernen\/biologie\/nahrungsnetze-und-trophiestufen\/#primaryimage\"},\"datePublished\":\"2018-10-08T13:22:23+00:00\",\"dateModified\":\"2018-11-19T13:07:00+00:00\",\"description\":\"Die Komponenten eines Nahrungsnetzes lassen sich den sogenannten Trophiestufen zuordnen. Diese beschreiben Ern\\u00e4hrungsebenen mit verschiedenen Eigenschaften.\",\"inLanguage\":\"de-DE\",\"potentialAction\":[{\"@type\":\"ReadAction\",\"target\":[\"https:\/\/www.studyhelp.de\/online-lernen\/biologie\/nahrungsnetze-und-trophiestufen\/\"]}]}]}<\/script>\n<!-- \/ Yoast SEO plugin. -->","_links":{"self":[{"href":"https:\/\/www.studyhelp.de\/online-lernen\/wp-json\/wp\/v2\/pages\/10284"}],"collection":[{"href":"https:\/\/www.studyhelp.de\/online-lernen\/wp-json\/wp\/v2\/pages"}],"about":[{"href":"https:\/\/www.studyhelp.de\/online-lernen\/wp-json\/wp\/v2\/types\/page"}],"author":[{"embeddable":true,"href":"https:\/\/www.studyhelp.de\/online-lernen\/wp-json\/wp\/v2\/users\/3"}],"replies":[{"embeddable":true,"href":"https:\/\/www.studyhelp.de\/online-lernen\/wp-json\/wp\/v2\/comments?post=10284"}],"version-history":[{"count":5,"href":"https:\/\/www.studyhelp.de\/online-lernen\/wp-json\/wp\/v2\/pages\/10284\/revisions"}],"predecessor-version":[{"id":11282,"href":"https:\/\/www.studyhelp.de\/online-lernen\/wp-json\/wp\/v2\/pages\/10284\/revisions\/11282"}],"up":[{"embeddable":true,"href":"https:\/\/www.studyhelp.de\/online-lernen\/wp-json\/wp\/v2\/pages\/10174"}],"wp:attachment":[{"href":"https:\/\/www.studyhelp.de\/online-lernen\/wp-json\/wp\/v2\/media?parent=10284"}],"wp:term":[{"taxonomy":"category","embeddable":true,"href":"https:\/\/www.studyhelp.de\/online-lernen\/wp-json\/wp\/v2\/categories?post=10284"},{"taxonomy":"post_tag","embeddable":true,"href":"https:\/\/www.studyhelp.de\/online-lernen\/wp-json\/wp\/v2\/tags?post=10284"}],"curies":[{"name":"wp","href":"https:\/\/api.w.org\/{rel}","templated":true}]}}