{"id":12138,"date":"2019-03-27T12:12:47","date_gmt":"2019-03-27T11:12:47","guid":{"rendered":"https:\/\/www.studyhelp.de\/online-lernen\/?page_id=12138"},"modified":"2020-01-30T15:19:41","modified_gmt":"2020-01-30T14:19:41","slug":"faust-1-zusammenfassung","status":"publish","type":"page","link":"https:\/\/www.studyhelp.de\/online-lernen\/deutsch\/faust-1-zusammenfassung\/","title":{"rendered":"Faust I (Johann Wolfgang von Goethe) &#8211; Zusammenfassung"},"content":{"rendered":"<p>Faust I &#8211; Der Trag\u00f6die erster Teil von Johann Wolfgang von Goethe erschien im Jahr 1808 und stellt bis heute eines der wichtigsten Theaterst\u00fccke der deutschen Literaturgeschichte dar.<\/p>\n<p>W\u00e4hrend eines Konflikts zwischen Gott und dem Teufel l\u00e4sst Gott Faust erscheinen. Der bewanderte Wissenschaftler Faust dient als Pr\u00fcfstein, an dem der Konflikt \u00fcber die Vollkommenheit der G\u00f6ttlichen Sch\u00f6pfung ausgetragen wird.<\/p>\n<p>Im folgenden Artikel wollen wir uns mit dem Inhalt, den Charakteren und der zeitgeschichtlichen Einordnung des Theaterst\u00fccks auseinandersetzen.<\/p>\n<p><strong>Themen auf dieser Seite<\/strong><\/p>\n<ul>\n<li><a href=\"#inhaltsangabe\">Inhaltsangabe Faust I<\/a><\/li>\n<li><a href=\"#uebersicht-wichtiger-charaktere\">\u00dcbersicht wichtiger Charaktere<\/a><\/li>\n<li><a href=\"#personenkonstellation\">Personenkonstellation<\/a><\/li>\n<li><a href=\"#zeitgeschichtliche-einordnung\">Zeitgeschichtliche Einordnung<\/a><\/li>\n<li><a href=\"#goethe-kurzbiografie\">Johann Wolfgang von Goethe<\/a><\/li>\n<li><a href=\"#hinweise\">Hinweise zum Artikel<\/a><\/li>\n<\/ul>\n<h2 id=\"inhaltsangabe\" class=\"anchor\">Inhaltsangabe zu Faust I<\/h2>\n<div class=\"lyte-wrapper\" style=\"width:420px;max-width:100%;margin:5px;\"><div class=\"lyMe\" id=\"WYL_MUp32nP97uk\"><div id=\"lyte_MUp32nP97uk\" data-src=\"https:\/\/www.studyhelp.de\/online-lernen\/wp-content\/plugins\/wp-youtube-lyte\/lyteCache.php?origThumbUrl=%2F%2Fi.ytimg.com%2Fvi%2FMUp32nP97uk%2Fhqdefault.jpg\" class=\"pL\"><div class=\"tC\"><div class=\"tT\"><\/div><\/div><div class=\"play\"><\/div><div class=\"ctrl\"><div class=\"Lctrl\"><\/div><div class=\"Rctrl\"><\/div><\/div><\/div><noscript><a href=\"https:\/\/youtu.be\/MUp32nP97uk\" rel=\"nofollow\"><img src=\"https:\/\/www.studyhelp.de\/online-lernen\/wp-content\/plugins\/wp-youtube-lyte\/lyteCache.php?origThumbUrl=https%3A%2F%2Fi.ytimg.com%2Fvi%2FMUp32nP97uk%2F0.jpg\" alt=\"YouTube-Video-Thumbnail\" width=\"420\" height=\"216\" \/><br \/>Dieses Video auf YouTube ansehen<\/a><\/noscript><\/div><\/div><div class=\"lL\" style=\"max-width:100%;width:420px;margin:5px;\"><\/div><br \/>\n<\/p>\n<p>&nbsp;<\/p>\n<p>Der \u201eProlog im Himmel&#8220; bildet den \u00e4u\u00dferen Handlungsrahmen und Ausgangspunkt der dramatischen Binnenhandlung. Der Teufel Mephisto kritisiert die g\u00f6ttliche Sch\u00f6pfung als unvollkommen: Der Mensch sei durch seine h\u00f6here Bestimmung \u00fcberfordert. Um diesen Sch\u00f6pfungspessimismus zu widerlegen, f\u00fchrt Gott einen Gelehrten namens Heinrich Faust als Pr\u00fcfstein f\u00fcr seinen Standpunkt ein, demzufolge der Mensch seinem Wesen gem\u00e4\u00df stets nach h\u00f6herer Daseinserf\u00fcllung strebe. Mephisto dagegen will zeigen, dass auch Faust letztlich in seinen materiellen Grenzen gefangen bleibt.<\/p>\n<p>Zu Beginn der Binnenhandlung erscheint Faust als ein hoch angesehener Geistesmensch, der jedoch weder in den Wissenschaften noch in der Magie h\u00f6chste Erkenntnis beziehungsweise Erf\u00fcllung findet. Aus seiner existenziellen Verzweiflung heraus will er sich sogar das Leben nehmen, doch scheitert auch dieser Versuch, seine k\u00f6rperlichen Begrenzungen aufzuheben. In dieser Situation tritt Mephisto auf den Plan und schl\u00e4gt Faust einen Handel vor: Er will dem Gelehrten im Diesseits mit seinen \u00fcbermenschlichen Kr\u00e4ften dienen und dessen Streben durch sinnlichen Lebensgenuss ruhigstellen. Als Gegenleistung soll die Seele Fausts im Jenseits dem Teufel verfallen. Doch Faust nimmt dieses Angebot nicht ernst, weil er von der Unstillbarkeit seines inneren Strebens \u00fcberzeugt ist. In dieser subjektiven Sicherheit bietet er dem Teufel sogar eine Wette auf die h\u00f6here Bestimmung seiner Existenz an. Um Fausts Streben zu befriedigen und damit die Wette zu gewinnen, geht Mephisto mit Faust auf eine Weltfahrt und f\u00fchrt ihn zun\u00e4chst zu einem ordin\u00e4ren Trinkgelage in \u201eAuerbachs Keller&#8220; in Leipzig. Anschlie\u00dfend l\u00e4sst er den nicht jungen Wissenschaftler in der \u201eHexenk\u00fcche&#8220; durch einen Verj\u00fcngungstrank auf kommende Liebesabenteuer vorbereiten &#8211; mit Erfolg: Faust verliebt sich in das einfache B\u00fcrgerm\u00e4dchen Gretchen. Durch eine List bringt Mephisto die beiden zusammen, w\u00e4hrend er selbst mit Gretchens Nachbarin Marthe Schwerdtlein anbandelt.<\/p>\n<p>Als das anfangs z\u00f6gernde Gretchen sich auf die Liebesbeziehung einl\u00e4sst, setzt eine Verkettung schuldhafter Entwicklungen ein. Faust schw\u00e4ngert Gretchen und setzt sie damit sozialen \u00c4chtungen aus. Gretchens Mutter wiederum kommt durch ein Schlafmittel ums Leben, das ihr Gretchen im Auftrag Mephistos reicht. Au\u00dferdem t\u00f6ten Faust und Mephisto in einem Handgemenge den \u00fcber Gretchens Unschuld wachenden Bruder Valentin. Schlie\u00dflich verliert Gretchen den Verstand und ertr\u00e4nkt im Wahn ihr neugeborenes Kind. Wegen Kindst\u00f6tung zum Tode verurteilt, erwartet sie im Gef\u00e4ngniskerker ihre Hinrichtung.<\/p>\n<p>Mephisto will Fausts wachsende Schuldgef\u00fchle gegen\u00fcber Gretchen bet\u00e4uben und versucht, ihn durch die enthemmte erotische Atmosph\u00e4re des Hexentreffens in der Walpurgisnacht abzulenken. Doch seine Absicht misslingt: Faust h\u00e4lt an seinen Gef\u00fchlen gegen\u00fcber Gretchen fest und besteht auf ihre Befreiung aus dem Kerker. Aber Gretchen geht auf den Rettungsversuch nicht ein, weil sie ihre Seele nicht an den Teufel verlieren will. Durch diese innere Haltung vermag sie ihre Seele zu retten. Faust dagegen hat seinen Platz im Sch\u00f6pfungsplan noch nicht gefunden und muss mit Mephisto seine Weltfahrt fortsetzen.<\/p>\n<p>(Auszug aus dem 1. Kapitel von in <a href=\"https:\/\/www.westermann.de\/artikel\/978-3-14-022477-2\/EinFach-Deutsch-verstehen-Johann-Wolfgang-von-Goethe-Faust-I\" target=\"_blank\" rel=\"noopener noreferrer\">EinFach Deutsch&#8230; verstehen: Johann Wolfgang von Goethe: Faust I<\/a>, erschienen im Bildungshaus Schulbuchverlage Westermann Schroedel Diesterweg Sch\u00f6ningh Winklers GmbH)<\/p>\n<p>&nbsp;<\/p>\n\n<h2 id=\"uebersicht-wichtiger-charaktere\" class=\"anchor\">\u00dcbersicht wichtiger Charaktere<\/h2>\n<h3>Dr. Heinrich Faust<\/h3>\n<ul>\n<li>befindet sich im fortgeschrittenen Alter<\/li>\n<li>bewandert in allen Wissenschaften<\/li>\n<li>trotz seiner Gelehrsamkeit nicht froh<\/li>\n<li>hat Verlangen nach h\u00f6chster Daseinserf\u00fcllung<\/li>\n<li>geht mit Mephisto die Wette ein, dass dieser ihm Daseinserf\u00fcllung bescheren kann<\/li>\n<li>verliebt sich w\u00e4hrend seiner Weltfahrt mit Mephisto in Gretchen<\/li>\n<\/ul>\n<h3>Mephisto<\/h3>\n<ul>\n<li>ist der Teufel<\/li>\n<li>definiert sich selbst als Gegenspieler Gottes, steht jedoch nicht mit ihm auf einer Stufe<\/li>\n<li>m\u00f6chte am Beispiel von Faust den misslungenen Sch\u00f6pfungsakt Gottes demonstrieren<\/li>\n<li>nutzt Menschen f\u00fcr seine Intrigen aus<\/li>\n<li>bietet Faust einen Pakt an, mit dem er im Gegenzug Fausts Seele im Jenseits erh\u00e4lt<\/li>\n<\/ul>\n<h3>Gretchen<\/h3>\n<ul>\n<li>ist jung und beeindruckt mit auffallender Sch\u00f6nheit<\/li>\n<li>wohnt bei ihrer Mutter und hat eine Schwester und einen Bruder<\/li>\n<li>ist ein Gef\u00fchlsmensch, der Ruhe und Geordnetheit ausstrahlt<\/li>\n<li>praktizierende Katholikin<\/li>\n<li>verliebt sich in Faust, stellt ihm die ber\u00fchmte &#8222;Gretchenfrage&#8220;<\/li>\n<\/ul>\n<p>(gek\u00fcrzter Auszug des Kapitels &#8222;Der Blick auf die Figuren&#8220; in <a href=\"https:\/\/www.westermann.de\/artikel\/978-3-14-022477-2\/EinFach-Deutsch-verstehen-Johann-Wolfgang-von-Goethe-Faust-I\" target=\"_blank\" rel=\"noopener noreferrer\">EinFach Deutsch&#8230; verstehen: Johann Wolfgang von Goethe: Faust I<\/a>, erschienen im Bildungshaus Schulbuchverlage Westermann Schroedel Diesterweg Sch\u00f6ningh Winklers GmbH)<br \/>\n<\/p>\n<h2 id=\"personenkonstellation\" class=\"anchor\">Personenkonstellation<\/h2>\n<p><img decoding=\"async\" loading=\"lazy\" class=\"alignnone wp-image-12241 size-large\" src=\"https:\/\/www.studyhelp.de\/online-lernen\/wp-content\/uploads\/2019\/04\/Personenkonstellation-2-1024x601.jpg\" alt=\"\" width=\"1024\" height=\"601\" srcset=\"https:\/\/www.studyhelp.de\/online-lernen\/wp-content\/uploads\/2019\/04\/Personenkonstellation-2-1024x601.jpg 1024w, https:\/\/www.studyhelp.de\/online-lernen\/wp-content\/uploads\/2019\/04\/Personenkonstellation-2-300x176.jpg 300w, https:\/\/www.studyhelp.de\/online-lernen\/wp-content\/uploads\/2019\/04\/Personenkonstellation-2-768x451.jpg 768w, https:\/\/www.studyhelp.de\/online-lernen\/wp-content\/uploads\/2019\/04\/Personenkonstellation-2.jpg 1170w\" sizes=\"(max-width: 1024px) 100vw, 1024px\" \/> (gek\u00fcrzter Auszug aus Kapitel &#8222;Die Personenkonstellation&#8220; in <a href=\"https:\/\/www.westermann.de\/artikel\/978-3-14-022477-2\/EinFach-Deutsch-verstehen-Johann-Wolfgang-von-Goethe-Faust-I\" target=\"_blank\" rel=\"noopener noreferrer\">EinFach Deutsch&#8230; verstehen: Johann Wolfgang von Goethe: Faust I<\/a>, erschienen im Bildungshaus Schulbuchverlage Westermann Schroedel Diesterweg Sch\u00f6ningh Winklers GmbH)<\/p>\n<h2 id=\"zeitgeschichtliche-einordnung\" class=\"anchor\">Zeitgeschichtliche Einordnung<\/h2>\n<p>Die Trag\u00f6die Faust wurde durch verschiedene Literaturepochen beeinflusst. Der Grund hierf\u00fcr liegt in der langen Entstehungszeit des Theaterst\u00fccks. Insgesamt 35 Jahre schrieb Johann Wolfgang von Goethe an der Trag\u00f6die. Erst kurz vor seinem Tod konnte er sein Lebenswerk vollenden. Durch diese lange Entstehungszeit stand sie unter dem Einfluss des Sturm und Drang, der Weimarer Klassik und der Romantik.<\/p>\n<p>Die Bewegung des Sturm und Drang besonn sich auf den Ausdruck von Gef\u00fchlen und Leidenschaft. Faust wird von Goethe als typischer Kraftkerl, der sich im Vertrauen in die eigenen St\u00e4rken gegen alle Grenzen auflehnt, beschrieben &#8211; ein deutliches Merkmal dieser Epoche. Seine Verwendung von leidenschaftlicher und intensiver Sprache in der Liebesgeschichte mit Gretchen z\u00e4hlt ebenso zu den typischen Merkmalen des Sturm und Drang.<br \/>\nZur damaligen Zeit unterlagen Theaterst\u00fccke einem streng konventionellen Aufbau. Doch Goethe widersetzte sich den &#8222;drei Einheiten&#8220; des Aristoteles (Handlung, Ort und Zeit). So teilte er das Theaterst\u00fcck erstmalig nicht in Akte, sondern in Szenen ein.<\/p>\n<p>Die Literaturepoche der Weimarer Klassik wurde ma\u00dfgeblich durch die k\u00fcnstlerische und pers\u00f6nliche Freundschaft von Goethe und Friedrich Schiller gepr\u00e4gt. Die beiden Dichter setzten sich f\u00fcr die Umerziehung der Gesellschaft ein. Laut ihrer Vorstellung sollte die Gesellschaft humanit\u00e4r und harmonisch sein. Dieses neue Menschenbild wird durch Faust verk\u00f6rpert, der den Intrigen Mephistos widerstehen kann und dem Streben nach H\u00f6herem treu bleibt.<\/p>\n<p>Auch die Romantik hatte ihren Einfluss auf Faust I. So finden sich f\u00fcr diese Epoche typische christliche Bez\u00fcge im &#8222;Prolog im Himmel&#8220; wieder. Ebenso Goethes Interesse an der Magie, Hexen und allgemein der &#8222;dunklen Seite&#8220; lassen sich auf Teile der Romantik zur\u00fcckf\u00fchren.<\/p>\n<p>(gek\u00fcrzter Auszug des Kapitels &#8222;Entstehungsprozess des Dramas Faust I&#8220; in <a href=\"https:\/\/www.westermann.de\/artikel\/978-3-14-022477-2\/EinFach-Deutsch-verstehen-Johann-Wolfgang-von-Goethe-Faust-I\" target=\"_blank\" rel=\"noopener noreferrer\">EinFach Deutsch&#8230; verstehen: Johann Wolfgang von Goethe: Faust I<\/a>, erschienen im Bildungshaus Schulbuchverlage Westermann Schroedel Diesterweg Sch\u00f6ningh Winklers GmbH)<\/p>\n\n<h2 id=\"goethe-kurzbiografie\" class=\"anchor\">Kurzbiografie von Johann Wolfgang von Goethe<\/h2>\n<p><img decoding=\"async\" loading=\"lazy\" class=\" wp-image-12167 alignleft\" src=\"https:\/\/www.studyhelp.de\/online-lernen\/wp-content\/uploads\/2019\/03\/Goethe.jpg\" alt=\"Goethe Statue\" width=\"238\" height=\"288\" srcset=\"https:\/\/www.studyhelp.de\/online-lernen\/wp-content\/uploads\/2019\/03\/Goethe.jpg 317w, https:\/\/www.studyhelp.de\/online-lernen\/wp-content\/uploads\/2019\/03\/Goethe-248x300.jpg 248w\" sizes=\"(max-width: 238px) 100vw, 238px\" \/><br \/>\n<strong>Geboren:<\/strong> 28. August 1749<\/p>\n<p><strong>Gestorben:<\/strong> 22. M\u00e4rz 1832<\/p>\n<p><strong>Lebte in:<\/strong> Frankfurt, Leipzig, Stra\u00dfburg, Weimar, Italien<\/p>\n<p><strong>Wichtigste Werke:<\/strong> Faust, Die Leiden des jungen Werthers, G\u00f6tz von Berlichingen, Iphigenie auf Tauris<\/p>\n\n<h2 id=\"hinweise\" class=\"anchor\">Hinweise zum Artikel<\/h2>\n<div class=\"box info\">\n<p>Dieser Artikel ist eine deutlich gek\u00fcrzte Fassung. Eine umfangreiche und weitaus detailliertere Analyse zur Trag\u00f6die Faust I von Johann Wolfgang von Goethe findet ihr <a href=\"https:\/\/www.westermann.de\/artikel\/978-3-14-022477-2\/EinFach-Deutsch-verstehen-Johann-Wolfgang-von-Goethe-Faust-I\">hier<\/a>. In der Lekt\u00fcrenhilfe findet ihr weitere Hintergr\u00fcnde zu allen Szenen, Eigenschaften von Charakteren und viel n\u00fctzliches Wissen \u00fcber Faust!<\/p>\n<\/div>\n Ver\u00f6ffentlich am 27.03.2019,  zuletzt aktualisiert: 30.01.2020 von StudyHelp\n","protected":false},"excerpt":{"rendered":"<p>Faust I &#8211; Der Trag\u00f6die erster Teil von Johann Wolfgang von Goethe erschien im Jahr 1808 und stellt bis heute eines der wichtigsten Theaterst\u00fccke der deutschen Literaturgeschichte dar. W\u00e4hrend eines Konflikts zwischen Gott und dem Teufel l\u00e4sst Gott Faust erscheinen. Der bewanderte Wissenschaftler Faust dient als Pr\u00fcfstein, an dem der Konflikt \u00fcber die Vollkommenheit der [&hellip;]<\/p>\n","protected":false},"author":3,"featured_media":0,"parent":8123,"menu_order":0,"comment_status":"closed","ping_status":"closed","template":"","meta":[],"categories":[30],"tags":[],"yoast_head":"<!-- This site is optimized with the Yoast SEO plugin v14.7 - https:\/\/yoast.com\/wordpress\/plugins\/seo\/ -->\n<title>Faust I (Johann Wolfgang von Goethe) - Zusammenfassung<\/title>\n<meta name=\"description\" content=\"Faust I - Der Trag\u00f6die erster Teil. Auf dieser Seite findest du eine ausf\u00fchrliche Inhaltsangabe, Personenkonstellation und \u00dcbersichten wichtiger Charaktere.\" \/>\n<meta name=\"robots\" content=\"index, follow\" \/>\n<meta name=\"googlebot\" content=\"index, follow, max-snippet:-1, max-image-preview:large, max-video-preview:-1\" \/>\n<meta name=\"bingbot\" content=\"index, follow, max-snippet:-1, max-image-preview:large, max-video-preview:-1\" \/>\n<link rel=\"canonical\" href=\"https:\/\/www.studyhelp.de\/online-lernen\/deutsch\/faust-1-zusammenfassung\/\" \/>\n<meta property=\"og:locale\" content=\"de_DE\" \/>\n<meta property=\"og:type\" content=\"article\" \/>\n<meta property=\"og:title\" content=\"Faust I (Johann Wolfgang von Goethe) - Zusammenfassung\" \/>\n<meta property=\"og:description\" content=\"Faust I - Der Trag\u00f6die erster Teil. Auf dieser Seite findest du eine ausf\u00fchrliche Inhaltsangabe, Personenkonstellation und \u00dcbersichten wichtiger Charaktere.\" \/>\n<meta property=\"og:url\" content=\"https:\/\/www.studyhelp.de\/online-lernen\/deutsch\/faust-1-zusammenfassung\/\" \/>\n<meta property=\"og:site_name\" content=\"StudyHelp Online-Lernen\" \/>\n<meta property=\"article:modified_time\" content=\"2020-01-30T14:19:41+00:00\" \/>\n<meta property=\"og:image\" content=\"https:\/\/www.studyhelp.de\/online-lernen\/wp-content\/uploads\/2019\/04\/Personenkonstellation-2-1024x601.jpg\" \/>\n<meta name=\"twitter:card\" content=\"summary_large_image\" \/>\n<script type=\"application\/ld+json\" class=\"yoast-schema-graph\">{\"@context\":\"https:\/\/schema.org\",\"@graph\":[{\"@type\":\"WebSite\",\"@id\":\"https:\/\/www.studyhelp.de\/online-lernen\/#website\",\"url\":\"https:\/\/www.studyhelp.de\/online-lernen\/\",\"name\":\"StudyHelp Online-Lernen\",\"description\":\"\",\"potentialAction\":[{\"@type\":\"SearchAction\",\"target\":\"https:\/\/www.studyhelp.de\/online-lernen\/?s={search_term_string}\",\"query-input\":\"required name=search_term_string\"}],\"inLanguage\":\"de-DE\"},{\"@type\":\"ImageObject\",\"@id\":\"https:\/\/www.studyhelp.de\/online-lernen\/deutsch\/faust-1-zusammenfassung\/#primaryimage\",\"inLanguage\":\"de-DE\",\"url\":\"https:\/\/www.studyhelp.de\/online-lernen\/wp-content\/uploads\/2019\/04\/Personenkonstellation-2.jpg\",\"width\":1170,\"height\":687},{\"@type\":\"WebPage\",\"@id\":\"https:\/\/www.studyhelp.de\/online-lernen\/deutsch\/faust-1-zusammenfassung\/#webpage\",\"url\":\"https:\/\/www.studyhelp.de\/online-lernen\/deutsch\/faust-1-zusammenfassung\/\",\"name\":\"Faust I (Johann Wolfgang von Goethe) - Zusammenfassung\",\"isPartOf\":{\"@id\":\"https:\/\/www.studyhelp.de\/online-lernen\/#website\"},\"primaryImageOfPage\":{\"@id\":\"https:\/\/www.studyhelp.de\/online-lernen\/deutsch\/faust-1-zusammenfassung\/#primaryimage\"},\"datePublished\":\"2019-03-27T11:12:47+00:00\",\"dateModified\":\"2020-01-30T14:19:41+00:00\",\"description\":\"Faust I - Der Trag\\u00f6die erster Teil. Auf dieser Seite findest du eine ausf\\u00fchrliche Inhaltsangabe, Personenkonstellation und \\u00dcbersichten wichtiger Charaktere.\",\"inLanguage\":\"de-DE\",\"potentialAction\":[{\"@type\":\"ReadAction\",\"target\":[\"https:\/\/www.studyhelp.de\/online-lernen\/deutsch\/faust-1-zusammenfassung\/\"]}]}]}<\/script>\n<!-- \/ Yoast SEO plugin. -->","_links":{"self":[{"href":"https:\/\/www.studyhelp.de\/online-lernen\/wp-json\/wp\/v2\/pages\/12138"}],"collection":[{"href":"https:\/\/www.studyhelp.de\/online-lernen\/wp-json\/wp\/v2\/pages"}],"about":[{"href":"https:\/\/www.studyhelp.de\/online-lernen\/wp-json\/wp\/v2\/types\/page"}],"author":[{"embeddable":true,"href":"https:\/\/www.studyhelp.de\/online-lernen\/wp-json\/wp\/v2\/users\/3"}],"replies":[{"embeddable":true,"href":"https:\/\/www.studyhelp.de\/online-lernen\/wp-json\/wp\/v2\/comments?post=12138"}],"version-history":[{"count":57,"href":"https:\/\/www.studyhelp.de\/online-lernen\/wp-json\/wp\/v2\/pages\/12138\/revisions"}],"predecessor-version":[{"id":15507,"href":"https:\/\/www.studyhelp.de\/online-lernen\/wp-json\/wp\/v2\/pages\/12138\/revisions\/15507"}],"up":[{"embeddable":true,"href":"https:\/\/www.studyhelp.de\/online-lernen\/wp-json\/wp\/v2\/pages\/8123"}],"wp:attachment":[{"href":"https:\/\/www.studyhelp.de\/online-lernen\/wp-json\/wp\/v2\/media?parent=12138"}],"wp:term":[{"taxonomy":"category","embeddable":true,"href":"https:\/\/www.studyhelp.de\/online-lernen\/wp-json\/wp\/v2\/categories?post=12138"},{"taxonomy":"post_tag","embeddable":true,"href":"https:\/\/www.studyhelp.de\/online-lernen\/wp-json\/wp\/v2\/tags?post=12138"}],"curies":[{"name":"wp","href":"https:\/\/api.w.org\/{rel}","templated":true}]}}