{"id":12189,"date":"2019-04-03T14:10:09","date_gmt":"2019-04-03T12:10:09","guid":{"rendered":"https:\/\/www.studyhelp.de\/online-lernen\/?page_id=12189"},"modified":"2020-01-30T13:46:00","modified_gmt":"2020-01-30T12:46:00","slug":"der-steppenwolf-zusammenfassung","status":"publish","type":"page","link":"https:\/\/www.studyhelp.de\/online-lernen\/deutsch\/der-steppenwolf-zusammenfassung\/","title":{"rendered":"Der Steppenwolf (Hermann Hesse) &#8211; Zusammenfassung"},"content":{"rendered":"<p>Der Steppenwolf von Hermann Hesse erschien im Jahr 1927 und handelt von dem heute noch immer aktuellen Thema der Krise des modernen Menschen.<\/p>\n<p>Harry Haller, der Hauptcharakter des Romans, ist ein innerlich zerrissener Mensch. F\u00fcr die Suche nach Vollkommenheit und Gl\u00fcck hat er sich in ein tristes Leben zur\u00fcckgezogen. Seine Lebensgeschichte wird uns durch den Neffen seiner ehemaligen Vermieterin erz\u00e4hlt. Er findet und ver\u00f6ffentlicht Harry Hallers Tagebuchaufzeichnungen, nachdem dieser ohne ersichtlichen Grund aus der Stadt verschwunden ist.<\/p>\n<p>Um dein Verst\u00e4ndnis f\u00fcr die Lekt\u00fcre &#8222;Der Steppenwolf&#8220; zu st\u00e4rken, findest du auf dieser Seite eine ausf\u00fchrliche Inhaltsangabe, eine \u00dcbersicht der wichtigsten Charaktere, eine Kurzbiographie Hermann Hesses und eine zeitgeschichtliche Einordnung der Lekt\u00fcre.<\/p>\n<p><strong>Themen auf dieser Seite<\/strong><\/p>\n<ul>\n<li><a href=\"#inhaltsangabe-steppenwolf\">Inhaltsangabe Der Steppenwolf<\/a><\/li>\n<li><a href=\"#uebersicht-wichtiger-charaktere\">\u00dcbersicht wichtiger Charaktere<\/a><\/li>\n<li><a href=\"#personenkonstellation\">Personenkonstellation<\/a><\/li>\n<li><a href=\"#steppenwolf-zeitgeschichtliche-einordnung\">zeitgeschichtliche Einordnung<\/a><\/li>\n<li><a href=\"#hermann-hesse-kurzbiografie\">Kurzbiographie Hermann Hesse<\/a><\/li>\n<li><a href=\"#hinweise\">Hinweise zum Artikel<\/a><\/li>\n<\/ul>\n<h2 id=\"inhaltsangabe-steppenwolf\" class=\"anchor\">Inhaltsangabe Der Steppenwolf<\/h2>\n<div class=\"lyte-wrapper\" style=\"width:420px;max-width:100%;margin:5px;\"><div class=\"lyMe\" id=\"WYL_mlyb5tr511g\"><div id=\"lyte_mlyb5tr511g\" data-src=\"https:\/\/www.studyhelp.de\/online-lernen\/wp-content\/plugins\/wp-youtube-lyte\/lyteCache.php?origThumbUrl=%2F%2Fi.ytimg.com%2Fvi%2Fmlyb5tr511g%2Fhqdefault.jpg\" class=\"pL\"><div class=\"tC\"><div class=\"tT\"><\/div><\/div><div class=\"play\"><\/div><div class=\"ctrl\"><div class=\"Lctrl\"><\/div><div class=\"Rctrl\"><\/div><\/div><\/div><noscript><a href=\"https:\/\/youtu.be\/mlyb5tr511g\" rel=\"nofollow\"><img src=\"https:\/\/www.studyhelp.de\/online-lernen\/wp-content\/plugins\/wp-youtube-lyte\/lyteCache.php?origThumbUrl=https%3A%2F%2Fi.ytimg.com%2Fvi%2Fmlyb5tr511g%2F0.jpg\" alt=\"YouTube-Video-Thumbnail\" width=\"420\" height=\"216\" \/><br \/>Dieses Video auf YouTube ansehen<\/a><\/noscript><\/div><\/div><div class=\"lL\" style=\"max-width:100%;width:420px;margin:5px;\"><\/div><br \/>\n<\/p>\n<p>&nbsp;<\/p>\n<p>Hesses Roman thematisiert die Lebensprobleme eines gesellschaftlichen Au\u00dfenseiters. Harry Haller, die Hauptfigur des Romans, ist ein intellektueller K\u00fcnstler und Autor, der eines Tages in einer Kleinstadt auftaucht, wo er auf den Neffen seiner Vermieterin einen nachhaltigen Eindruck macht. Dieser findet sp\u00e4ter die Tagebuchaufzeichnungen Hallers und fungiert als deren Herausgeber. Den Aufzeichnungen Hallers stellt er in einem Vorwort eigene Eindr\u00fccke voran, in denen er die Grundproblematik des \u201eSteppenwolfs&#8220;, so bezeichnet er den inzwischen abgereisten Denker, beschreibt.<\/p>\n<p>Haller wird als ein innerlich zerrissener Mensch dargestellt, den eine Sehnsucht nach Ganzheitlichkeit und Gl\u00fcck qu\u00e4lt. Dabei hat er die Erfahrung gemacht, dass ihm der Anspruch auf pers\u00f6nliches Gl\u00fcck in dieser Gesellschaft verwehrt bleibt. Schuld daran sei, so die Analyse des Steppenwolfs, die Verlogenheit des B\u00fcrgertums. Dieses unterzieht er einer starken Kritik. Statt alle Z\u00fcge und Qualit\u00e4ten des Lebens zu genie\u00dfen, begn\u00fcge sich das B\u00fcrgertum mit Mittelm\u00e4\u00dfigkeit. Haller aber m\u00f6chte ein Leben, in dem Werte wie Sauberkeit, Ordnung, Ma\u00df und Disziplin hochgehalten werden, nicht leben. Zwar garantiere dieses Leben ein beruhigendes Ma\u00df an Sicherheit, doch ist f\u00fcr ihn der Preis f\u00fcr das b\u00fcrgerliche Dasein zu hoch, da ebenfalls zum Leben geh\u00f6rende Dinge wie Tanz, Sexualit\u00e4t oder Rausch gemieden w\u00fcrden. Zwar f\u00fchlt er eine Sehnsucht nach der Einfachheit des B\u00fcrgertums, doch besteht f\u00fcr ihn kein Zweifel daran, dass er innerhalb dieser Gesellschaft nicht gl\u00fccklich werden kann. Dennoch findet der Steppenwolf auch im gesellschaftlichen Abseits nicht zu sich selbst.<\/p>\n<p>In dieser Situation wird ihm ein Traktat in die H\u00e4nde gespielt, das seine Probleme dargestellt und analysiert. Der Verfasser des Traktats \u00fcbt Kritik an der Gesellschaft seiner Zeit. Die Kultur und Zivilisation sind f\u00fcr ihn im Zerfall begriffen, die Schnelllebigkeit der Zeit \u00fcberfordert den orientierungslosen Menschen. Das Traktat verallgemeinert Hallers Lebensproblem und macht deutlich, dass die Leidensgeschichte Hallers kein Einzelfall ist und als Folge der Krise seiner Zeit aufgefasst werden kann. Dabei wird der den Roman bisher strukturierende Dualismus durch Mensch und Wolf beschrieben: von Geist und Kultur auf der einen und dem Triebhaften, Wilden und Chaotischen auf der anderen Seite. Der geschilderte Konflikt sei nur durch die Einsicht zu l\u00f6sen, dass es die von Haller angestrebte \u201eeine Seele&#8220; nicht gebe. Vielmehr bestehe der Mensch aus tausenden Wesen, deren Vielf\u00e4ltigkeit es zu akzeptieren gelte.<\/p>\n<p>Den gr\u00f6\u00dften Teil des Romans nehmen die Aufzeichnungen Hallers ein. Der auch nach der Lekt\u00fcre des Traktats noch verzweifelte Intellektuelle trifft eines Nachts auf eine geheimnisvolle junge Kurtisane namens Hermine. Diese erweist sich in den Gespr\u00e4chen mit Haller als verst\u00e4ndnisvolle Gleichgesinnte sowie als Kritikerin. Sie teilt seine Kritik an der Oberfl\u00e4chlichkeit der b\u00fcrgerlichen Gesellschaft, nicht aber seine resignierende Reaktion.<\/p>\n<p>Hermine stellt Harry zwei Freunde vor: Pablo und Maria. Der Jazzmusiker Pablo bringt Harry mit dem reinen Genuss von Musik in Ber\u00fchrung. Unterhaltsame Vergn\u00fcgungen und den Konsum von Drogen h\u00e4lt er f\u00fcr ebenso wertvoll, wie die Lekt\u00fcre eines anspruchsvollen Buches. Die Prostituierte Maria wird die Geliebte Harrys und schenkt diesem begl\u00fcckende sexuelle Erfahrungen. Am Ende des Romans, auf dem Maskenball und im Magischen Theater, durchl\u00e4uft Haller einen letzten, sein Bewusstsein reinigenden inneren Prozess.<\/p>\n<p>In mehreren Visionen durchlebt er eine Welt, wie sie sein sollte. Gleichwohl zerst\u00f6rt er in einem Wutanfall einen Repr\u00e4sentanten dieser Welt: Er t\u00f6tet in der letzten Vision Hermine. Das Ende des Romans scheint eher offen. Der \u201eUnsterbliche&#8220; Pablo wird Haller auf seinem Weg in ein neues, gl\u00fccklicheres Leben begleiten. Haller scheint seine Lektion gelernt zu haben: Auf die Krisenhaftigkeit des menschlichen Lebens sollte man nicht zerst\u00f6rerisch reagieren, sondern mit Humor und Gelassenheit seine eigene Begrenztheit akzeptieren sowie die Sch\u00f6nheiten des Lebens in ihrer Vielf\u00e4ltigkeit genie\u00dfen.<\/p>\n<p>(Auszug des 2. Kapitels aus <a href=\"https:\/\/www.westermann.de\/artikel\/978-3-14-022492-5\/EinFach-Deutsch-verstehen-Hermann-Hesse-Der-Steppenwolf\" target=\"_blank\" rel=\"noopener noreferrer\">EinFach Deutsch&#8230; verstehen: Hermann Hesse: Der Steppenwolf<\/a>, erschienen im Bildungshaus Schulbuchverlage Westermann Schroedel Diesterweg Sch\u00f6ningh Winklers GmbH)<br \/>\n<\/p>\n<h2 id=\"uebersicht-wichtiger-charaktere\" class=\"anchor\">\u00dcbersicht wichtiger Charaktere<\/h2>\n<h3>Harry Haller<\/h3>\n<ul>\n<li>Hauptfigur des Romans der Steppenwolf<\/li>\n<li>etwa 50 Jahre alter gelehrter Publizist<\/li>\n<li>stammt aus b\u00fcrgerlichem Elternhaus<\/li>\n<li>innerlich zerrissen<\/li>\n<li>sehnt sich nach Einfachheit und einem anst\u00e4ndigen Leben<\/li>\n<li>Zwang zur Analyse und dem st\u00e4ndigen Durchdenken von Problemen<\/li>\n<li>wird durch Traktat und Nebenfiguren zu einem neuen Menschen geformt<\/li>\n<li>Hesse \u00fcbt durch Haller Kritik an Kultur und Gesellschaft<\/li>\n<\/ul>\n<h3>Hermine<\/h3>\n<ul>\n<li>Nebenfigur im Roman<\/li>\n<li>ist eine menschenfreundliche und warmherzige Kurtisane<\/li>\n<li>ihr Leben besteht aus K\u00f6rperlichkeit, sinnlichem Vergn\u00fcgen, Tanz und Sexualit\u00e4t<\/li>\n<li>ist Harry Hallers Spiegelbild mit der prim\u00e4ren Aufgabe, Haller das Lachen beizubringen<\/li>\n<\/ul>\n<p>(stark gek\u00fcrzter Auszug des Kapitels &#8222;Der Blick auf die Figuren: Die Personencharakterisierung&#8220; aus <a href=\"https:\/\/www.westermann.de\/artikel\/978-3-14-022492-5\/EinFach-Deutsch-verstehen-Hermann-Hesse-Der-Steppenwolf\" target=\"_blank\" rel=\"noopener noreferrer\">EinFach Deutsch&#8230; verstehen: Hermann Hesse: Der Steppenwolf<\/a>, erschienen im Bildungshaus Schulbuchverlage Westermann Schroedel Diesterweg Sch\u00f6ningh Winklers GmbH)<\/p>\n\n<h2 id=\"personenkonstellation\" class=\"anchor\">Personenkonstellation<\/h2>\n<p><img decoding=\"async\" loading=\"lazy\" class=\"wp-image-12247 size-large aligncenter\" src=\"https:\/\/www.studyhelp.de\/online-lernen\/wp-content\/uploads\/2019\/04\/Personenkonstellation-4-1024x560.jpg\" alt=\"Personenkonstellation\" width=\"1024\" height=\"560\" srcset=\"https:\/\/www.studyhelp.de\/online-lernen\/wp-content\/uploads\/2019\/04\/Personenkonstellation-4-1024x560.jpg 1024w, https:\/\/www.studyhelp.de\/online-lernen\/wp-content\/uploads\/2019\/04\/Personenkonstellation-4-300x164.jpg 300w, https:\/\/www.studyhelp.de\/online-lernen\/wp-content\/uploads\/2019\/04\/Personenkonstellation-4-768x420.jpg 768w, https:\/\/www.studyhelp.de\/online-lernen\/wp-content\/uploads\/2019\/04\/Personenkonstellation-4.jpg 1386w\" sizes=\"(max-width: 1024px) 100vw, 1024px\" \/><\/p>\n<p>(Auszug des 3. Kapitels aus <a href=\"https:\/\/www.westermann.de\/artikel\/978-3-14-022492-5\/EinFach-Deutsch-verstehen-Hermann-Hesse-Der-Steppenwolf\" target=\"_blank\" rel=\"noopener noreferrer\">EinFach Deutsch&#8230; verstehen: Hermann Hesse: Der Steppenwolf<\/a>, erschienen im Bildungshaus Schulbuchverlage Westermann Schroedel Diesterweg Sch\u00f6ningh Winklers GmbH)<\/p>\n<h2 id=\"steppenwolf-zeitgeschichtliche-einordnung\" class=\"anchor\">Zeitgeschichtliche Einordnung<\/h2>\n<p>Der Roman &#8222;Der Steppenwolf&#8220; erschien in einer f\u00fcr Deutschland schwierigen Nachkriegszeit. Der Erste Weltkrieg war verloren, das Kaiserreich abgeschafft und die Weimarer Republik bekam wenig R\u00fcckhalt aus der eigenen Bev\u00f6lkerung.<\/p>\n<p>Der Wechsel vom Kaiserreich zu einem demokratisch gef\u00fchrten Deutschen Reich f\u00fchrte dazu, dass viele politische Gruppen um die Macht k\u00e4mpften. Den Parteien wurde zum Vorwurf gemacht, dass es ihnen nicht um Deutschland als Ganzes, sondern nur um ihre eigene Klientel gehe. Durch diese Machtk\u00e4mpfe kam es zu h\u00e4ufigen Regierungswechseln, die dem Volk ein Gef\u00fchl von Instabilit\u00e4t vermittelten. Die daraus resultierende Demokratiefeindlichkeit findet sich auch im Steppenwolf wieder. So hei\u00dft es im Traktat: &#8222;Ein Mensch, der f\u00e4hig ist, Buddha zu begreifen, ein Mensch, der eine Ahnung hat von den Himmeln und Abgr\u00fcnden des Menschentums, sollte nicht in einer Welt leben, in welcher common sense, Demokratie und b\u00fcrgerliche Bildung herrschen.&#8220;(S. 83, &#8222;Der Roman im Umkreis der politischen, gesellschaftlichen und sozialen Situation&#8220;, EinFach Deutsch&#8230; verstehen: Hermann Hesse: Der Steppenwolf, erschienen im Bildungshaus Schulbuchverlage Westermann Schroedel Diesterweg Sch\u00f6ningh Winklers GmbH)<\/p>\n<p>Die Kritik Hesses an der Demokratie als schwache Form der Entscheidungsfindung sollte aus der damaligen Situation verstanden werden. Mit Blick auf die historischen Folgen sollte jedoch aus heutiger Sicht die Fragw\u00fcrdigkeit seiner Kritik nicht verharmlost werden.<\/p>\n<p>Neben einer kurzen Hochphase in den 20-er Jahren (die goldenen 20er) geriet das soziale Gef\u00fcge in Deutschland ins Wanken. Die Industrialisierung forderte ihren Tribut und so begannen sich verschiedene Schichten aus der Bev\u00f6lkerung hervorzuheben. Das Proletariat, die Arbeiterschicht, wuchs stark an. Dies hatte zur Folge, dass die soziale Ordnung des 19. Jahrhunderts endg\u00fcltig beendet war. Unsicherheit und Orientierungslosigkeit machten sich unter der Bev\u00f6lkerung breit. Diese Unsicherheit findet sich auch in der Person Harry Hallers wieder. Sein anfangs zwanghaftes Suchen nach Sinn, Gl\u00fcck und Ordnung steht sinnbildlich f\u00fcr die Probleme der Bev\u00f6lkerung in den 20er-Jahren.<\/p>\n<p>(gek\u00fcrzter Auszug des Kapitels &#8222;Hermann Hesse &#8211; eine Kurzbiographie&#8220; aus <a href=\"https:\/\/www.westermann.de\/artikel\/978-3-14-022492-5\/EinFach-Deutsch-verstehen-Hermann-Hesse-Der-Steppenwolf\" target=\"_blank\" rel=\"noopener noreferrer\">EinFach Deutsch&#8230; verstehen: Hermann Hesse: Der Steppenwolf<\/a>, erschienen im Bildungshaus Schulbuchverlage Westermann Schroedel Diesterweg Sch\u00f6ningh Winklers GmbH)<br \/>\n<\/p>\n<h2 id=\"hermann-hesse-kurzbiografie\" class=\"anchor\">Hermann Hesse Kurzbiographie<\/h2>\n<li style=\"list-style-type: none;\">\n<ul>\n<li>Geburtsdatum: 2. Juli 1877<\/li>\n<li>war w\u00e4hrend seiner Lebenszeit ein &#8222;Dichter der Krise&#8220;<\/li>\n<li>Individuum steht in Hessens Werken im Vordergrund (teils auch als Alter Ego Hesses)<\/li>\n<li>h\u00e4ufige Themen: Suche nach Gl\u00fcck, Sinn des Lebens finden, Umgang mit inhumaner Gesellschaft<\/li>\n<li>Hesse wurde gepr\u00e4gt durch: Problematisches Verh\u00e4ltnis zum Vater, Erziehung pietistischer Fr\u00f6mmigkeit, Flucht aus der Klosterschule, Ausbildung zum Buchh\u00e4ndler<\/li>\n<li>bekannte Werke: &#8222;Demian&#8220;, &#8222;Siddharta&#8220;, &#8222;Der Steppenwolf&#8220;, &#8222;Narziss und Goldmund&#8220;<\/li>\n<\/ul>\n<\/li>\n<\/ul>\n<p>(stark gek\u00fcrzter Auszug des Kapitels &#8222;Hermann Hesse &#8211; eine Kurzbiographie&#8220; aus <a href=\"https:\/\/www.westermann.de\/artikel\/978-3-14-022492-5\/EinFach-Deutsch-verstehen-Hermann-Hesse-Der-Steppenwolf\" target=\"_blank\" rel=\"noopener noreferrer\">EinFach Deutsch&#8230; verstehen: Hermann Hesse: Der Steppenwolf<\/a>, erschienen im Bildungshaus Schulbuchverlage Westermann Schroedel Diesterweg Sch\u00f6ningh Winklers GmbH)<\/p>\n\n<h2 id=\"hinweise\" class=\"anchor\">Hinweise zum Artikel<\/h2>\n<div class=\"box info\">\n<p>Dieser Artikel ist eine deutlich gek\u00fcrzte Fassung. Eine umfangreiche und weitaus detailliertere Analyse zum Roman Der Steppenwolf von Hermann Hesse findet ihr <a href=\"https:\/\/www.westermann.de\/artikel\/978-3-14-022492-5\/EinFach-Deutsch-verstehen-Hermann-Hesse-Der-Steppenwolf\">hier<\/a>. In der Lekt\u00fcrenhilfe findet ihr weitere Hintergr\u00fcnde zu allen Kapitel, Eigenschaften von Charakteren und viel n\u00fctzliches Wissen \u00fcber Faust!<\/p>\n<\/div>\n Ver\u00f6ffentlich am 03.04.2019,  zuletzt aktualisiert: 30.01.2020 von StudyHelp\n","protected":false},"excerpt":{"rendered":"<p>Der Steppenwolf von Hermann Hesse erschien im Jahr 1927 und handelt von dem heute noch immer aktuellen Thema der Krise des modernen Menschen. Harry Haller, der Hauptcharakter des Romans, ist ein innerlich zerrissener Mensch. F\u00fcr die Suche nach Vollkommenheit und Gl\u00fcck hat er sich in ein tristes Leben zur\u00fcckgezogen. Seine Lebensgeschichte wird uns durch den [&hellip;]<\/p>\n","protected":false},"author":3,"featured_media":0,"parent":8123,"menu_order":0,"comment_status":"closed","ping_status":"closed","template":"","meta":[],"categories":[30],"tags":[],"yoast_head":"<!-- This site is optimized with the Yoast SEO plugin v14.7 - https:\/\/yoast.com\/wordpress\/plugins\/seo\/ -->\n<title>Der Steppenwolf (Hermann Hesse) - Zusammenfassung<\/title>\n<meta name=\"description\" content=\"Der Steppenwolf von Hermann Hesse ist im Jahr 1927 erschienen. Auf dieser Seite findest du eine ausf\u00fchrliche Inhaltsangabe, eine Personenkonstellation und..\" \/>\n<meta name=\"robots\" content=\"index, follow\" \/>\n<meta name=\"googlebot\" content=\"index, follow, max-snippet:-1, max-image-preview:large, max-video-preview:-1\" \/>\n<meta name=\"bingbot\" content=\"index, follow, max-snippet:-1, max-image-preview:large, max-video-preview:-1\" \/>\n<link rel=\"canonical\" href=\"https:\/\/www.studyhelp.de\/online-lernen\/deutsch\/der-steppenwolf-zusammenfassung\/\" \/>\n<meta property=\"og:locale\" content=\"de_DE\" \/>\n<meta property=\"og:type\" content=\"article\" \/>\n<meta property=\"og:title\" content=\"Der Steppenwolf (Hermann Hesse) - Zusammenfassung\" \/>\n<meta property=\"og:description\" content=\"Der Steppenwolf von Hermann Hesse ist im Jahr 1927 erschienen. Auf dieser Seite findest du eine ausf\u00fchrliche Inhaltsangabe, eine Personenkonstellation und..\" \/>\n<meta property=\"og:url\" content=\"https:\/\/www.studyhelp.de\/online-lernen\/deutsch\/der-steppenwolf-zusammenfassung\/\" \/>\n<meta property=\"og:site_name\" content=\"StudyHelp Online-Lernen\" \/>\n<meta property=\"article:modified_time\" content=\"2020-01-30T12:46:00+00:00\" \/>\n<meta property=\"og:image\" content=\"https:\/\/www.studyhelp.de\/online-lernen\/wp-content\/uploads\/2019\/04\/Personenkonstellation-4-1024x560.jpg\" \/>\n<meta name=\"twitter:card\" content=\"summary_large_image\" \/>\n<script type=\"application\/ld+json\" class=\"yoast-schema-graph\">{\"@context\":\"https:\/\/schema.org\",\"@graph\":[{\"@type\":\"WebSite\",\"@id\":\"https:\/\/www.studyhelp.de\/online-lernen\/#website\",\"url\":\"https:\/\/www.studyhelp.de\/online-lernen\/\",\"name\":\"StudyHelp Online-Lernen\",\"description\":\"\",\"potentialAction\":[{\"@type\":\"SearchAction\",\"target\":\"https:\/\/www.studyhelp.de\/online-lernen\/?s={search_term_string}\",\"query-input\":\"required name=search_term_string\"}],\"inLanguage\":\"de-DE\"},{\"@type\":\"ImageObject\",\"@id\":\"https:\/\/www.studyhelp.de\/online-lernen\/deutsch\/der-steppenwolf-zusammenfassung\/#primaryimage\",\"inLanguage\":\"de-DE\",\"url\":\"https:\/\/www.studyhelp.de\/online-lernen\/wp-content\/uploads\/2019\/04\/Personenkonstellation-4.jpg\",\"width\":1386,\"height\":758},{\"@type\":\"WebPage\",\"@id\":\"https:\/\/www.studyhelp.de\/online-lernen\/deutsch\/der-steppenwolf-zusammenfassung\/#webpage\",\"url\":\"https:\/\/www.studyhelp.de\/online-lernen\/deutsch\/der-steppenwolf-zusammenfassung\/\",\"name\":\"Der Steppenwolf (Hermann Hesse) - Zusammenfassung\",\"isPartOf\":{\"@id\":\"https:\/\/www.studyhelp.de\/online-lernen\/#website\"},\"primaryImageOfPage\":{\"@id\":\"https:\/\/www.studyhelp.de\/online-lernen\/deutsch\/der-steppenwolf-zusammenfassung\/#primaryimage\"},\"datePublished\":\"2019-04-03T12:10:09+00:00\",\"dateModified\":\"2020-01-30T12:46:00+00:00\",\"description\":\"Der Steppenwolf von Hermann Hesse ist im Jahr 1927 erschienen. Auf dieser Seite findest du eine ausf\\u00fchrliche Inhaltsangabe, eine Personenkonstellation und..\",\"inLanguage\":\"de-DE\",\"potentialAction\":[{\"@type\":\"ReadAction\",\"target\":[\"https:\/\/www.studyhelp.de\/online-lernen\/deutsch\/der-steppenwolf-zusammenfassung\/\"]}]}]}<\/script>\n<!-- \/ Yoast SEO plugin. -->","_links":{"self":[{"href":"https:\/\/www.studyhelp.de\/online-lernen\/wp-json\/wp\/v2\/pages\/12189"}],"collection":[{"href":"https:\/\/www.studyhelp.de\/online-lernen\/wp-json\/wp\/v2\/pages"}],"about":[{"href":"https:\/\/www.studyhelp.de\/online-lernen\/wp-json\/wp\/v2\/types\/page"}],"author":[{"embeddable":true,"href":"https:\/\/www.studyhelp.de\/online-lernen\/wp-json\/wp\/v2\/users\/3"}],"replies":[{"embeddable":true,"href":"https:\/\/www.studyhelp.de\/online-lernen\/wp-json\/wp\/v2\/comments?post=12189"}],"version-history":[{"count":35,"href":"https:\/\/www.studyhelp.de\/online-lernen\/wp-json\/wp\/v2\/pages\/12189\/revisions"}],"predecessor-version":[{"id":15476,"href":"https:\/\/www.studyhelp.de\/online-lernen\/wp-json\/wp\/v2\/pages\/12189\/revisions\/15476"}],"up":[{"embeddable":true,"href":"https:\/\/www.studyhelp.de\/online-lernen\/wp-json\/wp\/v2\/pages\/8123"}],"wp:attachment":[{"href":"https:\/\/www.studyhelp.de\/online-lernen\/wp-json\/wp\/v2\/media?parent=12189"}],"wp:term":[{"taxonomy":"category","embeddable":true,"href":"https:\/\/www.studyhelp.de\/online-lernen\/wp-json\/wp\/v2\/categories?post=12189"},{"taxonomy":"post_tag","embeddable":true,"href":"https:\/\/www.studyhelp.de\/online-lernen\/wp-json\/wp\/v2\/tags?post=12189"}],"curies":[{"name":"wp","href":"https:\/\/api.w.org\/{rel}","templated":true}]}}