{"id":12364,"date":"2019-04-24T15:00:49","date_gmt":"2019-04-24T13:00:49","guid":{"rendered":"https:\/\/www.studyhelp.de\/online-lernen\/?page_id=12364"},"modified":"2020-02-04T11:28:42","modified_gmt":"2020-02-04T10:28:42","slug":"emilia-galotti-zusammenfassung","status":"publish","type":"page","link":"https:\/\/www.studyhelp.de\/online-lernen\/deutsch\/emilia-galotti-zusammenfassung\/","title":{"rendered":"Emilia Galotti &#8211; Zusammenfassung"},"content":{"rendered":"<p>Das b\u00fcrgerliche Trauerspiel &#8222;Emilia Galotti&#8220; wurde von Gotthold Ephraim Lessing geschrieben, im Jahr 1772 ver\u00f6ffentlicht und in Braunschweig uraufgef\u00fchrt.<\/p>\n<p>Das Drama erz\u00e4hlt von Emilia Galotti, die den Grafen Appiani heiraten soll. Als der in Emilia verliebte Prinz von Gustalla von der Hochzeit erf\u00e4hrt beauftragt er seinen Kammerherren Marinelli eine Intrige zu planen, die die Hochzeit von Emilia und Appiani verhindern soll.<\/p>\n<p>Einen genaue Zusammenfassung des Dramas, eine \u00dcbersicht aller wichtigen Charaktere sowie eine zeitgeschichtliche Einordnung findest du in folgendem Artikel.<\/p>\n<p><strong>Themen auf dieser Seite<\/strong><\/p>\n<ul>\n<li><a href=\"#inhaltsangabe-emilia-galotti\">Inhaltsangabe Emilia Galotti<\/a><\/li>\n<li><a href=\"#uebersicht-wichtiger-charaktere\">\u00dcbersicht wichtiger Charaktere<\/a><\/li>\n<li><a href=\"#personenkonstellation\">Personenkonstellation Emilia Galotti<\/a><\/li>\n<li><a href=\"#der-sandmann-zeitgeschichtliche-einordnung\">Zeitgeschichtliche Einordnung<\/a><\/li>\n<li><a href=\"#lessing-kurzbiografie\">Kurzbriographie Gotthold Ephraim Lessing<\/a><\/li>\n<li><a href=\"#hinweise\">Hinweise zum Artikel<\/a><\/li>\n<\/ul>\n<div class=\"lyte-wrapper\" style=\"width:420px;max-width:100%;margin:5px;\"><div class=\"lyMe\" id=\"WYL_8eLyHgD_zsY\"><div id=\"lyte_8eLyHgD_zsY\" data-src=\"https:\/\/www.studyhelp.de\/online-lernen\/wp-content\/plugins\/wp-youtube-lyte\/lyteCache.php?origThumbUrl=%2F%2Fi.ytimg.com%2Fvi%2F8eLyHgD_zsY%2Fhqdefault.jpg\" class=\"pL\"><div class=\"tC\"><div class=\"tT\"><\/div><\/div><div class=\"play\"><\/div><div class=\"ctrl\"><div class=\"Lctrl\"><\/div><div class=\"Rctrl\"><\/div><\/div><\/div><noscript><a href=\"https:\/\/youtu.be\/8eLyHgD_zsY\" rel=\"nofollow\"><img src=\"https:\/\/www.studyhelp.de\/online-lernen\/wp-content\/plugins\/wp-youtube-lyte\/lyteCache.php?origThumbUrl=https%3A%2F%2Fi.ytimg.com%2Fvi%2F8eLyHgD_zsY%2F0.jpg\" alt=\"YouTube-Video-Thumbnail\" width=\"420\" height=\"216\" \/><br \/>Dieses Video auf YouTube ansehen<\/a><\/noscript><\/div><\/div><div class=\"lL\" style=\"max-width:100%;width:420px;margin:5px;\"><\/div><br \/>\n<\/p>\n<h2 id=\"inhaltsangabe-der-sandmann\" class=\"anchor\">Inhaltsangabe Emilia Galotti<\/h2>\n<p>Prinz Hettore Gonzaga, der mit absolutistischer Willk\u00fcr \u00fcber Guastalla in Oberitalien herrscht, ist seiner Geliebten, der Gr\u00e4fin Orsina, \u00fcberdr\u00fcssig und in ein junges B\u00fcrgerm\u00e4dchen namens Emilia Galotti verliebt, deren Hochzeit mit dem vom Hofe unabh\u00e4ngige Grafen Appiani jedoch unmittelbar bevorsteht.<\/p>\n<p>Hettores Kammerherr Marinelli, ein intriganter und gewissenloser H\u00f6fling, setzt alles in Bewegung, um seinem Herrn die Offizierstochter doch zuf\u00fchren zu k\u00f6nnen. Nach dem Scheitern einer ersten Intrige l\u00e4sst Marinelli eigenm\u00e4chtig und in heimt\u00fcckischer Manier die Hochzeitskutsche des Paares \u00fcberfallen: Dabei wird Appiani t\u00f6dlich verwundet, Emilia und ihre Mutter Claudia fl\u00fcchten sich auf das Lustschloss des Prinzen nach Dosalo.<\/p>\n<p>Dort erschrickt Emilia \u00fcber das unverhoffte Wiedersehen mit dem Prinzen, der ihre bereits beim Kirchengang am Morgen seine leidenschaftliche Liebe bekannt hatte. Sie schwankt zwischen einem in ihr erwachenden Gef\u00fchl von Liebe f\u00fcr den Prinzen einerseits und den strengen Tugendforderungen der b\u00fcrgerlichen Welt andererseits, repr\u00e4sentiert durch ihren Vater Odoardo, der nun ebenfalls im Schloss eintrifft.<\/p>\n<p>Die emp\u00f6rte Gr\u00e4fin Orsina, die die Intrige des Hofes durchschaut und selbst tief gekr\u00e4nkt ist, kl\u00e4rt Odoardo \u00fcber die Hintergrunde von Appianis Tod und die Gefahr, der seine Tochter durch den Prinzen ausgesetzt sei, auf und h\u00e4ndigt ihm in ihrer Eifersucht auf Emilia einen Dolch aus, mit dem er Appiani und sie r\u00e4chen und den Prinzen niederstechen solle. Nach einigem Hin und Her verzichtet Odoardo darauf und sucht das Gespr\u00e4ch mit Marinelli und dem Prinzen. Sie \u201everhandeln\u201c \u00fcber Emilias Schicksal und ihren weiteren Verbleib: Der Prinz m\u00f6chte sie in seiner N\u00e4he in der Residenz behalten und Odoardo kann dem nichts entgegensetzen.<\/p>\n<p>Bei einer abschlie\u00dfenden Begegnung bittet Emilia ihren Vater, sie zu t\u00f6ten \u2013 aus Angst, den Verf\u00fchrungsk\u00fcnsten des Prinzen tats\u00e4chlich zu erliegen, wie sie sagt. Odoardo z\u00f6gert zun\u00e4chst, doch als ihm Emilia das Beispiel des r\u00f6mischen Virginius vor Augen h\u00e4lt, der ebenfalls seine Tochter erstochen hat, t\u00f6tet er sie vor den Augen des Prinzen. Der reagiert zwar entsetzt, schiebt aber alle Verantwortung auf Marinelli.<\/p>\n<h2 id=\"personenkonstellation\" class=\"anchor\">Personenkonstellation<\/h2>\n<p><img decoding=\"async\" loading=\"lazy\" class=\"alignnone wp-image-12367 size-full\" src=\"https:\/\/www.studyhelp.de\/online-lernen\/wp-content\/uploads\/2019\/04\/Personenkonstellation-8.jpg\" alt=\"Personenkonstellation\" width=\"1566\" height=\"879\" srcset=\"https:\/\/www.studyhelp.de\/online-lernen\/wp-content\/uploads\/2019\/04\/Personenkonstellation-8.jpg 1566w, https:\/\/www.studyhelp.de\/online-lernen\/wp-content\/uploads\/2019\/04\/Personenkonstellation-8-300x168.jpg 300w, https:\/\/www.studyhelp.de\/online-lernen\/wp-content\/uploads\/2019\/04\/Personenkonstellation-8-768x431.jpg 768w, https:\/\/www.studyhelp.de\/online-lernen\/wp-content\/uploads\/2019\/04\/Personenkonstellation-8-1024x575.jpg 1024w\" sizes=\"(max-width: 1566px) 100vw, 1566px\" \/><\/p>\n\n<h2 id=\"uebersicht-wichtiger-charaktere\" class=\"anchor\">\u00dcbersicht wichtiger Charaktere<\/h2>\n<h3>Emilia Galotti<\/h3>\n<ul>\n<li>Hauptfigur der Erz\u00e4hlung<\/li>\n<li>geh\u00f6rt vermutlich dem B\u00fcrgertum an<\/li>\n<li>Tochter von Odoardo und Claudia Galotti<\/li>\n<li>Der Prinz beschreibt ihr \u00c4u\u00dferes als &#8222;Meisterst\u00fcck der Natur&#8220;<\/li>\n<li>wirkt zum Anfang des Dramas kindlich, w\u00e4chst sp\u00e4ter im St\u00fcck jedoch \u00fcber sich selbst hinaus<\/li>\n<li>widersetzt sich allen Anspr\u00fcchen an ihre Person &#8211; kann jedoch nicht \u00fcber sich selbst bestimmen<\/li>\n<\/ul>\n<h3>Hettore Gonzaga<\/h3>\n<ul>\n<li>ist regierender F\u00fcrst in Guastalla<\/li>\n<li>oberster Repr\u00e4sentant der feudalen Ordnung<\/li>\n<li>regiert mit absolutistischer Willk\u00fcr und Verantwortungslosigkeit<\/li>\n<li>seine Beziehungen zu Frauen gr\u00fcnden auf Lust und Liebe<\/li>\n<li>ist leidenschaftlich in Emilia Galotti verliebt<\/li>\n<li>gibt Kammerherrn Marinellie uneingeschr\u00e4nkte Handlungsbefugnis um Intrige an Emilia durchzuf\u00fchren<\/li>\n<\/ul>\n<h3>Marinelli<\/h3>\n<ul>\n<li>ist Kammerherr, Berater und vertrauter Informant des Prinzen Hettore<\/li>\n<li>ist der B\u00f6sewicht dieses St\u00fcckes<\/li>\n<li>m\u00f6chte durch sein b\u00f6swilliges Handeln Thron n\u00e4her kommen, an Macht gewinnen und seine Karriere voran treiben<\/li>\n<li>l\u00e4sst Appiani \u00fcberfallen und t\u00f6ten, damit sein manipulatives Spiel nicht auffliegt<\/li>\n<li>scheitert am Ende des Dramas kl\u00e4glich &#8211; Leser erkennen, dass er nur &#8222;Sklave&#8220; und &#8222;Werkzeug&#8220; des Prinzen ist<\/li>\n<\/ul>\n\n<h2 id=\"emilia-galotti-zeitgeschichtliche-einordnung\" class=\"anchor\">Zeitgeschichtliche Einordnung<\/h2>\n<p>Lessing lebte in einer Zeit, die gepr\u00e4gt war von der Staatsform des Absolutismus. Diese Bezeichnung l\u00e4sst sich darauf zur\u00fcckf\u00fchren, dass die F\u00fcrsten in den mehr als 300 Territorien des Heiligen R\u00f6mischen Reiches Deutscher Nationen losgel\u00f6st von den Zwischengewalten der St\u00e4nde und des Parlaments regierten, nur Gott und seiner Ordnung verpflichtet. Ihren Untertanen, von denen Sie Treue und unbedingten Gehorsam forderten, waren jegliche Mitwirkungsrechte verwehrt.<\/p>\n<p>Bittere Armut unter dem einfachen B\u00fcrgertum und feudale Abh\u00e4ngigkeitsstrukturen, Rechtsunsicherheit und Krieg, St\u00e4ndehochmut und Zensur standen auf der Tagesordnung.<\/p>\n<p>Dem Standesd\u00fcnkel des Adels, der in der luxuri\u00f6sen Welt des franz\u00f6sischen K\u00f6nigshofes von Versailles sein gesellschaftliches Ideal sah, setzte das st\u00e4dtische B\u00fcrgertum nach und nach seinen eigenen Welt- und Lebensentwurf entgegen. Dies \u00e4u\u00dferte sich in einem moralischen und geistigen \u00dcberlegenheitsgef\u00fchl gegen\u00fcber dem Adel. Den Wert des Menschen machten f\u00fcr den B\u00fcrger nicht geerbte Privilegien aus, sondern er entwickelte sein neues Selbstbewusstsein aufgrund eigenen Flei\u00dfes und eigener Bildung.<\/p>\n<p>Auch die Literatur sollte nicht mehr in den Diensten des F\u00fcrsten oder der Kirche stehen, sondern wollte als freie und autonome Kunstform verstanden werden, die sich prinzipiell an alle Menschen richtet. Kunst bedeutete nun nicht mehr die m\u00f6glichst perfekte Beherrschung vorgegebener Formen, sondern wurde immer mehr als Botschaft eines K\u00fcnstlerindividuums verstanden.<br \/>\nLiterarische Qualit\u00e4t definierte sich vor allem nach der Wirkung auf den Leser und nicht mehr nur nach den Vorschriften der Poetik. Da um 1800 nur etwa ein Viertel der Bev\u00f6lkerung lesen konnte, war eine \u201efreie\u201c Schriftstellerexistenz allerdings kaum noch m\u00f6glich, obwohl dank des allgemeinen Handelsaufschwung, neuer Produktionstechniken und der zunehmenden Betonung des Bildungswesens ein rasch anschwellender literarischer Markt entstand.<\/p>\n<h2 id=\"lessing-kurzbiografie\" class=\"anchor\">Kurzbiographie Gotthold Ephraim Lessing<\/h2>\n<ul>\n<li>Geboren: 22. Januar 1729<\/li>\n<li>bedeutender Dichter der deutschen Aufkl\u00e4rung<\/li>\n<li>ber\u00fchmte Werke: Nathan der Weise, Emilia Galotti, Minna von Barnhelm uvm.<\/li>\n<li>verfasste unter anderem viele theologiekritische und philosophische Schriften<\/li>\n<li>Starb am 15. Februar 1781 in Braunschweig<\/li>\n<\/ul>\n\n<h2 id=\"hinweise\" class=\"anchor\">Hinweise zum Artikel<\/h2>\n<div class=\"box info\">\n<p>Dieser Artikel ist eine deutlich gek\u00fcrzte Fassung. Eine umfangreiche und weitaus detailliertere Analyse zum Werk &#8222;Emilia Galotti&#8220; findet ihr <a href=\"https:\/\/www.westermann.de\/artikel\/978-3-14-022520-5\/EinFach-Deutsch-verstehen-Gotthold-Ephraim-Lessing-Emilia-Galotti\">hier<\/a>. In der Lekt\u00fcrenhilfe findet ihr weitere Hintergr\u00fcnde zu allen Kapitel, Eigenschaften von Charakteren und viel n\u00fctzliches Wissen!<\/p>\n<\/div>\n","protected":false},"excerpt":{"rendered":"<p>Das b\u00fcrgerliche Trauerspiel &#8222;Emilia Galotti&#8220; wurde von Gotthold Ephraim Lessing geschrieben, im Jahr 1772 ver\u00f6ffentlicht und in Braunschweig uraufgef\u00fchrt. Das Drama erz\u00e4hlt von Emilia Galotti, die den Grafen Appiani heiraten soll. Als der in Emilia verliebte Prinz von Gustalla von der Hochzeit erf\u00e4hrt beauftragt er seinen Kammerherren Marinelli eine Intrige zu planen, die die Hochzeit [&hellip;]<\/p>\n","protected":false},"author":3,"featured_media":0,"parent":8123,"menu_order":0,"comment_status":"closed","ping_status":"closed","template":"","meta":[],"categories":[30],"tags":[],"yoast_head":"<!-- This site is optimized with the Yoast SEO plugin v14.7 - https:\/\/yoast.com\/wordpress\/plugins\/seo\/ -->\n<title>Emilia Galotti - Zusammenfassung<\/title>\n<meta name=\"description\" content=\"Kompakte Zusammenfassung zu Emilia Galotti. Hier findest du eine Inhaltsangabe, eine Personenkonstellation, eine epochale Einordnung und Vieles mehr!\" \/>\n<meta name=\"robots\" content=\"index, follow\" \/>\n<meta name=\"googlebot\" content=\"index, follow, max-snippet:-1, max-image-preview:large, max-video-preview:-1\" \/>\n<meta name=\"bingbot\" content=\"index, follow, max-snippet:-1, max-image-preview:large, max-video-preview:-1\" \/>\n<link rel=\"canonical\" href=\"https:\/\/www.studyhelp.de\/online-lernen\/deutsch\/emilia-galotti-zusammenfassung\/\" \/>\n<meta property=\"og:locale\" content=\"de_DE\" \/>\n<meta property=\"og:type\" content=\"article\" \/>\n<meta property=\"og:title\" content=\"Emilia Galotti - Zusammenfassung\" \/>\n<meta property=\"og:description\" content=\"Kompakte Zusammenfassung zu Emilia Galotti. Hier findest du eine Inhaltsangabe, eine Personenkonstellation, eine epochale Einordnung und Vieles mehr!\" \/>\n<meta property=\"og:url\" content=\"https:\/\/www.studyhelp.de\/online-lernen\/deutsch\/emilia-galotti-zusammenfassung\/\" \/>\n<meta property=\"og:site_name\" content=\"StudyHelp Online-Lernen\" \/>\n<meta property=\"article:modified_time\" content=\"2020-02-04T10:28:42+00:00\" \/>\n<meta property=\"og:image\" content=\"https:\/\/www.studyhelp.de\/online-lernen\/wp-content\/uploads\/2019\/04\/Personenkonstellation-8.jpg\" \/>\n<meta name=\"twitter:card\" content=\"summary_large_image\" \/>\n<script type=\"application\/ld+json\" class=\"yoast-schema-graph\">{\"@context\":\"https:\/\/schema.org\",\"@graph\":[{\"@type\":\"WebSite\",\"@id\":\"https:\/\/www.studyhelp.de\/online-lernen\/#website\",\"url\":\"https:\/\/www.studyhelp.de\/online-lernen\/\",\"name\":\"StudyHelp Online-Lernen\",\"description\":\"\",\"potentialAction\":[{\"@type\":\"SearchAction\",\"target\":\"https:\/\/www.studyhelp.de\/online-lernen\/?s={search_term_string}\",\"query-input\":\"required name=search_term_string\"}],\"inLanguage\":\"de-DE\"},{\"@type\":\"ImageObject\",\"@id\":\"https:\/\/www.studyhelp.de\/online-lernen\/deutsch\/emilia-galotti-zusammenfassung\/#primaryimage\",\"inLanguage\":\"de-DE\",\"url\":\"https:\/\/www.studyhelp.de\/online-lernen\/wp-content\/uploads\/2019\/04\/Personenkonstellation-8.jpg\",\"width\":1566,\"height\":879,\"caption\":\"Personenkonstellation\"},{\"@type\":\"WebPage\",\"@id\":\"https:\/\/www.studyhelp.de\/online-lernen\/deutsch\/emilia-galotti-zusammenfassung\/#webpage\",\"url\":\"https:\/\/www.studyhelp.de\/online-lernen\/deutsch\/emilia-galotti-zusammenfassung\/\",\"name\":\"Emilia Galotti - Zusammenfassung\",\"isPartOf\":{\"@id\":\"https:\/\/www.studyhelp.de\/online-lernen\/#website\"},\"primaryImageOfPage\":{\"@id\":\"https:\/\/www.studyhelp.de\/online-lernen\/deutsch\/emilia-galotti-zusammenfassung\/#primaryimage\"},\"datePublished\":\"2019-04-24T13:00:49+00:00\",\"dateModified\":\"2020-02-04T10:28:42+00:00\",\"description\":\"Kompakte Zusammenfassung zu Emilia Galotti. Hier findest du eine Inhaltsangabe, eine Personenkonstellation, eine epochale Einordnung und Vieles mehr!\",\"inLanguage\":\"de-DE\",\"potentialAction\":[{\"@type\":\"ReadAction\",\"target\":[\"https:\/\/www.studyhelp.de\/online-lernen\/deutsch\/emilia-galotti-zusammenfassung\/\"]}]}]}<\/script>\n<!-- \/ Yoast SEO plugin. -->","_links":{"self":[{"href":"https:\/\/www.studyhelp.de\/online-lernen\/wp-json\/wp\/v2\/pages\/12364"}],"collection":[{"href":"https:\/\/www.studyhelp.de\/online-lernen\/wp-json\/wp\/v2\/pages"}],"about":[{"href":"https:\/\/www.studyhelp.de\/online-lernen\/wp-json\/wp\/v2\/types\/page"}],"author":[{"embeddable":true,"href":"https:\/\/www.studyhelp.de\/online-lernen\/wp-json\/wp\/v2\/users\/3"}],"replies":[{"embeddable":true,"href":"https:\/\/www.studyhelp.de\/online-lernen\/wp-json\/wp\/v2\/comments?post=12364"}],"version-history":[{"count":13,"href":"https:\/\/www.studyhelp.de\/online-lernen\/wp-json\/wp\/v2\/pages\/12364\/revisions"}],"predecessor-version":[{"id":15573,"href":"https:\/\/www.studyhelp.de\/online-lernen\/wp-json\/wp\/v2\/pages\/12364\/revisions\/15573"}],"up":[{"embeddable":true,"href":"https:\/\/www.studyhelp.de\/online-lernen\/wp-json\/wp\/v2\/pages\/8123"}],"wp:attachment":[{"href":"https:\/\/www.studyhelp.de\/online-lernen\/wp-json\/wp\/v2\/media?parent=12364"}],"wp:term":[{"taxonomy":"category","embeddable":true,"href":"https:\/\/www.studyhelp.de\/online-lernen\/wp-json\/wp\/v2\/categories?post=12364"},{"taxonomy":"post_tag","embeddable":true,"href":"https:\/\/www.studyhelp.de\/online-lernen\/wp-json\/wp\/v2\/tags?post=12364"}],"curies":[{"name":"wp","href":"https:\/\/api.w.org\/{rel}","templated":true}]}}