{"id":15734,"date":"2020-03-12T13:17:40","date_gmt":"2020-03-12T12:17:40","guid":{"rendered":"https:\/\/www.studyhelp.de\/online-lernen\/?page_id=15734"},"modified":"2024-09-13T12:16:35","modified_gmt":"2024-09-13T10:16:35","slug":"artikel-im-englischen","status":"publish","type":"page","link":"https:\/\/www.studyhelp.de\/online-lernen\/englisch\/artikel-im-englischen\/","title":{"rendered":"Artikel im Englischen"},"content":{"rendered":"<p><strong>Artikel lassen sich in zwei Kategorien aufteilen:<\/strong><\/p>\n<ul>\n<li><em><strong>direct acrticles<\/strong><\/em> (bestimmte Artikel)<\/li>\n<li><em><strong>indirect articles<\/strong><\/em> (unbestimmte Artikel)<\/li>\n<\/ul>\n<p>Im Englischen existiert nur ein bestimmter Artikel: <em>the<\/em>. <\/p>\n<p>Dieser wird genutzt wenn man gezielt \u00fcber einen bestimmten Gegenstand spricht. Im Deutschen verwenden wir hierf\u00fcr W\u00f6rter wie der, die, das, den und \u00c4hnliche. Die Anwendung ist also dankbar einfach.<\/p>\n<p><center>Ich mag <strong>das<\/strong> Buch -> <u><em>I like <strong>the<\/strong> book.<\/em><\/center><\/u><\/p>\n<p><center>Kannst du mir <strong>die<\/strong> Tasse geben? -> <u><em>Can you give me <strong>the<\/strong> cup?<\/em><\/center><\/u><\/p>\n<p>Wichtig zu wissen ist, dass es bei englischen Artikeln keine Unterscheidung der Geschlechter gibt. Alles bekommt den Artikel <strong><em>the<\/em><\/strong>.<\/p>\n<p>Indirekte Artikel ben\u00f6tigen etwas mehr \u00dcbung, sind aber nicht komplozierter als ihre direkte Verwandschaft. Wir verwenden sie, wenn wir \u00fcber einen nicht genauer bestimmten Gegenstand im Satz sprechen.<\/p>\n<p>Ein oder eine sind Beispiele f\u00fcr unbestimmte Artikel in der deutschen Sprache, im Englischen verwenden wir daf\u00fcr einfach das Wort bzw. den Buchstaben <em>a<\/em>.<\/p>\n<p><center>Im satz: Kann ich mir <strong>einen<\/strong> Stift leihen? -> <u><em>Can I borrow <strong>the<\/strong> pen?<\/em><\/center><\/u><\/p>\n<p>geht es beispielsweise um keinen bestimmten Stift. Es gibt viele Stifte und du m\u00f6chtest dir irgendeinen ausleihen. Nutzen wir hingegen den bestimmten Artikel<\/p>\n<p><center>Kann ich mir <strong>den<\/strong> Stift leihen? -> <u><em>Can I borrow <strong>the<\/strong> pen?<\/em><\/center><\/u><\/p>\n<p>ist nur von einem einzigen Stift die Rede. Du m\u00f6chtest genau diesen einen Stift leihen, keinen anderen.<\/p>\n<div class=\"box info\">\n<p>Eine <strong>Sonderregelung bei unbestimmten Artikeln<\/strong> tritt ein, wenn das Wort, das auf den Artikel folgt, mit  einem Vokal anf\u00e4ngt:<\/p>\n<p><strong>a, e, i, o, u<\/strong>\n<\/p>\n<\/div>\n<p><center>Meine Mutter ist <strong> eine<\/strong> extrem gute K\u00f6chin. -> <u><em>My mother is an <strong>an<\/strong> extremely good cook.<\/center><\/em><\/u><\/p>\n<p><center>Hast du <strong>einen<\/strong> Onkel? -> <em>Do you have <strong>an<\/strong> uncle?<\/em><\/center><\/p>\n<div class=\"box info\">\n<p><em>The usage of an isn&#8217;t actually based on the following letter, but on the following sound. The letter &#8222;h&#8220; in the words honor and herb, for example, can be silent. This means the word actually starts with &#8222;e&#8220; or &#8222;o&#8220; and you need to use &#8222;an&#8220;, not &#8222;a&#8220;. This only makes a difference in a few cases, so choosing &#8222;a&#8220; or &#8222;an&#8220; based on the following letter is alright for beginners.<\/em><\/p>\n<\/div>\n Ver\u00f6ffentlich am 12.03.2020,  zuletzt aktualisiert: 13.09.2024 von StudyHelp\n","protected":false},"excerpt":{"rendered":"<p>Artikel lassen sich in zwei Kategorien aufteilen: direct acrticles (bestimmte Artikel) indirect articles (unbestimmte Artikel) Im Englischen existiert nur ein bestimmter Artikel: the. Dieser wird genutzt wenn man gezielt \u00fcber einen bestimmten Gegenstand spricht. Im Deutschen verwenden wir hierf\u00fcr W\u00f6rter wie der, die, das, den und \u00c4hnliche. Die Anwendung ist also dankbar einfach. Ich mag [&hellip;]<\/p>\n","protected":false},"author":3,"featured_media":0,"parent":15357,"menu_order":0,"comment_status":"closed","ping_status":"closed","template":"","meta":[],"categories":[68],"tags":[],"yoast_head":"<!-- This site is optimized with the Yoast SEO plugin v14.7 - https:\/\/yoast.com\/wordpress\/plugins\/seo\/ -->\n<title>Artikel im Englischen - StudyHelp Online-Lernen<\/title>\n<meta name=\"description\" content=\"Artikel im Englischen sind nicht sehr kompliziert zu lernen. Wir zeigen dir auf dieser Seite, wie du Artikel im Englischen anwenden musst.\" \/>\n<meta name=\"robots\" content=\"index, follow\" \/>\n<meta name=\"googlebot\" content=\"index, follow, max-snippet:-1, max-image-preview:large, max-video-preview:-1\" \/>\n<meta name=\"bingbot\" content=\"index, follow, max-snippet:-1, max-image-preview:large, max-video-preview:-1\" \/>\n<link rel=\"canonical\" href=\"https:\/\/www.studyhelp.de\/online-lernen\/englisch\/artikel-im-englischen\/\" \/>\n<meta property=\"og:locale\" content=\"de_DE\" \/>\n<meta property=\"og:type\" content=\"article\" \/>\n<meta property=\"og:title\" content=\"Artikel im Englischen - StudyHelp Online-Lernen\" \/>\n<meta property=\"og:description\" content=\"Artikel im Englischen sind nicht sehr kompliziert zu lernen. Wir zeigen dir auf dieser Seite, wie du Artikel im Englischen anwenden musst.\" \/>\n<meta property=\"og:url\" content=\"https:\/\/www.studyhelp.de\/online-lernen\/englisch\/artikel-im-englischen\/\" \/>\n<meta property=\"og:site_name\" content=\"StudyHelp Online-Lernen\" \/>\n<meta property=\"article:modified_time\" content=\"2024-09-13T10:16:35+00:00\" \/>\n<meta name=\"twitter:card\" content=\"summary_large_image\" \/>\n<script type=\"application\/ld+json\" class=\"yoast-schema-graph\">{\"@context\":\"https:\/\/schema.org\",\"@graph\":[{\"@type\":\"WebSite\",\"@id\":\"https:\/\/www.studyhelp.de\/online-lernen\/#website\",\"url\":\"https:\/\/www.studyhelp.de\/online-lernen\/\",\"name\":\"StudyHelp Online-Lernen\",\"description\":\"\",\"potentialAction\":[{\"@type\":\"SearchAction\",\"target\":\"https:\/\/www.studyhelp.de\/online-lernen\/?s={search_term_string}\",\"query-input\":\"required name=search_term_string\"}],\"inLanguage\":\"de-DE\"},{\"@type\":\"WebPage\",\"@id\":\"https:\/\/www.studyhelp.de\/online-lernen\/englisch\/artikel-im-englischen\/#webpage\",\"url\":\"https:\/\/www.studyhelp.de\/online-lernen\/englisch\/artikel-im-englischen\/\",\"name\":\"Artikel im Englischen - StudyHelp Online-Lernen\",\"isPartOf\":{\"@id\":\"https:\/\/www.studyhelp.de\/online-lernen\/#website\"},\"datePublished\":\"2020-03-12T12:17:40+00:00\",\"dateModified\":\"2024-09-13T10:16:35+00:00\",\"description\":\"Artikel im Englischen sind nicht sehr kompliziert zu lernen. Wir zeigen dir auf dieser Seite, wie du Artikel im Englischen anwenden musst.\",\"inLanguage\":\"de-DE\",\"potentialAction\":[{\"@type\":\"ReadAction\",\"target\":[\"https:\/\/www.studyhelp.de\/online-lernen\/englisch\/artikel-im-englischen\/\"]}]}]}<\/script>\n<!-- \/ Yoast SEO plugin. -->","_links":{"self":[{"href":"https:\/\/www.studyhelp.de\/online-lernen\/wp-json\/wp\/v2\/pages\/15734"}],"collection":[{"href":"https:\/\/www.studyhelp.de\/online-lernen\/wp-json\/wp\/v2\/pages"}],"about":[{"href":"https:\/\/www.studyhelp.de\/online-lernen\/wp-json\/wp\/v2\/types\/page"}],"author":[{"embeddable":true,"href":"https:\/\/www.studyhelp.de\/online-lernen\/wp-json\/wp\/v2\/users\/3"}],"replies":[{"embeddable":true,"href":"https:\/\/www.studyhelp.de\/online-lernen\/wp-json\/wp\/v2\/comments?post=15734"}],"version-history":[{"count":21,"href":"https:\/\/www.studyhelp.de\/online-lernen\/wp-json\/wp\/v2\/pages\/15734\/revisions"}],"predecessor-version":[{"id":18049,"href":"https:\/\/www.studyhelp.de\/online-lernen\/wp-json\/wp\/v2\/pages\/15734\/revisions\/18049"}],"up":[{"embeddable":true,"href":"https:\/\/www.studyhelp.de\/online-lernen\/wp-json\/wp\/v2\/pages\/15357"}],"wp:attachment":[{"href":"https:\/\/www.studyhelp.de\/online-lernen\/wp-json\/wp\/v2\/media?parent=15734"}],"wp:term":[{"taxonomy":"category","embeddable":true,"href":"https:\/\/www.studyhelp.de\/online-lernen\/wp-json\/wp\/v2\/categories?post=15734"},{"taxonomy":"post_tag","embeddable":true,"href":"https:\/\/www.studyhelp.de\/online-lernen\/wp-json\/wp\/v2\/tags?post=15734"}],"curies":[{"name":"wp","href":"https:\/\/api.w.org\/{rel}","templated":true}]}}