{"id":15880,"date":"2020-06-08T09:31:00","date_gmt":"2020-06-08T07:31:00","guid":{"rendered":"https:\/\/www.studyhelp.de\/online-lernen\/?page_id=15880"},"modified":"2024-09-13T12:18:08","modified_gmt":"2024-09-13T10:18:08","slug":"adverbs-adverbien-im-englischen","status":"publish","type":"page","link":"https:\/\/www.studyhelp.de\/online-lernen\/englisch\/adverbs-adverbien-im-englischen\/","title":{"rendered":"Adverbs &#8211; Adverbien im Englischen"},"content":{"rendered":"<p>Adverbs sind Beschreibungsw\u00f6rter, die im Satz zus\u00e4tzliche Informationen \u00fcbermitteln. Sie werden gebildet, indem die Endung -ly zu einem Adjektiv hinzugef\u00fcgt wird.<\/p>\n<p>Der Satz <i><u>&#8222;The boy runs home.&#8220;<\/u><\/i> sagt uns, dass der Junge nach Hause rennt, allerdings nicht wie er es tut. Schnell, langsam, m\u00fcde? F\u00fcr diese Situation ben\u00f6tigen wir ein Adverb. <\/p>\n<p>Nehmen wir an, dass der Junge schnell rennt, so m\u00fcssen wir das Wort <i>quick<\/i> in dem Satz als Adverb unterbringen. Um aus <i>quick<\/i> ein Adverb zu machen, f\u00fcgen wir ein -ly hinzu und setzen es in den Satz<br \/>\nein.<\/p>\n<p><i>The boy runs home <u>quickly<\/u>.<\/i><\/p>\n<p>Das Adverb <i>quickly<\/i> beschreibt somit das Rennen, also die ausgef\u00fchrte T\u00e4tigkeit und nicht den Jungen.<\/p>\n<p>Sieh dir nun folgende S\u00e4tze an und \u00fcberlege, ob das markierte Wort ein Adverb oder ein Adjektiv ist.<\/p>\n<div class=\"box info\">\n<p>Denk daran: Beschreibt das Wort&#8230;<\/p>\n<ul>\n<li>ein Substantiv, dann ist es ein Adjektiv<\/li>\n<li>ein Verb, dann ist es ein Adverb<\/li>\n<\/ul>\n<\/div>\n<p>Das M\u00e4dchen blickt <u>hungrig<\/u> auf den Burger.<br \/>\nMein Freund ist ein <u>guter<\/u> Fu\u00dfballspieler.<br \/>\nDer Regenschirm ist <u>nass<\/u>.<\/p>\n<p>Das <u>scharfe<\/u> Messer schneidet den Kuchen <u>pr\u00e4zise<\/u>.<\/p>\n<p>Im ersten Satz beschreibt das Wort \u201ehungrig\u201c nicht das M\u00e4dchen oder den Burger, sondern wie sie auf den Burger blickt. Es ist somit ein <strong>Adverb<\/strong>.<\/p>\n<p><i>The girl looks at the burger <u>hungrily<\/u>.<\/i><\/p>\n<p>Das Wort \u201eguter\u201c im zweiten Satz beschreibt was f\u00fcr ein Fu\u00dfballspieler mein Freund ist. \u201eFu\u00dfball-spieler\u201c ist ein Substantiv und guter somit ein Adjektiv.<\/p>\n<p><i>My friend is a <u>good<\/u> football player.<\/i><\/p>\n<p>Mit \u201enass\u201c wird im dritten Satz der Regenschirm beschrieben. Da \u201eRegenschirm\u201c ein Substantiv ist, handelt es sich bei nass um ein Adjektiv.<\/p>\n<p><i>The umbrella is <u>wet<\/u>.<\/i><\/p>\n<p>Der vierte Satz beinhaltet ein Adjektiv und ein Adverb. Das Adjektiv \u201escharf\u201c beschreibt das Messer, das Adverb \u201epr\u00e4zise\u201c hingegen wie es schneidet.<\/p>\n<p><i>The <u>sharp<\/u> knife cuts the cake <u>precisely<\/u>.<\/i><\/p>\n<div class=\"box info\">\nSome Adverbs do not get a \u201e-ly\u201c attachment. They stay the same or get a completely new form.<\/p>\n<p>Here are some examples:<br \/>\n<i>hard \u2192 hard<\/i><br \/>\n<i>fast \u2192 fast<\/i><br \/>\n<i>good \u2192 well<\/i><\/p>\n<p><i>\u201eHard\u201c is an important example, because the adverb \u201ehardly\u201c actually exists as well, but it has a completely different meaning. \u201eHardly\u201c translates to \u201ekaum\u201c in German.<\/i><\/p>\n<p><i>I hardly work.<\/i><br \/>\n\u2193<br \/>\nIch arbeite kaum.<br \/>\n<\/div>\n<h2>Adverbien zur Beschreibung von Adjektiven<\/h2>\n<p>Adverbien zur Beschreibung von Adjektiven haben sich schon so in den normalen Sprachgebrauch eingeb\u00fcrgert, dass wir sie gar nicht mehr bemerken. Die wohl am h\u00e4ufigsten verwendeten Adverbien sind zum Beispiel <i>very<\/i> oder <i>really<\/i>. Im Satz setzen wir es einfach direkt vor das zu beschreibende Adjektiv.<\/p>\n<p><i>You look pretty.<\/i><br \/>\n<i>You look <u>really<\/u> pretty.<\/i><\/p>\n<p><i>I am tired.<\/i><br \/>\n<i>I am <u>very<\/u> tired.<\/i><\/p>\n<p>Nat\u00fcrlich k\u00f6nnen wir auch viele der anderen Verben mit der -ly Endung zur Beschreibung von Adjektiven benutzen.<\/p>\n<h2>Adverbien f\u00fcr Fortgeschrittene<\/h2>\n<p>Auch wenn die Bildung und Verwendung von Adverbien relativ einfach aussieht, spielen sie eine sehr wichtige Rolle in der englischen Sprache. Adverbien sind nicht nur einfache Beschreibungsw\u00f6rter. Sie umfassen auch alle Angaben, die auf die Fragen \u201ewo, wann und wie\u201c antworten, einen Zustand beschreiben oder einen Grund angeben. Durch die sogenannten Adverb Clauses k\u00f6nnen diese ganze Satzabschnitte umfassen. <\/p>\n<p>Hier ein paar Beispiele:<\/p>\n<p><i>Sorry, I don\u2019t have time right now.<\/i><br \/>\n<i>Are you alright?<\/i><br \/>\n<i>I\u2019m moving to the city without my parents.<\/i><\/p>\n Ver\u00f6ffentlich am 08.06.2020,  zuletzt aktualisiert: 13.09.2024 von StudyHelp\n","protected":false},"excerpt":{"rendered":"<p>Adverbs sind Beschreibungsw\u00f6rter, die im Satz zus\u00e4tzliche Informationen \u00fcbermitteln. Sie werden gebildet, indem die Endung -ly zu einem Adjektiv hinzugef\u00fcgt wird. Der Satz &#8222;The boy runs home.&#8220; sagt uns, dass der Junge nach Hause rennt, allerdings nicht wie er es tut. Schnell, langsam, m\u00fcde? F\u00fcr diese Situation ben\u00f6tigen wir ein Adverb. Nehmen wir an, dass [&hellip;]<\/p>\n","protected":false},"author":3,"featured_media":0,"parent":15357,"menu_order":0,"comment_status":"closed","ping_status":"closed","template":"","meta":[],"categories":[68],"tags":[],"yoast_head":"<!-- This site is optimized with the Yoast SEO plugin v14.7 - https:\/\/yoast.com\/wordpress\/plugins\/seo\/ -->\n<title>Adverbs - Adverbien im Englischen - StudyHelp Online-Lernen<\/title>\n<meta name=\"robots\" content=\"index, follow\" \/>\n<meta name=\"googlebot\" content=\"index, follow, max-snippet:-1, max-image-preview:large, max-video-preview:-1\" \/>\n<meta name=\"bingbot\" content=\"index, follow, max-snippet:-1, max-image-preview:large, max-video-preview:-1\" \/>\n<link rel=\"canonical\" href=\"https:\/\/www.studyhelp.de\/online-lernen\/englisch\/adverbs-adverbien-im-englischen\/\" \/>\n<meta property=\"og:locale\" content=\"de_DE\" \/>\n<meta property=\"og:type\" content=\"article\" \/>\n<meta property=\"og:title\" content=\"Adverbs - Adverbien im Englischen - StudyHelp Online-Lernen\" \/>\n<meta property=\"og:description\" content=\"Adverbs sind Beschreibungsw\u00f6rter, die im Satz zus\u00e4tzliche Informationen \u00fcbermitteln. Sie werden gebildet, indem die Endung -ly zu einem Adjektiv hinzugef\u00fcgt wird. Der Satz &#8222;The boy runs home.&#8220; sagt uns, dass der Junge nach Hause rennt, allerdings nicht wie er es tut. Schnell, langsam, m\u00fcde? F\u00fcr diese Situation ben\u00f6tigen wir ein Adverb. Nehmen wir an, dass [&hellip;]\" \/>\n<meta property=\"og:url\" content=\"https:\/\/www.studyhelp.de\/online-lernen\/englisch\/adverbs-adverbien-im-englischen\/\" \/>\n<meta property=\"og:site_name\" content=\"StudyHelp Online-Lernen\" \/>\n<meta property=\"article:modified_time\" content=\"2024-09-13T10:18:08+00:00\" \/>\n<meta name=\"twitter:card\" content=\"summary_large_image\" \/>\n<script type=\"application\/ld+json\" class=\"yoast-schema-graph\">{\"@context\":\"https:\/\/schema.org\",\"@graph\":[{\"@type\":\"WebSite\",\"@id\":\"https:\/\/www.studyhelp.de\/online-lernen\/#website\",\"url\":\"https:\/\/www.studyhelp.de\/online-lernen\/\",\"name\":\"StudyHelp Online-Lernen\",\"description\":\"\",\"potentialAction\":[{\"@type\":\"SearchAction\",\"target\":\"https:\/\/www.studyhelp.de\/online-lernen\/?s={search_term_string}\",\"query-input\":\"required name=search_term_string\"}],\"inLanguage\":\"de-DE\"},{\"@type\":\"WebPage\",\"@id\":\"https:\/\/www.studyhelp.de\/online-lernen\/englisch\/adverbs-adverbien-im-englischen\/#webpage\",\"url\":\"https:\/\/www.studyhelp.de\/online-lernen\/englisch\/adverbs-adverbien-im-englischen\/\",\"name\":\"Adverbs - Adverbien im Englischen - StudyHelp Online-Lernen\",\"isPartOf\":{\"@id\":\"https:\/\/www.studyhelp.de\/online-lernen\/#website\"},\"datePublished\":\"2020-06-08T07:31:00+00:00\",\"dateModified\":\"2024-09-13T10:18:08+00:00\",\"inLanguage\":\"de-DE\",\"potentialAction\":[{\"@type\":\"ReadAction\",\"target\":[\"https:\/\/www.studyhelp.de\/online-lernen\/englisch\/adverbs-adverbien-im-englischen\/\"]}]}]}<\/script>\n<!-- \/ Yoast SEO plugin. -->","_links":{"self":[{"href":"https:\/\/www.studyhelp.de\/online-lernen\/wp-json\/wp\/v2\/pages\/15880"}],"collection":[{"href":"https:\/\/www.studyhelp.de\/online-lernen\/wp-json\/wp\/v2\/pages"}],"about":[{"href":"https:\/\/www.studyhelp.de\/online-lernen\/wp-json\/wp\/v2\/types\/page"}],"author":[{"embeddable":true,"href":"https:\/\/www.studyhelp.de\/online-lernen\/wp-json\/wp\/v2\/users\/3"}],"replies":[{"embeddable":true,"href":"https:\/\/www.studyhelp.de\/online-lernen\/wp-json\/wp\/v2\/comments?post=15880"}],"version-history":[{"count":8,"href":"https:\/\/www.studyhelp.de\/online-lernen\/wp-json\/wp\/v2\/pages\/15880\/revisions"}],"predecessor-version":[{"id":18054,"href":"https:\/\/www.studyhelp.de\/online-lernen\/wp-json\/wp\/v2\/pages\/15880\/revisions\/18054"}],"up":[{"embeddable":true,"href":"https:\/\/www.studyhelp.de\/online-lernen\/wp-json\/wp\/v2\/pages\/15357"}],"wp:attachment":[{"href":"https:\/\/www.studyhelp.de\/online-lernen\/wp-json\/wp\/v2\/media?parent=15880"}],"wp:term":[{"taxonomy":"category","embeddable":true,"href":"https:\/\/www.studyhelp.de\/online-lernen\/wp-json\/wp\/v2\/categories?post=15880"},{"taxonomy":"post_tag","embeddable":true,"href":"https:\/\/www.studyhelp.de\/online-lernen\/wp-json\/wp\/v2\/tags?post=15880"}],"curies":[{"name":"wp","href":"https:\/\/api.w.org\/{rel}","templated":true}]}}