{"id":16246,"date":"2020-08-20T15:56:49","date_gmt":"2020-08-20T13:56:49","guid":{"rendered":"https:\/\/www.studyhelp.de\/online-lernen\/?page_id=16246"},"modified":"2020-08-25T15:15:50","modified_gmt":"2020-08-25T13:15:50","slug":"mengen","status":"publish","type":"page","link":"https:\/\/www.studyhelp.de\/online-lernen\/mathe\/mengen\/","title":{"rendered":"Mengen"},"content":{"rendered":"\n<p>Eine Menge ist eine Zusammenfassung von wohl unterscheidbaren Elementen zu einem Ganzen. <\/p>\n<p>Das bedeutet, dass wir jegliche Objekte in einer Menge zusammenfassen k\u00f6nnen und so auch eine Menge erhalten, wenn wir die einzelnen Objekte unterscheiden k\u00f6nnen. Diese beschreiben wir nach der g\u00e4ngigen Konvention mit geschweiften Klammern. Schau dir folgendes Lernvideo zur Menge von Daniel an, falls du noch Hilfe bei der Definition von Mengen brauchst:<\/p>\n<p><\/p>\n<p>Beispielsweise sind&#8230;<br \/>\n$A = \\{\\text{rot, blau, gr\u00fcn, gelb}\\}$<br \/>\n$B = \\{\\text{gro\u00df, klein, stark, schwach}\\}$<br \/>\n$C = \\{1,2,3,4\\}$<br \/>\n$D = \\{\\text{gr\u00fcn},~ 2,~ \\pi,~ \\sqcap,~ \\text{qprt}\\}$<br \/>\n$E = \\{x\\in\\mathbb{R}:x^2>1\\}$<br \/>\n&#8230;jeweils Mengen. Dabei ist es unerheblich, ob sich in dieser Menge Farben, Zahlen oder auch auf den ersten Blick unlogische Zeichen oder Textfolgen befinden. Hingegen sind<\/p>\n<ul>\n<li>$G=\\{0,1,2,3,4,5,0\\}$<\/li>\n<li>$H=\\{\\text{gro\u00df, klein, sehr klein, winzig, riesig, gro\u00df, gigantisch}\\}$<\/li>\n<\/ul>\n<p>keine Mengen, da sie jeweils zwei ununterscheidbare Elemente beinhalten. F\u00fcr solche Objekte gibt es verschiedene Rechenoperationen, welche wir in folgender Tabelle beschreiben:<\/p>\n<div class=\"Table\">\n<div class=\"Table-row Table-header\">\n<div class=\"Table-row-item\">Mengen-Operation<\/div>\n<div class=\"Table-row-item\">Bedeutung<\/div>\n<\/p><\/div>\n<div class=\"Table-row\">\n<div class=\"Table-row-item\">\u00d8<\/div>\n<div class=\"Table-row-item\">\n<p>Beschreibt die leere Menge, die keine Elemente enth\u00e4lt.<\/p>\n<\/div><\/div>\n<div class=\"Table-row\">\n<div class=\"Table-row-item\">$x\\in M$<\/div>\n<div class=\"Table-row-item\">\n<p>Beschreibt, dass ein Element x in einer Menge M enthalten ist.<\/p>\n<\/div><\/div>\n<div class=\"Table-row\">\n<div class=\"Table-row-item\">$x\\notin M$<\/div>\n<div class=\"Table-row-item\">\n<p>Beschreibt, dass ein Element x nicht in einer Menge M enthalten ist.<\/p>\n<\/div><\/div>\n<div class=\"Table-row\">\n<div class=\"Table-row-item\">$M\\subset N$<\/div>\n<div class=\"Table-row-item\">\n<p>Beschreibt die Teilmengeneigenschaft. M ist also eine Teilmenge der Menge N und somit sind alle Mengen von M auch in N enthalten.<\/p>\n<\/div><\/div>\n<div class=\"Table-row\">\n<div class=\"Table-row-item\">$M\\cup N$<\/div>\n<div class=\"Table-row-item\">\n<p>Beschreibt die Vereinigung von zwei Mengen, das hei\u00dft, dass in der Vereinigung von M und N jedes Element von M und N liegt.<\/p>\n<\/div><\/div>\n<div class=\"Table-row\">\n<div class=\"Table-row-item\">$M\\cap N$<\/div>\n<div class=\"Table-row-item\">\n<p>Beschreibt den Schnitt von zwei Mengen, das hei\u00dft, dass im Schnitt von zwei Mengen M und N nur die Elemente enthalten sind, welche sowohl in M als auch in N enthalten sind.<\/p>\n<\/div><\/div>\n<div class=\"Table-row\">\n<div class=\"Table-row-item\">$M\\big\\backslash N$<\/div>\n<div class=\"Table-row-item\">\n<p>Beschreibt die Differenzbildung der Mengen M und N. Wir sprechen von &#8222;M ohne N&#8220;. Also sind in M ohne N gerade die Elemente enthalten, welche in M aber nicht in N liegen.<\/p>\n<\/div><\/div>\n<\/p><\/div>\n<p>Diese Operationen betrachten wir nun an folgenden Beispielen. Seien dazu die Mengen $A$, $B$, $C$ und $D$ wie oben beschrieben, dann gilt:<\/p>\n<ul>\n<li>$A \\neq\\emptyset$<\/li>\n<li>$\\{1,2\\}  =\\{2,1\\}$<\/li>\n<li>$\\text{gro\u00df} \\in B$<\/li>\n<li>$\\text{gro\u00df} \\notin C$<\/li>\n<li>$\\{1,2\\} \\subset B$<\/li>\n<li>$A \\cup B  = \\{\\text{rot, blau, gr\u00fcn, gelb, gro\u00df, klein, stark, schwach}\\}$<\/li>\n<li>$C \\cup D  =\\{1,2,3,4,\\text{gr\u00fcn, }\\pi,\\sqcap,\\text{qprt}\\}$<\/li>\n<li>$A \\cap C   = \\emptyset$<\/li>\n<li>$C \\cap D  =\\{2\\}$<\/li>\n<li>$C\\big\\backslash D = \\{1,3,4\\}$<\/li>\n<\/ul>\n<p>Abschlie\u00dfend wiederholen wir in diesem Abschnitt noch die reellen Intervalle als Mengen, da diese im Laufe der verschiedenen Thematiken h\u00e4ufig auftauchen werden. Es gilt:<\/p>\n<p>$(a,b) \\rightarrow$ Alle $x\\in\\mathbb{R}$, bei denen gilt: $a&lt;x&lt;b$<\/p>\n<p>$[a,b) \\rightarrow$ Alle $x\\in\\mathbb{R}$, bei denen gilt: $a\\leq x&lt;b$<\/p>\n<p>$(a,b] \\rightarrow$ Alle $x\\in\\mathbb{R}$, bei denen gilt: $a&lt;x\\leq b$ <\/p>\n<p>$[a,b] \\rightarrow$ Alle $x\\in\\mathbb{R}$, bei denen gilt: $a\\leq x\\leq b$<\/p>\n","protected":false},"excerpt":{"rendered":"<p>Eine Menge ist eine Zusammenfassung von wohl unterscheidbaren Elementen zu einem Ganzen. Das bedeutet, dass wir jegliche Objekte in einer Menge zusammenfassen k\u00f6nnen und so auch eine Menge erhalten, wenn wir die einzelnen Objekte unterscheiden k\u00f6nnen. Diese beschreiben wir nach der g\u00e4ngigen Konvention mit geschweiften Klammern. Schau dir folgendes Lernvideo zur Menge von Daniel an, [&hellip;]<\/p>\n","protected":false},"author":3,"featured_media":0,"parent":6291,"menu_order":0,"comment_status":"closed","ping_status":"closed","template":"","meta":[],"categories":[74],"tags":[],"yoast_head":"<!-- This site is optimized with the Yoast SEO plugin v14.7 - https:\/\/yoast.com\/wordpress\/plugins\/seo\/ -->\n<title>Was ist eine Menge? - StudyHelp Online-Lernen<\/title>\n<meta name=\"description\" content=\"Eine Menge ist eine Zusammenfassung von wohl unterscheidbaren Elementen zu einem Ganzen.\" \/>\n<meta name=\"robots\" content=\"index, follow\" \/>\n<meta name=\"googlebot\" content=\"index, follow, max-snippet:-1, max-image-preview:large, max-video-preview:-1\" \/>\n<meta name=\"bingbot\" content=\"index, follow, max-snippet:-1, max-image-preview:large, max-video-preview:-1\" \/>\n<link rel=\"canonical\" href=\"https:\/\/www.studyhelp.de\/online-lernen\/mathe\/mengen\/\" \/>\n<meta property=\"og:locale\" content=\"de_DE\" \/>\n<meta property=\"og:type\" content=\"article\" \/>\n<meta property=\"og:title\" content=\"Was ist eine Menge? - StudyHelp Online-Lernen\" \/>\n<meta property=\"og:description\" content=\"Eine Menge ist eine Zusammenfassung von wohl unterscheidbaren Elementen zu einem Ganzen.\" \/>\n<meta property=\"og:url\" content=\"https:\/\/www.studyhelp.de\/online-lernen\/mathe\/mengen\/\" \/>\n<meta property=\"og:site_name\" content=\"StudyHelp Online-Lernen\" \/>\n<meta property=\"article:modified_time\" content=\"2020-08-25T13:15:50+00:00\" \/>\n<meta name=\"twitter:card\" content=\"summary_large_image\" \/>\n<script type=\"application\/ld+json\" class=\"yoast-schema-graph\">{\"@context\":\"https:\/\/schema.org\",\"@graph\":[{\"@type\":\"WebSite\",\"@id\":\"https:\/\/www.studyhelp.de\/online-lernen\/#website\",\"url\":\"https:\/\/www.studyhelp.de\/online-lernen\/\",\"name\":\"StudyHelp Online-Lernen\",\"description\":\"\",\"potentialAction\":[{\"@type\":\"SearchAction\",\"target\":\"https:\/\/www.studyhelp.de\/online-lernen\/?s={search_term_string}\",\"query-input\":\"required name=search_term_string\"}],\"inLanguage\":\"de-DE\"},{\"@type\":\"WebPage\",\"@id\":\"https:\/\/www.studyhelp.de\/online-lernen\/mathe\/mengen\/#webpage\",\"url\":\"https:\/\/www.studyhelp.de\/online-lernen\/mathe\/mengen\/\",\"name\":\"Was ist eine Menge? - StudyHelp Online-Lernen\",\"isPartOf\":{\"@id\":\"https:\/\/www.studyhelp.de\/online-lernen\/#website\"},\"datePublished\":\"2020-08-20T13:56:49+00:00\",\"dateModified\":\"2020-08-25T13:15:50+00:00\",\"description\":\"Eine Menge ist eine Zusammenfassung von wohl unterscheidbaren Elementen zu einem Ganzen.\",\"inLanguage\":\"de-DE\",\"potentialAction\":[{\"@type\":\"ReadAction\",\"target\":[\"https:\/\/www.studyhelp.de\/online-lernen\/mathe\/mengen\/\"]}]}]}<\/script>\n<!-- \/ Yoast SEO plugin. -->","_links":{"self":[{"href":"https:\/\/www.studyhelp.de\/online-lernen\/wp-json\/wp\/v2\/pages\/16246"}],"collection":[{"href":"https:\/\/www.studyhelp.de\/online-lernen\/wp-json\/wp\/v2\/pages"}],"about":[{"href":"https:\/\/www.studyhelp.de\/online-lernen\/wp-json\/wp\/v2\/types\/page"}],"author":[{"embeddable":true,"href":"https:\/\/www.studyhelp.de\/online-lernen\/wp-json\/wp\/v2\/users\/3"}],"replies":[{"embeddable":true,"href":"https:\/\/www.studyhelp.de\/online-lernen\/wp-json\/wp\/v2\/comments?post=16246"}],"version-history":[{"count":26,"href":"https:\/\/www.studyhelp.de\/online-lernen\/wp-json\/wp\/v2\/pages\/16246\/revisions"}],"predecessor-version":[{"id":16278,"href":"https:\/\/www.studyhelp.de\/online-lernen\/wp-json\/wp\/v2\/pages\/16246\/revisions\/16278"}],"up":[{"embeddable":true,"href":"https:\/\/www.studyhelp.de\/online-lernen\/wp-json\/wp\/v2\/pages\/6291"}],"wp:attachment":[{"href":"https:\/\/www.studyhelp.de\/online-lernen\/wp-json\/wp\/v2\/media?parent=16246"}],"wp:term":[{"taxonomy":"category","embeddable":true,"href":"https:\/\/www.studyhelp.de\/online-lernen\/wp-json\/wp\/v2\/categories?post=16246"},{"taxonomy":"post_tag","embeddable":true,"href":"https:\/\/www.studyhelp.de\/online-lernen\/wp-json\/wp\/v2\/tags?post=16246"}],"curies":[{"name":"wp","href":"https:\/\/api.w.org\/{rel}","templated":true}]}}