{"id":17193,"date":"2024-11-13T12:26:22","date_gmt":"2024-11-13T11:26:22","guid":{"rendered":"https:\/\/www.studyhelp.de\/online-lernen\/?page_id=17193"},"modified":"2024-11-13T12:26:22","modified_gmt":"2024-11-13T11:26:22","slug":"bilanz","status":"publish","type":"page","link":"https:\/\/www.studyhelp.de\/online-lernen\/bilanz\/","title":{"rendered":"Bilanz"},"content":{"rendered":"<p>Das <b>Anlageverm\u00f6gen<\/b> bildet die Grundlage der Betriebsbereitschaft. Deshalb geh\u00f6ren dazu alle Verm\u00f6gensposten, die dem Unternehmen langfristig dienen.<\/p>\n<p>Das <b>Umlaufverm\u00f6gen<\/b> umfasst alle Verm\u00f6gensposten, die sich kurzfristig in ihrer H\u00f6he ver\u00e4ndern, weil sie sich st\u00e4ndig &#8222;im Umlauf&#8220; befinden: Werkstoffe werden eingekauft und dann zu Fertigerzeugnissen verarbeitet. Werden Fertigerzeugnisse mit einem Zahlungsziel verkauft, entstehen im Unternehmen Forderungen aus Lieferungen und Leistungen (kurz: Ford. a. LL.). Begleichen die Kunden ihre Rechnungen durch Bank\u00fcberweisung, vermindert sich der Forderungsbestand, wobei sich zugleich das Bankguthaben erh\u00f6ht, das wiederum zum Kauf von Werkstoffen verwendet werden kann.<\/p>\n<p>Die <b>Verm\u00f6gensposten<\/b> werden im Inventar nach steigender Fl\u00fcssigkeit (Liquidit\u00e4t) geordnet, also nach dem Grad, wie schnell sie in Geld umgesetzt werden k\u00f6nnen. Die <b>Schulden<\/b> (Verbindlichkeiten) werden im Inventar nach ihrer F\u00e4lligkeit geordnet.<\/p>\n<p>Das <b>Eigenkapital<\/b> oder <b>Reinverm\u00f6gen<\/b> des Unternehmens ergibt sich, indem die Schulden vom Verm\u00f6gen abgezogen werden.<\/p>\n<p>Das Inventar ist eine ausf\u00fchrliche Aufstellung der einzelnen Verm\u00f6gensteile und Schulden (Fremdkapital) nach Art, Menge und Wert, das ganze B\u00e4nde umfassen kann. Dadurch verliert es erheblich an \u00dcbersichtlichkeit. \u00a7 242 HGB verlangt daher au\u00dfer der regelm\u00e4\u00dfigen Aufstellung des Inventars noch eine kurz gefasste \u00dcbersicht, die es erm\u00f6glicht, geradezu mit einem Blick das Verh\u00e4ltnis zwischen Verm\u00f6gen und Schulden des Unternehmens zu \u00fcberschauen.<\/p>\n<p>Eine solche \u00dcbersicht ist die <b>Bilanz<\/b>. Mehr dazu im folgenden Video:<\/p>\n<p>\n<div class=\"lyte-wrapper\" style=\"width:420px;max-width:100%;margin:5px;\"><div class=\"lyMe\" id=\"WYL_f7bmx4Iv_jA\"><div id=\"lyte_f7bmx4Iv_jA\" data-src=\"https:\/\/www.studyhelp.de\/online-lernen\/wp-content\/plugins\/wp-youtube-lyte\/lyteCache.php?origThumbUrl=%2F%2Fi.ytimg.com%2Fvi%2Ff7bmx4Iv_jA%2Fhqdefault.jpg\" class=\"pL\"><div class=\"tC\"><div class=\"tT\"><\/div><\/div><div class=\"play\"><\/div><div class=\"ctrl\"><div class=\"Lctrl\"><\/div><div class=\"Rctrl\"><\/div><\/div><\/div><noscript><a href=\"https:\/\/youtu.be\/f7bmx4Iv_jA\" rel=\"nofollow\"><img src=\"https:\/\/www.studyhelp.de\/online-lernen\/wp-content\/plugins\/wp-youtube-lyte\/lyteCache.php?origThumbUrl=https%3A%2F%2Fi.ytimg.com%2Fvi%2Ff7bmx4Iv_jA%2F0.jpg\" alt=\"YouTube-Video-Thumbnail\" width=\"420\" height=\"216\" \/><br \/>Dieses Video auf YouTube ansehen<\/a><\/noscript><\/div><\/div><div class=\"lL\" style=\"max-width:100%;width:420px;margin:5px;\"><\/div><br \/>\n<\/p>\n<p><strong>Beispiel: <\/strong>Aus dem angegebenen Inventar ergibt sich folgende Bilanz zum 31.12.:<\/p>\n<div class=\"Table\">\n<div class=\"Table-row Table-header\" style=\"text-align: center;\">\n<div class=\"Table-row-item\">Aktiva<\/div>\n<div class=\"Table-row-item\"><\/div>\n<div class=\"Table-row-item\">Passiva<\/div>\n<div class=\"Table-row-item\"><\/div>\n<\/p><\/div>\n<div class=\"Table-row\">\n<div class=\"Table-row-item\"><b>I. Anlageverm\u00f6gen<\/b><\/div>\n<div class=\"Table-row-item\"><\/div>\n<div class=\"Table-row-item\"><b>I. Eigenkapital<\/b><\/div>\n<div class=\"Table-row-item\" style=\"text-align: right\">14.000.000,00<\/div>\n<\/p><\/div>\n<div class=\"Table-row\">\n<div class=\"Table-row-item\">1. Grundst\u00fccke und Bauten<\/div>\n<div class=\"Table-row-item\" style=\"text-align: right\">8.410.000,00<\/div>\n<div class=\"Table-row-item\"><b>II. Fremdkapital<\/b><\/div>\n<div class=\"Table-row-item\" style=\"text-align: right\"><\/div>\n<\/p><\/div>\n<div class=\"Table-row\">\n<div class=\"Table-row-item\">2. TA und Maschinen<\/div>\n<div class=\"Table-row-item\" style=\"text-align: right\">2.703.000,00<\/div>\n<div class=\"Table-row-item\">1. Hypothek<\/div>\n<div class=\"Table-row-item\" style=\"text-align: right\">4.106.000,00<\/div>\n<\/p><\/div>\n<div class=\"Table-row\">\n<div class=\"Table-row-item\">3. Fuhrpark<\/div>\n<div class=\"Table-row-item\" style=\"text-align: right\">427.000,00<\/div>\n<div class=\"Table-row-item\">2. Darlehen<\/div>\n<div class=\"Table-row-item\" style=\"text-align: right\">1.204.000,00<\/div>\n<\/p><\/div>\n<div class=\"Table-row\">\n<div class=\"Table-row-item\">4. BGA<\/div>\n<div class=\"Table-row-item\" style=\"text-align: right\">460.000,00<\/div>\n<div class=\"Table-row-item\">3. Verbind. a. LL.<\/div>\n<div class=\"Table-row-item\" style=\"text-align: right\">690.000,00<\/div>\n<\/p><\/div>\n<div class=\"Table-row\">\n<div class=\"Table-row-item\"><\/div>\n<div class=\"Table-row-item\" style=\"text-align: right\"><\/div>\n<div class=\"Table-row-item\"><\/div>\n<div class=\"Table-row-item\" style=\"text-align: right\"><\/div>\n<\/p><\/div>\n<div class=\"Table-row\">\n<div class=\"Table-row-item\"><b>II. Umlaufverm\u00f6gen<\/b><\/div>\n<div class=\"Table-row-item\" style=\"text-align: right\"><\/div>\n<div class=\"Table-row-item\"><\/div>\n<div class=\"Table-row-item\" style=\"text-align: right\"><\/div>\n<\/p><\/div>\n<div class=\"Table-row\">\n<div class=\"Table-row-item\">1. Rohstoffe<\/div>\n<div class=\"Table-row-item\" style=\"text-align: right\">2.405.000,00<\/div>\n<div class=\"Table-row-item\"><\/div>\n<div class=\"Table-row-item\" style=\"text-align: right\"><\/div>\n<\/p><\/div>\n<div class=\"Table-row\">\n<div class=\"Table-row-item\">2. Hilfsstoffe<\/div>\n<div class=\"Table-row-item\" style=\"text-align: right\">824.000,00<\/div>\n<div class=\"Table-row-item\"><\/div>\n<div class=\"Table-row-item\" style=\"text-align: right\"><\/div>\n<\/p><\/div>\n<div class=\"Table-row\">\n<div class=\"Table-row-item\">3. Betriebsstoffe<\/div>\n<div class=\"Table-row-item\" style=\"text-align: right\">154.000,00<\/div>\n<div class=\"Table-row-item\"><\/div>\n<div class=\"Table-row-item\" style=\"text-align: right\"><\/div>\n<\/p><\/div>\n<div class=\"Table-row\">\n<div class=\"Table-row-item\">4. Unfertige Erzeugnisse<\/div>\n<div class=\"Table-row-item\" style=\"text-align: right\">628.000,00<\/div>\n<div class=\"Table-row-item\"><\/div>\n<div class=\"Table-row-item\" style=\"text-align: right\"><\/div>\n<\/p><\/div>\n<div class=\"Table-row\">\n<div class=\"Table-row-item\">5. Fertige Erzeugnisse<\/div>\n<div class=\"Table-row-item\" style=\"text-align: right\">2.052.000,00<\/div>\n<div class=\"Table-row-item\"><\/div>\n<div class=\"Table-row-item\" style=\"text-align: right\"><\/div>\n<\/p><\/div>\n<div class=\"Table-row\">\n<div class=\"Table-row-item\">6. Forderungen<\/div>\n<div class=\"Table-row-item\" style=\"text-align: right\">994.000,00<\/div>\n<div class=\"Table-row-item\"><\/div>\n<div class=\"Table-row-item\" style=\"text-align: right\"><\/div>\n<\/p><\/div>\n<div class=\"Table-row\">\n<div class=\"Table-row-item\">7. Kassenbestand<\/div>\n<div class=\"Table-row-item\" style=\"text-align: right\">27.000,00<\/div>\n<div class=\"Table-row-item\"><\/div>\n<div class=\"Table-row-item\" style=\"text-align: right\"><\/div>\n<\/p><\/div>\n<div class=\"Table-row\">\n<div class=\"Table-row-item\">8. Bankguthaben<\/div>\n<div class=\"Table-row-item\" style=\"text-align: right\">916.000,00<\/div>\n<div class=\"Table-row-item\"><\/div>\n<div class=\"Table-row-item\" style=\"text-align: right\"><\/div>\n<\/p><\/div>\n<div class=\"Table-row\">\n<div class=\"Table-row-item\"><\/div>\n<div class=\"Table-row-item\" style=\"text-align: right\"><b>20.000.000,00<\/b><\/div>\n<div class=\"Table-row-item\"><\/div>\n<div class=\"Table-row-item\" style=\"text-align: right\"><b>20.000.000,00<\/b><\/div>\n<\/p><\/div>\n<\/div>\n<p><\/p>\n<p>Die <b>Bilanz ist eine Kurzform des Inventars in Kontenform<\/b>. Sie enth\u00e4lt auf der linken Seite die Verm\u00f6gensteile, auf der rechten Seite die Schulden bzw. Verbindlichkeiten (Fremdkapital) und das <b>Eigenkapital als Ausgleich<\/b> (Saldo).<\/p>\n<p>Wichtig: Beide Seiten der Bilanz weisen immer die gleiche Summe auf.<\/p>\n<div class=\"box info\">\n<ul>\n<li><b>Aktiva<\/b> hei\u00dfen die Verm\u00f6genswerte<\/li>\n<li><b>Passiva<\/b> hei\u00dfen die Kapitalwerte<\/li>\n<\/ul>\n<\/div>\n<p>Aktiva werden nach der Fl\u00fcssigkeit und Passiva nach der F\u00e4lligkeit geordnet.<\/p>\n<div class=\"box exercise\">\n<h2>\u00dcbungsaufgaben<\/h2>\n<p>Kreuze an, ob nachfolgende Aussagen richtig (r) oder falsch (f) sind!<\/p>\n<div class=\"Table\">\n<div class=\"Table-row Table-header\">\n<div class=\"Table-row-item\"><\/div>\n<div class=\"Table-row-item\">Aussage<\/div>\n<div class=\"Table-row-item\">r<\/div>\n<div class=\"Table-row-item\">f<\/div>\n<\/p><\/div>\n<div class=\"Table-row\">\n<div class=\"Table-row-item\">a)<\/div>\n<div class=\"Table-row-item\">Das Bankguthaben eines Unternehmens wird ermittelt, indem von der Summe der Verm\u00f6gensgegenst\u00e4nde die Schulden abgezogen werden.<\/div>\n<div class=\"Table-row-item\"><input type=\"checkbox\"><\/div>\n<div class=\"Table-row-item\"><input type=\"checkbox\"><\/div>\n<\/p><\/div>\n<div class=\"Table-row\">\n<div class=\"Table-row-item\">b)<\/div>\n<div class=\"Table-row-item\">Die Inventur ist eine mengen- und wertm\u00e4\u00dfige Erfassung s\u00e4mtlicher Verm\u00f6gensgegenst\u00e4nde und Schulden eines Unternehmens.<\/div>\n<div class=\"Table-row-item\"><input type=\"checkbox\"><\/div>\n<div class=\"Table-row-item\"><input type=\"checkbox\"><\/div>\n<\/p><\/div>\n<div class=\"Table-row\">\n<div class=\"Table-row-item\">c)<\/div>\n<div class=\"Table-row-item\">Das Anlage- und Umlaufverm\u00f6gen repr\u00e4sentiert die Mittelverwendung, wohingegen das Eigenkapital und die Schulden die Mittelherkunft repr\u00e4sentieren.<\/div>\n<div class=\"Table-row-item\"><input type=\"checkbox\"><\/div>\n<div class=\"Table-row-item\"><input type=\"checkbox\"><\/div>\n<\/p><\/div>\n<div class=\"Table-row\">\n<div class=\"Table-row-item\">d)<\/div>\n<div class=\"Table-row-item\">Die Bilanzsumme auf der Aktivseite muss mit der Bilanzsumme auf der Passivseite \u00fcbereinstimmen. So muss die H\u00f6he des Bankguthabens deckungsgleich mit der H\u00f6he der aufgenommenen Darlehen sein.<\/div>\n<div class=\"Table-row-item\"><input type=\"checkbox\"><\/div>\n<div class=\"Table-row-item\"><input type=\"checkbox\"><\/div>\n<\/p><\/div>\n<div class=\"Table-row\">\n<div class=\"Table-row-item\">e)<\/div>\n<div class=\"Table-row-item\">Das Inventar ist eine komprimierte Darstellung der Verm\u00f6genswerte und Schulden eines Unternehmens, w\u00e4hrend die Bilanz eine ausf\u00fchrlichere Darstellung vornimmt.<\/div>\n<div class=\"Table-row-item\"><input type=\"checkbox\"><\/div>\n<div class=\"Table-row-item\"><input type=\"checkbox\"><\/div>\n<\/p><\/div>\n<\/div>\n<\/div>\n<div class=\"box exercise\">\n<h2>L\u00f6sungen<\/h2>\n<p>Die richtigen bzw. falschen Aussagen lauten:<\/p>\n<ol>\n<li>\n    Falsch, das Reinverm\u00f6gen eines Unternehmens wird ermittelt, indem man die Schulden von der Summe der Verm\u00f6gensgegenst\u00e4nde abzieht.\n  <\/li>\n<li>Richtig<\/li>\n<li>Richtig<\/li>\n<li>\n    Falsch, die H\u00f6he des Bankguthabens muss nicht deckungsgleich mit der H\u00f6he der aufgenommenen Darlehen sein, sondern kann v\u00f6llig unterschiedlich sein. In der Praxis wird das Bankguthaben durch eine Kombination von Eigen- und Fremdkapital finanziert.\n  <\/li>\n<li>\n    Falsch, das Inventar ist eine ausf\u00fchrlichere Darstellung der Verm\u00f6genswerte und Schulden eines Unternehmens, w\u00e4hrend die Bilanz eine komprimierte Darstellung davon ist.\n  <\/li>\n<\/ol>\n<\/div>\n","protected":false},"excerpt":{"rendered":"<p>Das Anlageverm\u00f6gen bildet die Grundlage der Betriebsbereitschaft. Deshalb geh\u00f6ren dazu alle Verm\u00f6gensposten, die dem Unternehmen langfristig dienen. Das Umlaufverm\u00f6gen umfasst alle Verm\u00f6gensposten, die sich kurzfristig in ihrer H\u00f6he ver\u00e4ndern, weil sie sich st\u00e4ndig &#8222;im Umlauf&#8220; befinden: Werkstoffe werden eingekauft und dann zu Fertigerzeugnissen verarbeitet. Werden Fertigerzeugnisse mit einem Zahlungsziel verkauft, entstehen im Unternehmen Forderungen aus [&hellip;]<\/p>\n","protected":false},"author":5,"featured_media":0,"parent":0,"menu_order":0,"comment_status":"closed","ping_status":"closed","template":"","meta":[],"categories":[88],"tags":[],"yoast_head":"<!-- This site is optimized with the Yoast SEO plugin v14.7 - https:\/\/yoast.com\/wordpress\/plugins\/seo\/ -->\n<title>Bilanz - StudyHelp Online-Lernen<\/title>\n<meta name=\"robots\" content=\"index, follow\" \/>\n<meta name=\"googlebot\" content=\"index, follow, max-snippet:-1, max-image-preview:large, max-video-preview:-1\" \/>\n<meta name=\"bingbot\" content=\"index, follow, max-snippet:-1, max-image-preview:large, max-video-preview:-1\" \/>\n<link rel=\"canonical\" href=\"https:\/\/www.studyhelp.de\/online-lernen\/bilanz\/\" \/>\n<meta property=\"og:locale\" content=\"de_DE\" \/>\n<meta property=\"og:type\" content=\"article\" \/>\n<meta property=\"og:title\" content=\"Bilanz - StudyHelp Online-Lernen\" \/>\n<meta property=\"og:description\" content=\"Das Anlageverm\u00f6gen bildet die Grundlage der Betriebsbereitschaft. Deshalb geh\u00f6ren dazu alle Verm\u00f6gensposten, die dem Unternehmen langfristig dienen. Das Umlaufverm\u00f6gen umfasst alle Verm\u00f6gensposten, die sich kurzfristig in ihrer H\u00f6he ver\u00e4ndern, weil sie sich st\u00e4ndig &#8222;im Umlauf&#8220; befinden: Werkstoffe werden eingekauft und dann zu Fertigerzeugnissen verarbeitet. Werden Fertigerzeugnisse mit einem Zahlungsziel verkauft, entstehen im Unternehmen Forderungen aus [&hellip;]\" \/>\n<meta property=\"og:url\" content=\"https:\/\/www.studyhelp.de\/online-lernen\/bilanz\/\" \/>\n<meta property=\"og:site_name\" content=\"StudyHelp Online-Lernen\" \/>\n<meta name=\"twitter:card\" content=\"summary_large_image\" \/>\n<script type=\"application\/ld+json\" class=\"yoast-schema-graph\">{\"@context\":\"https:\/\/schema.org\",\"@graph\":[{\"@type\":\"WebSite\",\"@id\":\"https:\/\/www.studyhelp.de\/online-lernen\/#website\",\"url\":\"https:\/\/www.studyhelp.de\/online-lernen\/\",\"name\":\"StudyHelp Online-Lernen\",\"description\":\"\",\"potentialAction\":[{\"@type\":\"SearchAction\",\"target\":\"https:\/\/www.studyhelp.de\/online-lernen\/?s={search_term_string}\",\"query-input\":\"required name=search_term_string\"}],\"inLanguage\":\"de-DE\"},{\"@type\":\"WebPage\",\"@id\":\"https:\/\/www.studyhelp.de\/online-lernen\/bilanz\/#webpage\",\"url\":\"https:\/\/www.studyhelp.de\/online-lernen\/bilanz\/\",\"name\":\"Bilanz - StudyHelp Online-Lernen\",\"isPartOf\":{\"@id\":\"https:\/\/www.studyhelp.de\/online-lernen\/#website\"},\"datePublished\":\"2024-11-13T11:26:22+00:00\",\"dateModified\":\"2024-11-13T11:26:22+00:00\",\"inLanguage\":\"de-DE\",\"potentialAction\":[{\"@type\":\"ReadAction\",\"target\":[\"https:\/\/www.studyhelp.de\/online-lernen\/bilanz\/\"]}]}]}<\/script>\n<!-- \/ Yoast SEO plugin. -->","_links":{"self":[{"href":"https:\/\/www.studyhelp.de\/online-lernen\/wp-json\/wp\/v2\/pages\/17193"}],"collection":[{"href":"https:\/\/www.studyhelp.de\/online-lernen\/wp-json\/wp\/v2\/pages"}],"about":[{"href":"https:\/\/www.studyhelp.de\/online-lernen\/wp-json\/wp\/v2\/types\/page"}],"author":[{"embeddable":true,"href":"https:\/\/www.studyhelp.de\/online-lernen\/wp-json\/wp\/v2\/users\/5"}],"replies":[{"embeddable":true,"href":"https:\/\/www.studyhelp.de\/online-lernen\/wp-json\/wp\/v2\/comments?post=17193"}],"version-history":[{"count":21,"href":"https:\/\/www.studyhelp.de\/online-lernen\/wp-json\/wp\/v2\/pages\/17193\/revisions"}],"predecessor-version":[{"id":18200,"href":"https:\/\/www.studyhelp.de\/online-lernen\/wp-json\/wp\/v2\/pages\/17193\/revisions\/18200"}],"wp:attachment":[{"href":"https:\/\/www.studyhelp.de\/online-lernen\/wp-json\/wp\/v2\/media?parent=17193"}],"wp:term":[{"taxonomy":"category","embeddable":true,"href":"https:\/\/www.studyhelp.de\/online-lernen\/wp-json\/wp\/v2\/categories?post=17193"},{"taxonomy":"post_tag","embeddable":true,"href":"https:\/\/www.studyhelp.de\/online-lernen\/wp-json\/wp\/v2\/tags?post=17193"}],"curies":[{"name":"wp","href":"https:\/\/api.w.org\/{rel}","templated":true}]}}