{"id":18283,"date":"2024-11-13T12:22:00","date_gmt":"2024-11-13T11:22:00","guid":{"rendered":"https:\/\/www.studyhelp.de\/online-lernen\/?page_id=18283"},"modified":"2024-11-13T12:22:00","modified_gmt":"2024-11-13T11:22:00","slug":"buchungen-von-lohn-und-gehalt","status":"publish","type":"page","link":"https:\/\/www.studyhelp.de\/online-lernen\/buchungen-von-lohn-und-gehalt\/","title":{"rendered":"Buchungen von Lohn und Gehalt"},"content":{"rendered":"<p>Die Arbeitnehmer stellen dem Unternehmen ihre Arbeitskraft zur Verf\u00fcgung. Als Verg\u00fctung erhalten die Arbeiter L\u00f6hne und die Angestellten Geh\u00e4lter. L\u00f6hne und Geh\u00e4lter sind f\u00fcr den Arbeitnehmer Einkommen, f\u00fcr das Unternehmen (Arbeitgeber) stellen diese allerdings Aufwendungen dar. Mit dem Bezug von Lohn bzw. Gehalt wird der Arbeitnehmer wie jeder andere Bezieher von Eink\u00fcnften steuerpflichtig: er zahlt Lohnsteuer. Der Arbeitslohn kann dabei steuerpflichtig oder steuerfrei sein. Der Arbeitgeber hat somit die Lohnsteuer bei jeder Lohnzahlung vom Arbeitslohn einzubehalten und an das Finanzamt abzuf\u00fchren. Die Besteuerungsmerkmale entnimmt der Arbeitgeber der elektronischen Lohnsteuerkarte<sup>1<\/sup>. Neben der Lohnsteuer m\u00fcssen ggf. auch der Solidarit\u00e4tszuschlag und die Kirchensteuer ber\u00fccksichtigt werden. Zudem ist der Arbeitnehmer verpflichtet \u00fcber die gesetzlichen Sozialversicherungen eine Vorsorge gegen Krankheit, Arbeitslosigkeit, Alter (gesetzliche Rentenversicherung) und Invalidit\u00e4t zu treffen. An dieser Risikoabsicherung muss sich der Unternehmer zur H\u00e4lfte (Betriebsanteil zur Sozialversicherung) beteiligen. F\u00fcr Arbeitnehmer mit geringem Einkommen hat der Arbeitgeber den gesamten Sozialversicherungsbeitrag zu \u00fcbernehmen. Die Erhebung und Abf\u00fchrung der Sozialversicherungsbeitr\u00e4ge geschieht durch die Unternehmung, wobei der Arbeitnehmeranteil wie die Lohn- und Kirchensteuer vom Bruttolohn einbehalten wird.<br \/>\n<br \/>\nGrundlage f\u00fcr die Buchungen bilden Lohn- und Gehaltslisten, die aufgrund von Verdienstabrechungen oder mithilfe der Lohn- oder Gehaltskonten erstellt werden. F\u00fcr jeden einzelnen Mitarbeiter wird f\u00fcr die Auszahlung eine Abrechnung von der Verdienstbescheinigung erstellt. Aus ihr gehen alle Daten hervor, die der Lohnberechnung zugrunde liegen. Lohn- und Gehaltskosten z\u00e4hlen also zu den sogenannten <em>Personalkosten eines Unternehmens<\/em>.<\/p>\n<hr style=\"width: 50%; height: 1px; border: none; background-color: black;\">\n<p><sup>1<\/sup>bis 2013 gab es die gelbe Lohnsteuerkarte noch in Papierform<\/p>\n<div class=\"lyte-wrapper\" style=\"width:420px;max-width:100%;margin:5px;\"><div class=\"lyMe\" id=\"WYL_ipYCr7sAlPQ\"><div id=\"lyte_ipYCr7sAlPQ\" data-src=\"https:\/\/www.studyhelp.de\/online-lernen\/wp-content\/plugins\/wp-youtube-lyte\/lyteCache.php?origThumbUrl=%2F%2Fi.ytimg.com%2Fvi%2FipYCr7sAlPQ%2Fhqdefault.jpg\" class=\"pL\"><div class=\"tC\"><div class=\"tT\"><\/div><\/div><div class=\"play\"><\/div><div class=\"ctrl\"><div class=\"Lctrl\"><\/div><div class=\"Rctrl\"><\/div><\/div><\/div><noscript><a href=\"https:\/\/youtu.be\/ipYCr7sAlPQ\" rel=\"nofollow\"><img src=\"https:\/\/www.studyhelp.de\/online-lernen\/wp-content\/plugins\/wp-youtube-lyte\/lyteCache.php?origThumbUrl=https%3A%2F%2Fi.ytimg.com%2Fvi%2FipYCr7sAlPQ%2F0.jpg\" alt=\"YouTube-Video-Thumbnail\" width=\"420\" height=\"216\" \/><br \/>Dieses Video auf YouTube ansehen<\/a><\/noscript><\/div><\/div><div class=\"lL\" style=\"max-width:100%;width:420px;margin:5px;\"><\/div><\/p>\n<p><\/p>\n<div class=\"box info\"><br \/>\nDie <strong>Personalkosten<\/strong> eines Unternehmens setzen sich wie folgt zusammen:<\/p>\n<ol>\n<li>L\u00f6hne und Geh\u00e4lter einschlie\u00dflich Urlaubs- und Weihnachtsgeld, \u00dcberstundenverg\u00fctung,<br \/>\nSachbez\u00fcge u.a.<\/li>\n<li>Gesetzliche soziale Aufwendungen, wie der Arbeitgeberanteil (50%) zur gesetzlichen<br \/>\nKranken-, Pflege-, Renten- und Arbeitslosenversicherung und der Beitrag zur gesetzlichen Unfallversicherung.<\/li>\n<li>Freiwillige soziale Aufwendungen, wie z.B. Essen- und Fahrtkostenzusch\u00fcsse u.a.<\/li>\n<\/ol>\n<\/div><br \/>\n<\/p>\n<p>Im Video geht es um die Schritte bei der Lohnbuchung:<br \/>\n<div class=\"lyte-wrapper\" style=\"width:420px;max-width:100%;margin:5px;\"><div class=\"lyMe\" id=\"WYL_SNyNF_cbShg\"><div id=\"lyte_SNyNF_cbShg\" data-src=\"https:\/\/www.studyhelp.de\/online-lernen\/wp-content\/plugins\/wp-youtube-lyte\/lyteCache.php?origThumbUrl=%2F%2Fi.ytimg.com%2Fvi%2FSNyNF_cbShg%2Fhqdefault.jpg\" class=\"pL\"><div class=\"tC\"><div class=\"tT\"><\/div><\/div><div class=\"play\"><\/div><div class=\"ctrl\"><div class=\"Lctrl\"><\/div><div class=\"Rctrl\"><\/div><\/div><\/div><noscript><a href=\"https:\/\/youtu.be\/SNyNF_cbShg\" rel=\"nofollow\"><img src=\"https:\/\/www.studyhelp.de\/online-lernen\/wp-content\/plugins\/wp-youtube-lyte\/lyteCache.php?origThumbUrl=https%3A%2F%2Fi.ytimg.com%2Fvi%2FSNyNF_cbShg%2F0.jpg\" alt=\"YouTube-Video-Thumbnail\" width=\"420\" height=\"216\" \/><br \/>Dieses Video auf YouTube ansehen<\/a><\/noscript><\/div><\/div><div class=\"lL\" style=\"max-width:100%;width:420px;margin:5px;\"><\/div><br \/>\n<\/p>\n<p><strong>Beispiel:<\/strong> <em>Die DriLa GmbH nimmt ihre Lohn- und Gehaltsbuchungen vor und hat dabei Bruttoarbeitsl\u00f6hne in H\u00f6he von 300.000 \u20ac zu zahlen. Von diesen Bruttol\u00f6hnen werden 50.000 \u20ac Lohnsteuer und 75.000 \u20ac Sozialversicherungsbeitr\u00e4ge entrichtet.<\/em><\/p>\n<p><img decoding=\"async\" loading=\"lazy\" src=\"http:\/\/www.studyhelp.de\/online-lernen\/wp-content\/uploads\/2024\/10\/Lohnbuchung.jpg\" alt=\"\" width=\"621\" height=\"316\" class=\"alignnone size-full wp-image-18288\" \/><\/p>\n<p><strong>Beispiel:<\/strong> <em>Die DriLa GmbH zahlt einem Mitarbeiter einen Barvorschuss i.H.v. 600,00 \u20ac aus und verrechnet diesen zum Monatsende mit seinem Gehalt. Dabei gilt: Bruttolohn 3.600,00 \u20ac, Finanzamt 650,00 \u20ac und Sozialversicherung 850,00 \u20ac.<\/em><\/p>\n<p><img decoding=\"async\" loading=\"lazy\" src=\"http:\/\/www.studyhelp.de\/online-lernen\/wp-content\/uploads\/2024\/10\/Buchungs-des-Vorschusses-1.jpg\" alt=\"\" width=\"621\" height=\"316\" class=\"alignnone size-full wp-image-18297\" \/><\/p>\n<p><img decoding=\"async\" loading=\"lazy\" src=\"http:\/\/www.studyhelp.de\/online-lernen\/wp-content\/uploads\/2024\/10\/Buchungs-des-Vorschusses-2.jpg\" alt=\"\" width=\"621\" height=\"316\" class=\"alignnone size-full wp-image-18298\" \/><\/p>\n<p>Der Sozialversicherungsbeitrag wird je zur H\u00e4lfte vom Arbeitnehmer und Arbeitgeber getragen (Ausnahme: Beitrag zur Unfallversicherung, den nur der Arbeitgeber zahlt; Beitrag zur Krankenversicherung, wo der Arbeitnehmer 0,9% mehr zahlt als der Arbeitgeber). Ist der Arbeitnehmer in einer gesetzlichen Krankenversicherung versichert, welche einen Beitragssatz (inkl. Zusatzbeitrag<sup>2<\/sup>) von 15,5% erhebt, so muss der Arbeitnehmer 8,2% des Bruttolohns an die Krankenkassen entrichten. Der restliche Anteil wird vom Arbeitgeber getragen. Dabei werden die vom Arbeitnehmer zu entrichtenden Betr\u00e4ge aber vom Arbeitgeber direkt einbehalten, sodass der Arbeitgeber die kompletten 15,5% an die entsprechende Krankenkasse \u00fcberweist.<\/p>\n<hr style=\"width: 50%; height: 1px; border: none; background-color: black;\">\n<p><sup>2<\/sup>Zusatzbeitr\u00e4ge der Krankenkassen variieren je nach Kasse<\/p>\n","protected":false},"excerpt":{"rendered":"<p>Die Arbeitnehmer stellen dem Unternehmen ihre Arbeitskraft zur Verf\u00fcgung. Als Verg\u00fctung erhalten die Arbeiter L\u00f6hne und die Angestellten Geh\u00e4lter. L\u00f6hne und Geh\u00e4lter sind f\u00fcr den Arbeitnehmer Einkommen, f\u00fcr das Unternehmen (Arbeitgeber) stellen diese allerdings Aufwendungen dar. Mit dem Bezug von Lohn bzw. Gehalt wird der Arbeitnehmer wie jeder andere Bezieher von Eink\u00fcnften steuerpflichtig: er zahlt [&hellip;]<\/p>\n","protected":false},"author":19,"featured_media":0,"parent":0,"menu_order":0,"comment_status":"closed","ping_status":"closed","template":"","meta":[],"categories":[88],"tags":[],"yoast_head":"<!-- This site is optimized with the Yoast SEO plugin v14.7 - https:\/\/yoast.com\/wordpress\/plugins\/seo\/ -->\n<title>Buchungen von Lohn und Gehalt - StudyHelp Online-Lernen<\/title>\n<meta name=\"robots\" content=\"index, follow\" \/>\n<meta name=\"googlebot\" content=\"index, follow, max-snippet:-1, max-image-preview:large, max-video-preview:-1\" \/>\n<meta name=\"bingbot\" content=\"index, follow, max-snippet:-1, max-image-preview:large, max-video-preview:-1\" \/>\n<link rel=\"canonical\" href=\"https:\/\/www.studyhelp.de\/online-lernen\/buchungen-von-lohn-und-gehalt\/\" \/>\n<meta property=\"og:locale\" content=\"de_DE\" \/>\n<meta property=\"og:type\" content=\"article\" \/>\n<meta property=\"og:title\" content=\"Buchungen von Lohn und Gehalt - StudyHelp Online-Lernen\" \/>\n<meta property=\"og:description\" content=\"Die Arbeitnehmer stellen dem Unternehmen ihre Arbeitskraft zur Verf\u00fcgung. Als Verg\u00fctung erhalten die Arbeiter L\u00f6hne und die Angestellten Geh\u00e4lter. L\u00f6hne und Geh\u00e4lter sind f\u00fcr den Arbeitnehmer Einkommen, f\u00fcr das Unternehmen (Arbeitgeber) stellen diese allerdings Aufwendungen dar. Mit dem Bezug von Lohn bzw. Gehalt wird der Arbeitnehmer wie jeder andere Bezieher von Eink\u00fcnften steuerpflichtig: er zahlt [&hellip;]\" \/>\n<meta property=\"og:url\" content=\"https:\/\/www.studyhelp.de\/online-lernen\/buchungen-von-lohn-und-gehalt\/\" \/>\n<meta property=\"og:site_name\" content=\"StudyHelp Online-Lernen\" \/>\n<meta property=\"og:image\" content=\"http:\/\/www.studyhelp.de\/online-lernen\/wp-content\/uploads\/2024\/10\/Lohnbuchung.jpg\" \/>\n<meta name=\"twitter:card\" content=\"summary_large_image\" \/>\n<script type=\"application\/ld+json\" class=\"yoast-schema-graph\">{\"@context\":\"https:\/\/schema.org\",\"@graph\":[{\"@type\":\"WebSite\",\"@id\":\"https:\/\/www.studyhelp.de\/online-lernen\/#website\",\"url\":\"https:\/\/www.studyhelp.de\/online-lernen\/\",\"name\":\"StudyHelp Online-Lernen\",\"description\":\"\",\"potentialAction\":[{\"@type\":\"SearchAction\",\"target\":\"https:\/\/www.studyhelp.de\/online-lernen\/?s={search_term_string}\",\"query-input\":\"required name=search_term_string\"}],\"inLanguage\":\"de-DE\"},{\"@type\":\"ImageObject\",\"@id\":\"https:\/\/www.studyhelp.de\/online-lernen\/buchungen-von-lohn-und-gehalt\/#primaryimage\",\"inLanguage\":\"de-DE\",\"url\":\"http:\/\/www.studyhelp.de\/online-lernen\/wp-content\/uploads\/2024\/10\/Lohnbuchung.jpg\"},{\"@type\":\"WebPage\",\"@id\":\"https:\/\/www.studyhelp.de\/online-lernen\/buchungen-von-lohn-und-gehalt\/#webpage\",\"url\":\"https:\/\/www.studyhelp.de\/online-lernen\/buchungen-von-lohn-und-gehalt\/\",\"name\":\"Buchungen von Lohn und Gehalt - StudyHelp Online-Lernen\",\"isPartOf\":{\"@id\":\"https:\/\/www.studyhelp.de\/online-lernen\/#website\"},\"primaryImageOfPage\":{\"@id\":\"https:\/\/www.studyhelp.de\/online-lernen\/buchungen-von-lohn-und-gehalt\/#primaryimage\"},\"datePublished\":\"2024-11-13T11:22:00+00:00\",\"dateModified\":\"2024-11-13T11:22:00+00:00\",\"inLanguage\":\"de-DE\",\"potentialAction\":[{\"@type\":\"ReadAction\",\"target\":[\"https:\/\/www.studyhelp.de\/online-lernen\/buchungen-von-lohn-und-gehalt\/\"]}]}]}<\/script>\n<!-- \/ Yoast SEO plugin. -->","_links":{"self":[{"href":"https:\/\/www.studyhelp.de\/online-lernen\/wp-json\/wp\/v2\/pages\/18283"}],"collection":[{"href":"https:\/\/www.studyhelp.de\/online-lernen\/wp-json\/wp\/v2\/pages"}],"about":[{"href":"https:\/\/www.studyhelp.de\/online-lernen\/wp-json\/wp\/v2\/types\/page"}],"author":[{"embeddable":true,"href":"https:\/\/www.studyhelp.de\/online-lernen\/wp-json\/wp\/v2\/users\/19"}],"replies":[{"embeddable":true,"href":"https:\/\/www.studyhelp.de\/online-lernen\/wp-json\/wp\/v2\/comments?post=18283"}],"version-history":[{"count":12,"href":"https:\/\/www.studyhelp.de\/online-lernen\/wp-json\/wp\/v2\/pages\/18283\/revisions"}],"predecessor-version":[{"id":18300,"href":"https:\/\/www.studyhelp.de\/online-lernen\/wp-json\/wp\/v2\/pages\/18283\/revisions\/18300"}],"wp:attachment":[{"href":"https:\/\/www.studyhelp.de\/online-lernen\/wp-json\/wp\/v2\/media?parent=18283"}],"wp:term":[{"taxonomy":"category","embeddable":true,"href":"https:\/\/www.studyhelp.de\/online-lernen\/wp-json\/wp\/v2\/categories?post=18283"},{"taxonomy":"post_tag","embeddable":true,"href":"https:\/\/www.studyhelp.de\/online-lernen\/wp-json\/wp\/v2\/tags?post=18283"}],"curies":[{"name":"wp","href":"https:\/\/api.w.org\/{rel}","templated":true}]}}