{"id":8585,"date":"2018-06-18T17:04:50","date_gmt":"2018-06-18T15:04:50","guid":{"rendered":"https:\/\/www.studyhelp.de\/online-lernen\/?page_id=8585"},"modified":"2018-10-18T14:49:32","modified_gmt":"2018-10-18T12:49:32","slug":"erster-hauptsatz-der-thermodynamik","status":"publish","type":"page","link":"https:\/\/www.studyhelp.de\/online-lernen\/thermodynamik\/erster-hauptsatz-der-thermodynamik\/","title":{"rendered":"Der erste Hauptsatz der Thermodynamik"},"content":{"rendered":"\n<p>In diesem Artikel lernst du alle Grundlagen zum ersten Hauptsatz der Thermodynamik. Wichtig: Schaue dir zuerst als Einf\u00fchrung das Lernvideo an, damit du danach das Kapitel durcharbeiten kannst.<\/p>\n<p>Wir haben die einzelnen Energieformen sowie die Prozessgr\u00f6\u00dfen W\u00e4rme und Arbeit betrachtet. Im ersten Hauptsatz der Thermodynamik werden all diese Gr\u00f6\u00dfen in einer Systembilanz zusammengefasst. Schauen wir uns nun den ersten Hauptsatz der Thermodynamik an. Zun\u00e4chst ein Video zur Einf\u00fchrung:<\/p>\n<div class=\"lyte-wrapper\" title=\"1. Hauptsatz der Thermodynamik\" style=\"width:420px;max-width:100%;margin:5px;\"><div class=\"lyMe\" id=\"WYL_S_Ppa4Adroo\"><div id=\"lyte_S_Ppa4Adroo\" data-src=\"https:\/\/www.studyhelp.de\/online-lernen\/wp-content\/plugins\/wp-youtube-lyte\/lyteCache.php?origThumbUrl=https%3A%2F%2Fi.ytimg.com%2Fvi%2FS_Ppa4Adroo%2Fhqdefault.jpg\" class=\"pL\"><div class=\"tC\"><div class=\"tT\">1. Hauptsatz der Thermodynamik<\/div><\/div><div class=\"play\"><\/div><div class=\"ctrl\"><div class=\"Lctrl\"><\/div><div class=\"Rctrl\"><\/div><\/div><\/div><noscript><a href=\"https:\/\/youtu.be\/S_Ppa4Adroo\" rel=\"nofollow\"><img src=\"https:\/\/www.studyhelp.de\/online-lernen\/wp-content\/plugins\/wp-youtube-lyte\/lyteCache.php?origThumbUrl=https%3A%2F%2Fi.ytimg.com%2Fvi%2FS_Ppa4Adroo%2F0.jpg\" alt=\"1. Hauptsatz der Thermodynamik\" width=\"420\" height=\"216\" \/><br \/>Dieses Video auf YouTube ansehen<\/a><\/noscript><\/div><\/div><div class=\"lL\" style=\"max-width:100%;width:420px;margin:5px;\"><\/div><br \/>\n<\/p>\n<p>F\u00fcr ein geschlossenes System gilt<\/p>\n<p>$$W_{V,12} + Q_{12} = \\Delta U_{12} + \\Delta E_{kin} + \\Delta E_{pot}$$<\/p>\n<p>Die Zu- und oder Abfuhr von W\u00e4rme und Energie f\u00fchrt zu einer \u00c4nderung der Energie des Systems. Der erste Hauptsatz der Thermodynamik kann deshalb als Energieerhaltungssatz verstanden werden: Energie kann nicht vernichtet werden, sie bewegt sich nur in oder aus Systemen und ver\u00e4ndert dabei deren Energieniveau.<\/p>\n<p>Im weiteren Verlauf dieses Artikels werden wir die mechanischen Energien (potentiell und kinetisch) vernachl\u00e4ssigen. Potentielle Energie ist bei Anwendungen, die sich n\u00e4herungsweise auf einem H\u00f6henniveau befinden, vernachl\u00e4ssigbar. Die Systeme, die wir in den Beispielen betrachten werden, bewegen sich nicht, weshalb wir kinetische Energie ebenfalls vernachl\u00e4ssigen. Teilen wir die Gleichung oben durch die Masse, erhalten wir den vereinfachten ersten Hauptsatz der Thermodynamik f\u00fcr geschlossene Systeme in spezifischer Form<\/p>\n<p>$$w_{v,12} + q_{12} = \\Delta u_{12}$$<\/p>\n<div class=\"study-thermo-fullwidth\" id=\"study-3567016902\"><div class=\"ad fullwidth lernheft amz\">\r\n    <div class=\"inner\">\r\n        <div class=\"txt\">\r\n             <span class=\"firstline\">Thermodynamik einfach erkl\u00e4rt!<\/span>\r\n             <span class=\"secondline\">Unser Buch zum Online-Lernen Portal <\/span>\r\n        <\/div>\r\n        <div class=\"btn-container\">\r\n            <a class=\"btn orange\" target=\"_blank\" href=\"%link%\"><img src=\"https:\/\/www.studyhelp.de\/online-lernen\/wp-content\/uploads\/2018\/06\/amz.png\" alt=\"Jetzt kaufen\" title=\"Jetzt kaufen\" \/><span>Jetzt kaufen<\/span><\/a>\r\n        <\/div>\r\n        <div class=\"media\">\r\n            <div class=\"img\">\r\n                <img src=\"https:\/\/www.studyhelp.de\/online-lernen\/wp-content\/uploads\/2018\/06\/thermodynamik-einfach-erklaert.png\" alt=\"Thermodynamik einfach erkl\u00e4rt\" title=\"Jetzt Thermodynamik lernen\" \/>\r\n            <\/div>\r\n        <\/div>\r\n    <\/div>\r\n    <div class=\"figure circle\"><\/div>\r\n    <div class=\"figure circle2\"><\/div>\r\n    <div class=\"figure square\"><\/div>\r\n    <div class=\"figure triangle\"><\/div>\r\n    <div class=\"label red\"><p>19,99\u20ac<\/p><\/div>\r\n<\/div><\/div>\n<h2>Offene Systeme &#8211; Ersten Hauptsatz der Thermodynamik erweitern<\/h2>\n<p>F\u00fcr offene Systeme m\u00fcssen wir den ersten Hauptsatz erweitern. Stellen wir uns die Turbine innerhalb eines Dampfkraftkreislaufes vor, durch die ein Massestrom $\\dot{m}$ station\u00e4r str\u00f6mt (die Turbine ist also schon angefahren worden). Neben den bisher besprochenen Energieformen weist dieses System sogenannte Verschiebearbeiten auf.<\/p>\n<p>Es ist Energie notwendig, um vorne in der Turbine bestehenden Dampf zu verdr\u00e4ngen und ihn hinten aus der Turbine herauszudr\u00fccken. Diese Verschiebearbeiten m\u00fcssen zus\u00e4tzlich ber\u00fccksichtigt werden. Sie werden definiert als die \u00c4nderung des Produktes aus Druck und spezifischem Volumen<\/p>\n<div class=\"box info\">\n<p style=\"text-align: center;\"><strong>Verschiebearbeit an offenen Systemen:<\/strong> $\\delta (p \\cdot v) $<\/p>\n<\/div>\n<p><img decoding=\"async\" loading=\"lazy\" class=\"aligncenter wp-image-8587\" src=\"https:\/\/www.studyhelp.de\/online-lernen\/wp-content\/uploads\/2018\/06\/Verschiebearbeit.png\" alt=\"Erste Hauptsatz der Thermodynamik\" width=\"639\" height=\"342\" srcset=\"https:\/\/www.studyhelp.de\/online-lernen\/wp-content\/uploads\/2018\/06\/Verschiebearbeit.png 999w, https:\/\/www.studyhelp.de\/online-lernen\/wp-content\/uploads\/2018\/06\/Verschiebearbeit-300x160.png 300w, https:\/\/www.studyhelp.de\/online-lernen\/wp-content\/uploads\/2018\/06\/Verschiebearbeit-768x411.png 768w\" sizes=\"(max-width: 639px) 100vw, 639px\" \/><\/p>\n<p>&nbsp;<\/p>\n<p>Au\u00dferdem werden bei offenen Systemen die Arbeit und W\u00e4rme mit dem durchlaufenden Massestrom multipliziert, wodurch sich ein W\u00e4rmestrom und die Leistung als Energien pro Zeit ergeben:<\/p>\n<div class=\"box info\">\n<p><strong>W\u00e4rmestrom: <\/strong>$\\dot{Q} = q \\cdot \\dot{m}$<\/p>\n<p><strong>Leistung: <\/strong>$P= w_t \\cdot \\dot{m}$<\/p>\n<\/div>\n<p>Damit folgt f\u00fcr den ersten Hauptsatz offener Systeme<\/p>\n<p>$$P_{12} + \\dot{Q}_{12} = \\dot{m} \\cdot [ \\Delta u_{12} + \\delta(p \\cdot v)]$$<\/p>\n<p>Die Verschiebearbeit erscheint in der Gleichung oben etwas unhandlich. Die Summe aus innerer Energie und Verschiebearbeit in einem Zustand des offenen Systems wird deshalb als Enthalpie $h$ definiert<\/p>\n<p>$$h = u + p \\cdot v$$<\/p>\n<p>Der Zusammenhang von Enthalpie und innerer Energie ist abh\u00e4ngig von der Zustands\u00e4nderung. Allgemein gilt f\u00fcr eine Zustands\u00e4nderung<\/p>\n<p>$$\\delta h = \\delta u + \\delta (p \\cdot v)$$<\/p>\n<p>Differentialgleichungen bem\u00fchen wir hier nur im \u00e4u\u00dfersten Notfall. F\u00fcr isobare und isochore Zustands\u00e4nderungen k\u00f6nnen wir ausnutzen, dass sich das Produkt aus Druck und spezifischem Volumen jeweils nur in einer Zustandsgr\u00f6\u00dfe \u00e4ndert. F\u00fcr isochore Zustands\u00e4nderungen gilt also beispielsweise<\/p>\n<p>$$\\Delta h_{12} = \\Delta u_{12} + (v \\cdot p_2 &#8211; v \\cdot p_1 ) = \\Delta u_{12} + v \\cdot (p_2 &#8211; p_1) $$<\/p>\n<p>Das werden wir sp\u00e4ter wieder nutzen. Verwenden wir die Enthalpie, lautet der erste Hauptsatz f\u00fcr offene Systeme also:<\/p>\n<p>$$P_{12} + \\dot{Q}_{12} = \\dot{m} \\cdot \\Delta H$$<\/p>\n<h2>Der erste Hauptsatz der Thermodynamik erkl\u00e4rt nicht alles<\/h2>\n<p>Der erste Hauptsatz f\u00fchrt Arbeit und W\u00e4rme in Systeme und \u00e4ndert dadurch deren Energie. Im Umkehrschluss kann jede Absenkung der Energie des Systems wieder als Arbeit oder W\u00e4rme entnommen werden. Die praktische Erfahrung zeigt, dass das so nicht stimmen kann. Wenn ich einen Topf mit Wasser auf einem Herd zum Kochen bringe, kann ich die W\u00e4rme im Topf wieder vollst\u00e4ndig als elektrische Energie zur\u00fcckgewinnen? Wenn ich ein Pendel ansto\u00dfe, h\u00f6rt es dann von alleine nie auf zu schwingen?<\/p>\n<p>Wir m\u00fcssen den ersten Hauptsatz einschr\u00e4nken, weil er uns M\u00f6glichkeiten suggeriert, die wir technisch nicht umsetzen k\u00f6nnen.<\/p>\n<p>Technische Prozesse unterliegen <strong>Dissipation<\/strong> (von lat.&#8220;dissipare&#8220; zerstreuen). In einen Prozess eingebrachte Energie (z.B. die Arbeit, um ein Pendel auszulenken oder die W\u00e4rme, um einen Topf voll Wasser zu erw\u00e4rmen) wird nicht vollst\u00e4ndig zu diesem Zweck eingesetzt, sondern geht teilweise &#8222;verloren&#8220;. So bewirkt die Reibung in der Lagerung des Pendels und gegen die Luft eine Gegenkraft, die \u00fcber die Drehbewegung zu einer Energieabgabe in Form von W\u00e4rme f\u00fchrt und das Pendel damit bis in die Ruhelage abbremst. Analog geht beim Wassertopf die W\u00e4rme teilweise \u00fcber W\u00e4rmeleitung an die Luft &#8222;verloren&#8220; und wird nicht zum Erhitzen des Wassers genutzt.<\/p>\n<div class=\"box info\">\n<p><strong>Wichtig<\/strong><\/p>\n<p>Energie geht nur im Sinne der technischen Anwendung verloren! Sie verschwindet jedoch nicht, sondern flie\u00dft in eine andere Richtung zweckfremd ab. Dass Energie verloren geht, werden wir als Ausdruck im Weiteren vermeiden und stattdessen von Dissipation sprechen.<\/p>\n<\/div>\n<p>In Bezug auf die Dissipation ist ein weiteres lateinisches Fremdwort von Bedeutung: <strong>Die Irreversibilit\u00e4t.<\/strong><\/p>\n<div class=\"box info\">\n<p><strong>Irreversibilit\u00e4t<\/strong><\/p>\n<p>Die Unumkehrbarkeit (einer Zustands\u00e4nderung). Demgegen\u00fcber sind reversible Zustands\u00e4nderungen idealtypisch. Die Luft in einer Pumpe wird durch Volumen\u00e4nderungsarbeit verdichtet und \u00e4ndert dadurch Druck, Volumen und spezifische Dichte. Wird die Zustands\u00e4nderung durch Expansion der Luft r\u00fcckg\u00e4ngig gemacht, wird die eingesetzte Volumen\u00e4nderungsarbeit zur\u00fcckgewonnen und die Ausgangszustandsgr\u00f6\u00dfen wieder erreicht.<\/p>\n<\/div>\n<p>Reale Zustands\u00e4nderungen sind irreversibel, sie k\u00f6nnen also nicht einfach idealtypisch umgekehrt werden. In einer realen Luftpumpe wird durch Reibung an den beweglichen Bauteilen und innerhalb der Luft (die Molek\u00fcle reiben aneinander) ein Teil der eingesetzten Volumen\u00e4nderungsarbeit dissipiert. Wird die Luft nach der Kompression also expandiert, wird dabei weniger Volumen\u00e4nderungsarbeit abgegeben als vorher zugef\u00fchrt wurde, der Rest ist dissipiert.<\/p>\n<p>$$w_{V,ein} = w_{V,aus} + w_{diss}$$<\/p>\n<p>Wir m\u00fcssen eine Zustandsgr\u00f6\u00dfe definieren, anhand deren \u00c4nderung wir die Irreversibilit\u00e4t eines Prozesses bemessen k\u00f6nnen. Mit Hilfe so einer Zustandsgr\u00f6\u00dfe k\u00f6nnen wir die Anwendung des ersten Hauptsatzes um unsere Erkenntnis der Dissipation erweitern.<\/p>\n<div class=\"study-thermo-fullwidth\" id=\"study-1082376579\"><div class=\"ad fullwidth lernheft amz\">\r\n    <div class=\"inner\">\r\n        <div class=\"txt\">\r\n             <span class=\"firstline\">Thermodynamik einfach erkl\u00e4rt!<\/span>\r\n             <span class=\"secondline\">Unser Buch zum Online-Lernen Portal <\/span>\r\n        <\/div>\r\n        <div class=\"btn-container\">\r\n            <a class=\"btn orange\" target=\"_blank\" href=\"%link%\"><img src=\"https:\/\/www.studyhelp.de\/online-lernen\/wp-content\/uploads\/2018\/06\/amz.png\" alt=\"Jetzt kaufen\" title=\"Jetzt kaufen\" \/><span>Jetzt kaufen<\/span><\/a>\r\n        <\/div>\r\n        <div class=\"media\">\r\n            <div class=\"img\">\r\n                <img src=\"https:\/\/www.studyhelp.de\/online-lernen\/wp-content\/uploads\/2018\/06\/thermodynamik-einfach-erklaert.png\" alt=\"Thermodynamik einfach erkl\u00e4rt\" title=\"Jetzt Thermodynamik lernen\" \/>\r\n            <\/div>\r\n        <\/div>\r\n    <\/div>\r\n    <div class=\"figure circle\"><\/div>\r\n    <div class=\"figure circle2\"><\/div>\r\n    <div class=\"figure square\"><\/div>\r\n    <div class=\"figure triangle\"><\/div>\r\n    <div class=\"label red\"><p>19,99\u20ac<\/p><\/div>\r\n<\/div><\/div>\n","protected":false},"excerpt":{"rendered":"<p>In diesem Artikel lernst du alle Grundlagen zum ersten Hauptsatz der Thermodynamik. Wichtig: Schaue dir zuerst als Einf\u00fchrung das Lernvideo an, damit du danach das Kapitel durcharbeiten kannst. Wir haben die einzelnen Energieformen sowie die Prozessgr\u00f6\u00dfen W\u00e4rme und Arbeit betrachtet. Im ersten Hauptsatz der Thermodynamik werden all diese Gr\u00f6\u00dfen in einer Systembilanz zusammengefasst. Schauen wir [&hellip;]<\/p>\n","protected":false},"author":5,"featured_media":0,"parent":8483,"menu_order":0,"comment_status":"closed","ping_status":"closed","template":"","meta":[],"categories":[38],"tags":[],"yoast_head":"<!-- This site is optimized with the Yoast SEO plugin v14.7 - https:\/\/yoast.com\/wordpress\/plugins\/seo\/ -->\n<title>Der erste Hauptsatz der Thermodynamik - StudyHelp Online-Lernen<\/title>\n<meta name=\"description\" content=\"Der 1. Hauptsatz der Thermodynamikt:Energie kann nicht vernichtet werden, sie bewegt sich nur in oder aus Systemen und ver\u00e4ndert dabei deren Energieniveau.\" \/>\n<meta name=\"robots\" content=\"index, follow\" \/>\n<meta name=\"googlebot\" content=\"index, follow, max-snippet:-1, max-image-preview:large, max-video-preview:-1\" \/>\n<meta name=\"bingbot\" content=\"index, follow, max-snippet:-1, max-image-preview:large, max-video-preview:-1\" \/>\n<link rel=\"canonical\" href=\"https:\/\/www.studyhelp.de\/online-lernen\/thermodynamik\/erster-hauptsatz-der-thermodynamik\/\" \/>\n<meta property=\"og:locale\" content=\"de_DE\" \/>\n<meta property=\"og:type\" content=\"article\" \/>\n<meta property=\"og:title\" content=\"Der erste Hauptsatz der Thermodynamik - StudyHelp Online-Lernen\" \/>\n<meta property=\"og:description\" content=\"Der 1. Hauptsatz der Thermodynamikt:Energie kann nicht vernichtet werden, sie bewegt sich nur in oder aus Systemen und ver\u00e4ndert dabei deren Energieniveau.\" \/>\n<meta property=\"og:url\" content=\"https:\/\/www.studyhelp.de\/online-lernen\/thermodynamik\/erster-hauptsatz-der-thermodynamik\/\" \/>\n<meta property=\"og:site_name\" content=\"StudyHelp Online-Lernen\" \/>\n<meta property=\"article:modified_time\" content=\"2018-10-18T12:49:32+00:00\" \/>\n<meta property=\"og:image\" content=\"https:\/\/www.studyhelp.de\/online-lernen\/wp-content\/uploads\/2018\/06\/Verschiebearbeit.png\" \/>\n<meta name=\"twitter:card\" content=\"summary_large_image\" \/>\n<script type=\"application\/ld+json\" class=\"yoast-schema-graph\">{\"@context\":\"https:\/\/schema.org\",\"@graph\":[{\"@type\":\"WebSite\",\"@id\":\"https:\/\/www.studyhelp.de\/online-lernen\/#website\",\"url\":\"https:\/\/www.studyhelp.de\/online-lernen\/\",\"name\":\"StudyHelp Online-Lernen\",\"description\":\"\",\"potentialAction\":[{\"@type\":\"SearchAction\",\"target\":\"https:\/\/www.studyhelp.de\/online-lernen\/?s={search_term_string}\",\"query-input\":\"required name=search_term_string\"}],\"inLanguage\":\"de-DE\"},{\"@type\":\"ImageObject\",\"@id\":\"https:\/\/www.studyhelp.de\/online-lernen\/thermodynamik\/erster-hauptsatz-der-thermodynamik\/#primaryimage\",\"inLanguage\":\"de-DE\",\"url\":\"https:\/\/www.studyhelp.de\/online-lernen\/wp-content\/uploads\/2018\/06\/Verschiebearbeit.png\",\"width\":999,\"height\":534},{\"@type\":\"WebPage\",\"@id\":\"https:\/\/www.studyhelp.de\/online-lernen\/thermodynamik\/erster-hauptsatz-der-thermodynamik\/#webpage\",\"url\":\"https:\/\/www.studyhelp.de\/online-lernen\/thermodynamik\/erster-hauptsatz-der-thermodynamik\/\",\"name\":\"Der erste Hauptsatz der Thermodynamik - StudyHelp Online-Lernen\",\"isPartOf\":{\"@id\":\"https:\/\/www.studyhelp.de\/online-lernen\/#website\"},\"primaryImageOfPage\":{\"@id\":\"https:\/\/www.studyhelp.de\/online-lernen\/thermodynamik\/erster-hauptsatz-der-thermodynamik\/#primaryimage\"},\"datePublished\":\"2018-06-18T15:04:50+00:00\",\"dateModified\":\"2018-10-18T12:49:32+00:00\",\"description\":\"Der 1. Hauptsatz der Thermodynamikt:Energie kann nicht vernichtet werden, sie bewegt sich nur in oder aus Systemen und ver\\u00e4ndert dabei deren Energieniveau.\",\"inLanguage\":\"de-DE\",\"potentialAction\":[{\"@type\":\"ReadAction\",\"target\":[\"https:\/\/www.studyhelp.de\/online-lernen\/thermodynamik\/erster-hauptsatz-der-thermodynamik\/\"]}]}]}<\/script>\n<!-- \/ Yoast SEO plugin. -->","_links":{"self":[{"href":"https:\/\/www.studyhelp.de\/online-lernen\/wp-json\/wp\/v2\/pages\/8585"}],"collection":[{"href":"https:\/\/www.studyhelp.de\/online-lernen\/wp-json\/wp\/v2\/pages"}],"about":[{"href":"https:\/\/www.studyhelp.de\/online-lernen\/wp-json\/wp\/v2\/types\/page"}],"author":[{"embeddable":true,"href":"https:\/\/www.studyhelp.de\/online-lernen\/wp-json\/wp\/v2\/users\/5"}],"replies":[{"embeddable":true,"href":"https:\/\/www.studyhelp.de\/online-lernen\/wp-json\/wp\/v2\/comments?post=8585"}],"version-history":[{"count":13,"href":"https:\/\/www.studyhelp.de\/online-lernen\/wp-json\/wp\/v2\/pages\/8585\/revisions"}],"predecessor-version":[{"id":10868,"href":"https:\/\/www.studyhelp.de\/online-lernen\/wp-json\/wp\/v2\/pages\/8585\/revisions\/10868"}],"up":[{"embeddable":true,"href":"https:\/\/www.studyhelp.de\/online-lernen\/wp-json\/wp\/v2\/pages\/8483"}],"wp:attachment":[{"href":"https:\/\/www.studyhelp.de\/online-lernen\/wp-json\/wp\/v2\/media?parent=8585"}],"wp:term":[{"taxonomy":"category","embeddable":true,"href":"https:\/\/www.studyhelp.de\/online-lernen\/wp-json\/wp\/v2\/categories?post=8585"},{"taxonomy":"post_tag","embeddable":true,"href":"https:\/\/www.studyhelp.de\/online-lernen\/wp-json\/wp\/v2\/tags?post=8585"}],"curies":[{"name":"wp","href":"https:\/\/api.w.org\/{rel}","templated":true}]}}