{"id":8762,"date":"2018-06-27T09:45:20","date_gmt":"2018-06-27T07:45:20","guid":{"rendered":"https:\/\/www.studyhelp.de\/online-lernen\/?page_id=8762"},"modified":"2022-10-12T08:08:06","modified_gmt":"2022-10-12T06:08:06","slug":"erzaehler-und-erzaehlperspektive","status":"publish","type":"page","link":"https:\/\/www.studyhelp.de\/online-lernen\/deutsch\/erzaehler-und-erzaehlperspektive\/","title":{"rendered":"Erz\u00e4hler"},"content":{"rendered":"<p>Ein Erz\u00e4hler ist die Stimme einer Geschichte, durch die das Erz\u00e4hlte erz\u00e4hlt wird. Dieser Erz\u00e4hler tritt in verschiedenen Formen auf. In epischen Texten wird zwischen dem <a href=\"#der-ich-erz\u00e4hler\">Ich-Erz\u00e4hler<\/a>, dem <a class=\"anchor\" href=\"#auktorialer-erz\u00e4hler\">auktorialen Erz\u00e4hler<\/a>, dem <a class=\"anchor\" href=\"#personaler-erz\u00e4hler\">personalen Erz\u00e4hler<\/a> und dem <a class=\"anchor\" href=\"#neutraler-erz\u00e4hler\">neutralen Erz\u00e4hler<\/a> unterschieden. Diese Erz\u00e4hlperspektiven unterscheiden sich mehr oder weniger stark voneinander. Wie die Unterschiede aussehen zeigen wir dir in diesem Artikel.<\/p>\n<p>Ein Erz\u00e4hler nimmt neben verschiedenen Erz\u00e4hlperspektiven verschiedene Sichtweisen ein. Hier unterscheiden wir zwischen der Innenansicht und der Au\u00dfenansicht. Daraus resultierend stehen dem Autor einer Geschichte viele Kombinationen an Erz\u00e4hlperspektiven und Sichtweisen zur Verf\u00fcgung, die wir dir alle auf dieser Seite erkl\u00e4ren.<\/p>\n<p><strong>Themen auf der Seite<\/strong><\/p>\n<ul>\n<li><a href=\"#erz\u00e4hlform-in-epischen-texten\">Erz\u00e4hlperspektiven<\/a>\n<ul>\n<li><a href=\"#der-ich-erz\u00e4hler\">Der Ich-Erz\u00e4hler<\/a><\/li>\n<li><a class=\"anchor\" href=\"#personaler-erz\u00e4hler\">Der personale Erz\u00e4hler<\/a><\/li>\n<li><a class=\"anchor\" href=\"#auktorialer-erz\u00e4hler\">Der auktoriale Erz\u00e4hler<\/a><\/li>\n<li><a class=\"anchor\" href=\"#neutraler-erz\u00e4hler\">Der neutrale Erz\u00e4hler<\/a><\/li>\n<\/ul>\n<\/li>\n<\/ul>\n<h2 id=\"erz\u00e4hlform-in-epischen-texten\" class=\"anchor\">Erz\u00e4hlperspektiven<\/h2>\n<p>Unser Einf\u00fchrungsvideo zu Erz\u00e4hlperspektiven gibt euch eine gute \u00dcbersicht zu dem Thema.<\/p>\n<div class=\"lyte-wrapper\" style=\"width:420px;max-width:100%;margin:5px;\"><div class=\"lyMe\" id=\"WYL_alGCzZOxRG4\"><div id=\"lyte_alGCzZOxRG4\" data-src=\"https:\/\/www.studyhelp.de\/online-lernen\/wp-content\/plugins\/wp-youtube-lyte\/lyteCache.php?origThumbUrl=%2F%2Fi.ytimg.com%2Fvi%2FalGCzZOxRG4%2Fhqdefault.jpg\" class=\"pL\"><div class=\"tC\"><div class=\"tT\"><\/div><\/div><div class=\"play\"><\/div><div class=\"ctrl\"><div class=\"Lctrl\"><\/div><div class=\"Rctrl\"><\/div><\/div><\/div><noscript><a href=\"https:\/\/youtu.be\/alGCzZOxRG4\" rel=\"nofollow\"><img src=\"https:\/\/www.studyhelp.de\/online-lernen\/wp-content\/plugins\/wp-youtube-lyte\/lyteCache.php?origThumbUrl=https%3A%2F%2Fi.ytimg.com%2Fvi%2FalGCzZOxRG4%2F0.jpg\" alt=\"YouTube-Video-Thumbnail\" width=\"420\" height=\"216\" \/><br \/>Dieses Video auf YouTube ansehen<\/a><\/noscript><\/div><\/div><div class=\"lL\" style=\"max-width:100%;width:420px;margin:5px;\"><\/div><br \/>\n<\/p>\n<h3 id=\"der-ich-erz\u00e4hler\" class=\"anchor\">Der Ich-Erz\u00e4hler<\/h3>\n<p>Der Begriff &#8222;Ich-Erz\u00e4hler&#8220; ist beinahe selbsterkl\u00e4rend. Dieser Erz\u00e4hler \u00fcbermittelt seine Geschichte aus der &#8222;Ich-Perspektive&#8220;. Hierdurch bekommt der Leser einen Einblick in die Person, aus dessen Sicht die Geschichte erz\u00e4hlt wird. Einen Einblick in das Innere von anderen Charakteren wird dem Leser nicht gew\u00e4hrt. Durch diese Beschr\u00e4nke gilt der Erz\u00e4hler als nicht allwissend.<\/p>\n<p>Verwendet ein Autor diese Erz\u00e4hlperspektive legt er den Fokus auf den Protagonisten der Geschichte. Seine Handlungen und Gedanken stehen im Mittelpunkt und geben dem Leser die M\u00f6glichkeit sich in den Protagonisten hinein zu versetzen.<\/p>\n<p>Die Abgrenzung zum auktorialen- und personalen Erz\u00e4hler erweist sich in der Analyse als schwierig. Durch \u00dcberschneidungen der Eigenschaften f\u00e4llt es vielen Sch\u00fclern schwer die Erz\u00e4hlperspektive herauszufiltern. Nicht selten liegt die Wahrheit in der Mitte zwischen einem Ich, dem akutorialen und dem personalen Erz\u00e4hler.<\/p>\n<div class=\"box info\">\n<p><strong>Ich-Erz\u00e4hler Zusammenfassung<\/strong><\/p>\n<ul>\n<li>Erz\u00e4hlperspektive aus der ersten Person Singular (Ich)<\/li>\n<li>Hat keinen Einblick ins Innere von anderen Figuren der Geschichte<\/li>\n<li>Ist beschr\u00e4nkt auf das, was er selber erlebt (hat)<\/li>\n<li>\u00c4hnlichkeiten zur personalen oder auktoriale Erz\u00e4hlperspektive<\/li>\n<li>Kommentiert und Wertet ausschlie\u00dflich retrospektiv<\/li>\n<li>Nicht allwissend!<\/li>\n<\/ul>\n<\/div>\n<div class=\"study-deutsch-fullwidth\" id=\"study-3104653934\"><div class=\"ad fullwidth lernheft amz\">\r\n    <div class=\"inner\">\r\n        <div class=\"txt\">\r\n            <span class=\"firstline\">Unser Lernheft zum Deutsch-Abi'22<\/span>\r\n\t\t\t<span class=\"secondline\">Erkl\u00e4rungen + Klausuren + L\u00f6sungen!<\/span>\r\n           <!-- <div class=\"stars\">\r\n                <i class=\"fas fa-star\"><\/i>\r\n                <i class=\"fas fa-star\"><\/i>\r\n                <i class=\"fas fa-star\"><\/i>\r\n                <i class=\"fas fa-star\"><\/i>\r\n                <i class=\"fas fa-star-half\"><\/i>\r\n            <\/div>\r\n            <div class=\"stars-counter\">\r\n                <small>4,5 von 5 Sternen<\/small>\r\n            <\/div>-->\r\n        <\/div>\r\n        <div class=\"btn-container\">\r\n            <a class=\"btn orange\" target=\"_blank\" href=\"%link%\"><img src=\"https:\/\/www.studyhelp.de\/online-lernen\/wp-content\/uploads\/2018\/06\/amz.png\" alt=\"Jetzt kaufen\" title=\"Jetzt kaufen\" \/><span>Auf Amazon ansehen<\/span><\/a>\r\n        <\/div>\r\n        <div class=\"media\">\r\n            <div class=\"img\">\r\n                <img src=\"https:\/\/www.studyhelp.de\/online-lernen\/wp-content\/uploads\/2018\/07\/deutsch-abiturvorbereitung.png\" alt=\"Deutsch Abiturvorbereitung\" title=\"Deutsch Abiturvorbereitung\" \/>\r\n            <\/div>\r\n        <\/div>\r\n    <\/div>\r\n    <div class=\"figure circle\"><\/div>\r\n    <div class=\"figure circle2\"><\/div>\r\n    <div class=\"figure square\"><\/div>\r\n    <div class=\"figure triangle\"><\/div>\r\n   <div class=\"label red\"><p>15,99\u20ac<\/p><\/div>\r\n<\/div><\/div>\n<hr \/>\n<h3 id=\"personaler-erz\u00e4hler\" class=\"anchor\">Der personale Erz\u00e4hler<\/h3>\n<p>Der Erz\u00e4hler greift die Innensicht von einer Person auf. Die ist n\u00fctzlich, wenn es um das Herausarbeiten einer bestimmten Perspektive geht. In anderer Hinsicht erweist sich diese Erz\u00e4hlperspektive als unpraktisch, da der Erz\u00e4hler keine M\u00f6glichkeit hat innerlichen Konflikte oder Gedanken anderer Charaktere wiederzugeben.<\/p>\n<p>Ein Beispiel hierf\u00fcr ist die Reihe Ein Lied von Eis und Feuer von George R. R. Martin. Die Kapitel des Buches beschreiben die Geschichte aus Perspektiven unterschiedlicher Charaktere. Einzeln betrachtet steht hinter jeder Figur ein personaler Er\/Sie\/Es-Erz\u00e4hler, der ausschlie\u00dflich ie Gedanken der jeweils betrachteten Person kennt.<\/p>\n<div class=\"box info\">\n<p><strong>Zusammenfassung personaler Erz\u00e4hler<\/strong><\/p>\n<ul>\n<li>Erz\u00e4hlperspektive aus der dritten Person Singular (Er\/Sie\/Es)<\/li>\n<li>Hat keinen Einblick in das Innere von anderen Figuren der Geschichte<\/li>\n<li>Ist beschr\u00e4nkt auf das, was er selber erlebt (hat)<\/li>\n<li>Erz\u00e4hler wertet, analysiert oder kommentiert nicht selbstst\u00e4ndig<\/li>\n<li>Nicht allwissend!<\/li>\n<\/ul>\n<\/div>\n<hr \/>\n<h3 id=\"auktorialer-erz\u00e4hler\" class=\"anchor\">Der Auktoriale Erz\u00e4hler<\/h3>\n<p>Beim auktorialen Erz\u00e4hler, dessen Bezeichnung sich von dem lateinischen Wort auctor (\u201eUrheber\u201c) ableiten l\u00e4sst, sieht der Sachverhalt anders aus. Hier hat der Erz\u00e4hler Einblick in das Innere aller Charaktere der Geschichte. Er gibt Gedanken, Gef\u00fchle und Konflikte wieder. Erz\u00e4hlt aus vergangenen Tagen oder greift Dinge aus der Zukunft vor. Umgangssprachlich wird er aus diesem Grund als allwissender Erz\u00e4hler betitelt.<\/p>\n<p>Ein bekanntes Beispiel hierf\u00fcr bietet der Roman Das Parf\u00fcm von Patrick S\u00fcskind. Der Erz\u00e4hler wei\u00df \u00fcber das Datum, sowie die Art und Weise des Todes einzelner Charaktere Bescheid und berichtet, sobald sie f\u00fcr die Handlung nicht mehr von Bedeutung sind.<\/p>\n<div class=\"box info\">\n<p><strong>Zusammenfassung auktorialer Erz\u00e4hler<\/strong><\/p>\n<ul>\n<li>Erz\u00e4hlperspektive \u201evon au\u00dfen\u201c<\/li>\n<li>Hat Einblick ins Innere von allen Figuren der Geschichte<\/li>\n<li>Kommentiert und deutet Geschichte<\/li>\n<li>Allwissend!<\/li>\n<\/ul>\n<\/div>\n<div class=\"study-deutsch-fullwidth\" id=\"study-752879403\"><div class=\"ad fullwidth lernheft amz\">\r\n    <div class=\"inner\">\r\n        <div class=\"txt\">\r\n            <span class=\"firstline\">Unser Lernheft zum Deutsch-Abi'22<\/span>\r\n\t\t\t<span class=\"secondline\">Erkl\u00e4rungen + Klausuren + L\u00f6sungen!<\/span>\r\n           <!-- <div class=\"stars\">\r\n                <i class=\"fas fa-star\"><\/i>\r\n                <i class=\"fas fa-star\"><\/i>\r\n                <i class=\"fas fa-star\"><\/i>\r\n                <i class=\"fas fa-star\"><\/i>\r\n                <i class=\"fas fa-star-half\"><\/i>\r\n            <\/div>\r\n            <div class=\"stars-counter\">\r\n                <small>4,5 von 5 Sternen<\/small>\r\n            <\/div>-->\r\n        <\/div>\r\n        <div class=\"btn-container\">\r\n            <a class=\"btn orange\" target=\"_blank\" href=\"%link%\"><img src=\"https:\/\/www.studyhelp.de\/online-lernen\/wp-content\/uploads\/2018\/06\/amz.png\" alt=\"Jetzt kaufen\" title=\"Jetzt kaufen\" \/><span>Auf Amazon ansehen<\/span><\/a>\r\n        <\/div>\r\n        <div class=\"media\">\r\n            <div class=\"img\">\r\n                <img src=\"https:\/\/www.studyhelp.de\/online-lernen\/wp-content\/uploads\/2018\/07\/deutsch-abiturvorbereitung.png\" alt=\"Deutsch Abiturvorbereitung\" title=\"Deutsch Abiturvorbereitung\" \/>\r\n            <\/div>\r\n        <\/div>\r\n    <\/div>\r\n    <div class=\"figure circle\"><\/div>\r\n    <div class=\"figure circle2\"><\/div>\r\n    <div class=\"figure square\"><\/div>\r\n    <div class=\"figure triangle\"><\/div>\r\n   <div class=\"label red\"><p>15,99\u20ac<\/p><\/div>\r\n<\/div><\/div>\n<hr \/>\n<h3 id=\"neutraler-erz\u00e4hler\" class=\"anchor\">Der neutrale Erz\u00e4hler<\/h3>\n<p>Beim neutralen Erz\u00e4hler ist die Haltung des Erz\u00e4hlers nicht greifbar. Ein episches Werk mit diesem Erz\u00e4hler besteht vorwiegend aus Beschreibungen und Dialogen. Es wird in diesem Fall von einem szenischen Erz\u00e4hlen gesprochen, der \u00fcber der Geschichte schwebt.<\/p>\n<p>Im Text \u00e4u\u00dfert sich das Schweben durch die sogenannten Camera-Eye-Technik. Der Leser wird \u00e4hnlich wie bei einem Film \u00fcber die einzelnen Szenerien und Charaktere gef\u00fchrt wird. Beispiele sind hierbei die R Buddenbrooks oder Der Stechlin von Theodor Fontane.<\/p>\n<div class=\"box info\">\n<strong>Zusammenfassung neutraler Erz\u00e4hler<\/strong><\/p>\n<ul>\n<li>Erz\u00e4hlperspektive \u201evon au\u00dfen\u201c<\/li>\n<li>Hat keinen Einblick in das Innere von anderen Figuren der Geschichte<\/li>\n<li>Wirkt beschreibend- und nicht wertend<\/li>\n<li>Nicht allwissend!<\/li>\n<\/ul>\n<\/div>\n<div class=\"box exercise\">\n<p>Erz\u00e4hlform und Erz\u00e4hlverhalten k\u00f6nnen innerhalb eines gesamten Werkes wechseln. Sie d\u00fcrfen nicht als starr oder feststehend betrachtet werden.<\/p>\n<\/div>\n<div class=\"study-deutsch-fullwidth\" id=\"study-1804397317\"><div class=\"ad fullwidth lernheft amz\">\r\n    <div class=\"inner\">\r\n        <div class=\"txt\">\r\n            <span class=\"firstline\">Unser Lernheft zum Deutsch-Abi'22<\/span>\r\n\t\t\t<span class=\"secondline\">Erkl\u00e4rungen + Klausuren + L\u00f6sungen!<\/span>\r\n           <!-- <div class=\"stars\">\r\n                <i class=\"fas fa-star\"><\/i>\r\n                <i class=\"fas fa-star\"><\/i>\r\n                <i class=\"fas fa-star\"><\/i>\r\n                <i class=\"fas fa-star\"><\/i>\r\n                <i class=\"fas fa-star-half\"><\/i>\r\n            <\/div>\r\n            <div class=\"stars-counter\">\r\n                <small>4,5 von 5 Sternen<\/small>\r\n            <\/div>-->\r\n        <\/div>\r\n        <div class=\"btn-container\">\r\n            <a class=\"btn orange\" target=\"_blank\" href=\"%link%\"><img src=\"https:\/\/www.studyhelp.de\/online-lernen\/wp-content\/uploads\/2018\/06\/amz.png\" alt=\"Jetzt kaufen\" title=\"Jetzt kaufen\" \/><span>Auf Amazon ansehen<\/span><\/a>\r\n        <\/div>\r\n        <div class=\"media\">\r\n            <div class=\"img\">\r\n                <img src=\"https:\/\/www.studyhelp.de\/online-lernen\/wp-content\/uploads\/2018\/07\/deutsch-abiturvorbereitung.png\" alt=\"Deutsch Abiturvorbereitung\" title=\"Deutsch Abiturvorbereitung\" \/>\r\n            <\/div>\r\n        <\/div>\r\n    <\/div>\r\n    <div class=\"figure circle\"><\/div>\r\n    <div class=\"figure circle2\"><\/div>\r\n    <div class=\"figure square\"><\/div>\r\n    <div class=\"figure triangle\"><\/div>\r\n   <div class=\"label red\"><p>15,99\u20ac<\/p><\/div>\r\n<\/div><\/div>\n","protected":false},"excerpt":{"rendered":"<p>Ein Erz\u00e4hler ist die Stimme einer Geschichte, durch die das Erz\u00e4hlte erz\u00e4hlt wird. Dieser Erz\u00e4hler tritt in verschiedenen Formen auf. In epischen Texten wird zwischen dem Ich-Erz\u00e4hler, dem auktorialen Erz\u00e4hler, dem personalen Erz\u00e4hler und dem neutralen Erz\u00e4hler unterschieden. Diese Erz\u00e4hlperspektiven unterscheiden sich mehr oder weniger stark voneinander. Wie die Unterschiede aussehen zeigen wir dir in [&hellip;]<\/p>\n","protected":false},"author":3,"featured_media":0,"parent":8123,"menu_order":0,"comment_status":"closed","ping_status":"closed","template":"","meta":[],"categories":[30],"tags":[],"yoast_head":"<!-- This site is optimized with the Yoast SEO plugin v14.7 - https:\/\/yoast.com\/wordpress\/plugins\/seo\/ -->\n<title>Erz\u00e4hler und Erz\u00e4hlperspektive - StudyHelp Online-Lernen<\/title>\n<meta name=\"description\" content=\"Ein Erz\u00e4hler ist die Instanz innerhalb einer Geschichte, durch die das Erz\u00e4hlte vermittelt wird. Dieser Erz\u00e4hler kann in verschiedenen Formen auftreten.\" \/>\n<meta name=\"robots\" content=\"index, follow\" \/>\n<meta name=\"googlebot\" content=\"index, follow, max-snippet:-1, max-image-preview:large, max-video-preview:-1\" \/>\n<meta name=\"bingbot\" content=\"index, follow, max-snippet:-1, max-image-preview:large, max-video-preview:-1\" \/>\n<link rel=\"canonical\" href=\"http:\/\/www.studyhelp.de\/online-lernen\/deutsch\/erzaehler-und-erzaehlperspektive\/\" \/>\n<meta property=\"og:locale\" content=\"de_DE\" \/>\n<meta property=\"og:type\" content=\"article\" \/>\n<meta property=\"og:title\" content=\"Erz\u00e4hler und Erz\u00e4hlperspektive - StudyHelp Online-Lernen\" \/>\n<meta property=\"og:description\" content=\"Ein Erz\u00e4hler ist die Instanz innerhalb einer Geschichte, durch die das Erz\u00e4hlte vermittelt wird. Dieser Erz\u00e4hler kann in verschiedenen Formen auftreten.\" \/>\n<meta property=\"og:url\" content=\"http:\/\/www.studyhelp.de\/online-lernen\/deutsch\/erzaehler-und-erzaehlperspektive\/\" \/>\n<meta property=\"og:site_name\" content=\"StudyHelp Online-Lernen\" \/>\n<meta property=\"article:modified_time\" content=\"2022-10-12T06:08:06+00:00\" \/>\n<meta name=\"twitter:card\" content=\"summary_large_image\" \/>\n<script type=\"application\/ld+json\" class=\"yoast-schema-graph\">{\"@context\":\"https:\/\/schema.org\",\"@graph\":[{\"@type\":\"WebSite\",\"@id\":\"https:\/\/www.studyhelp.de\/online-lernen\/#website\",\"url\":\"https:\/\/www.studyhelp.de\/online-lernen\/\",\"name\":\"StudyHelp Online-Lernen\",\"description\":\"\",\"potentialAction\":[{\"@type\":\"SearchAction\",\"target\":\"https:\/\/www.studyhelp.de\/online-lernen\/?s={search_term_string}\",\"query-input\":\"required name=search_term_string\"}],\"inLanguage\":\"de-DE\"},{\"@type\":\"WebPage\",\"@id\":\"http:\/\/www.studyhelp.de\/online-lernen\/deutsch\/erzaehler-und-erzaehlperspektive\/#webpage\",\"url\":\"http:\/\/www.studyhelp.de\/online-lernen\/deutsch\/erzaehler-und-erzaehlperspektive\/\",\"name\":\"Erz\\u00e4hler und Erz\\u00e4hlperspektive - StudyHelp Online-Lernen\",\"isPartOf\":{\"@id\":\"https:\/\/www.studyhelp.de\/online-lernen\/#website\"},\"datePublished\":\"2018-06-27T07:45:20+00:00\",\"dateModified\":\"2022-10-12T06:08:06+00:00\",\"description\":\"Ein Erz\\u00e4hler ist die Instanz innerhalb einer Geschichte, durch die das Erz\\u00e4hlte vermittelt wird. Dieser Erz\\u00e4hler kann in verschiedenen Formen auftreten.\",\"inLanguage\":\"de-DE\",\"potentialAction\":[{\"@type\":\"ReadAction\",\"target\":[\"http:\/\/www.studyhelp.de\/online-lernen\/deutsch\/erzaehler-und-erzaehlperspektive\/\"]}]}]}<\/script>\n<!-- \/ Yoast SEO plugin. -->","_links":{"self":[{"href":"https:\/\/www.studyhelp.de\/online-lernen\/wp-json\/wp\/v2\/pages\/8762"}],"collection":[{"href":"https:\/\/www.studyhelp.de\/online-lernen\/wp-json\/wp\/v2\/pages"}],"about":[{"href":"https:\/\/www.studyhelp.de\/online-lernen\/wp-json\/wp\/v2\/types\/page"}],"author":[{"embeddable":true,"href":"https:\/\/www.studyhelp.de\/online-lernen\/wp-json\/wp\/v2\/users\/3"}],"replies":[{"embeddable":true,"href":"https:\/\/www.studyhelp.de\/online-lernen\/wp-json\/wp\/v2\/comments?post=8762"}],"version-history":[{"count":30,"href":"https:\/\/www.studyhelp.de\/online-lernen\/wp-json\/wp\/v2\/pages\/8762\/revisions"}],"predecessor-version":[{"id":17427,"href":"https:\/\/www.studyhelp.de\/online-lernen\/wp-json\/wp\/v2\/pages\/8762\/revisions\/17427"}],"up":[{"embeddable":true,"href":"https:\/\/www.studyhelp.de\/online-lernen\/wp-json\/wp\/v2\/pages\/8123"}],"wp:attachment":[{"href":"https:\/\/www.studyhelp.de\/online-lernen\/wp-json\/wp\/v2\/media?parent=8762"}],"wp:term":[{"taxonomy":"category","embeddable":true,"href":"https:\/\/www.studyhelp.de\/online-lernen\/wp-json\/wp\/v2\/categories?post=8762"},{"taxonomy":"post_tag","embeddable":true,"href":"https:\/\/www.studyhelp.de\/online-lernen\/wp-json\/wp\/v2\/tags?post=8762"}],"curies":[{"name":"wp","href":"https:\/\/api.w.org\/{rel}","templated":true}]}}