{"id":9115,"date":"2018-07-25T12:12:37","date_gmt":"2018-07-25T10:12:37","guid":{"rendered":"https:\/\/www.studyhelp.de\/online-lernen\/?page_id=9115"},"modified":"2018-11-15T08:32:32","modified_gmt":"2018-11-15T07:32:32","slug":"einordnung-der-quelle-in-ihren-historischen-kontext","status":"publish","type":"page","link":"https:\/\/www.studyhelp.de\/online-lernen\/geschichte\/einordnung-der-quelle-in-ihren-historischen-kontext\/","title":{"rendered":"Einordnung der Quelle in ihren historischen Kontext"},"content":{"rendered":"<p>Nachdem ihr den <a href=\"https:\/\/www.studyhelp.de\/online-lernen\/geschichte\/abiturpruefung-geschichte-aufgabenteil-1\/\" rel=\"noopener\" target=\"_blank\">ersten Aufgabenteil<\/a> abgeschlossen habt, wird von euch erwartet, dass ihr die Quelle in den historischen Kontext einordnet. Was meinen eure Lehrer eigentlich damit, und warum ist er wichtig?<\/p>\n<div class=\"box info\">\n<p>Als Historischen Kontext bezeichnet man die Strukturen, Prozesse und Ereignisse, in die eine Quelle oder der Vorgang, der in einer Quelle beschrieben wird, eingebettet ist. Er bezieht sich also auf die Zeit unmittelbar vor, w\u00e4hrend und nach den Ereignissen einer Quelle. Grob gesagt kann man damit die Lebenswirklichkeit der Zeitgenossen bezeichnen.<br \/>\n<\/div>\n<p>Es kommt hier also auf das historische Vorwissen an. Dieses Wissen habt ihr euch idealerweise durch die Klausurvorbereitung im Schulunterricht und durch eure mehrw\u00f6chige Lernphase vor der Pr\u00fcfung angeeignet. Ohne historisches Vorwissen wird es euch nicht m\u00f6glich sein, diese Aufgabe in angemessener Weise zu bewerkstelligen.<\/p>\n<div class=\"box info\">\n<strong>Tipps zur Vorbereitung:<\/strong><\/p>\n<ol>\n<li>Sucht in euren Mitschriften und Unterrichtsmaterialien nach historischen Ereignissen und Daten, die mit den potentiellen Pr\u00fcfungsthemen in Verbindung stehen, und lernt sie.<\/li>\n<li>Falls ihr den Eindruck habt, dass euch zu eurem Thema noch weitere Informationen fehlen, schaut am besten in einem Geschichtslexikon oder eine \u00dcberblicksdarstellung nach. Eurer Lehrer macht euch sicher gerne Literaturvorschl\u00e4ge.<\/li>\n<\/ol>\n<\/div>\n<div class=\"study-geschichte-fullwidth\" id=\"study-2235503849\"><div class=\"ad fullwidth lernheft amz\">\r\n    <div class=\"inner\">\r\n        <div class=\"txt\">\r\n            <span class=\"firstline\">Unser Lernheft zum Geschichte-Abi'22<\/span>\r\n\t\t\t<span class=\"secondline\">Erkl\u00e4rungen + Klausuren + L\u00f6sungen!<\/span>\r\n            <div class=\"stars\">\r\n                <i class=\"fas fa-star\"><\/i>\r\n                <i class=\"fas fa-star\"><\/i>\r\n                <i class=\"fas fa-star\"><\/i>\r\n                <i class=\"fas fa-star\"><\/i>\r\n                <i class=\"fas fa-star\"><\/i>\r\n            <\/div>\r\n            <!--<div class=\"stars-counter\">\r\n                <small>5 von 5 Sternen<\/small>\r\n            <\/div>-->\r\n        <\/div>\r\n        <div class=\"btn-container\">\r\n            <a class=\"btn orange\" target=\"_blank\" href=\"%link%\"><img src=\"https:\/\/www.studyhelp.de\/online-lernen\/wp-content\/uploads\/2018\/06\/amz.png\" alt=\"Jetzt kaufen\" title=\"Jetzt kaufen\" \/><span>Auf Amazon ansehen<\/span><\/a>\r\n        <\/div>\r\n        <div class=\"media\">\r\n            <div class=\"img\">\r\n                <img src=\"https:\/\/www.studyhelp.de\/online-lernen\/wp-content\/uploads\/2018\/07\/geschichte-abiturvorbereitung-min.png\" alt=\"Geschichte Abiturvorbereitung\" title=\"Geschichte Abiturvorbereitung\" \/>\r\n            <\/div>\r\n        <\/div>\r\n    <\/div>\r\n    <div class=\"figure circle\"><\/div>\r\n    <div class=\"figure circle2\"><\/div>\r\n    <div class=\"figure square\"><\/div>\r\n    <div class=\"figure triangle\"><\/div>\r\n    <!--<div class=\"label red\"><p>15,99\u20ac<\/p><\/div>-->\r\n<\/div><\/div>\n<p>Eine umfassende \u00dcbersicht historischer Ereignisse ist in diesem Heft nicht enthalten. Bei den \u00dcbungsaufgaben in den Kapiteln 6-9 findet ihr jedoch eine Menge an historischen Daten, die ihr zur Bearbeitung der Aufgaben ben\u00f6tigt. Diese Ereignisse sind jedoch abh\u00e4ngig vom Kontext der Quellen und k\u00f6nnen euch nur eine grobe Orientierung bieten. Daher solltet ihr euch dar\u00fcber hinaus noch detaillierter mit den Sachverhalten auseinandersetzen.<\/p>\n<p>Nicht jedes der Ereignisse des historischen Kontextes steht im Zusammenhang mit der vorliegenden Quelle. Daher m\u00fcsst ihr die Ereignisse ausw\u00e4hlen, die in direkter oder indirekter Verbindung mit ihr stehen. Ereignisse, die keinen inhaltlichen Bezug zur Quelle aufweisen, k\u00f6nnt ihr vernachl\u00e4ssigen.<\/p>\n<div class=\"box info\">\n<strong>Tipps zum Bestimmen relevanter Ereignisse:<\/strong><\/p>\n<ol>\n<li>M\u00f6glicherweise wird in der Quelle selbst Bezug auf andere historische Ereignisse genommen. \u00dcber diese solltet ihr euch auf jeden Fall informieren.<\/li>\n<li>Die W-Fragen k\u00f6nnen euch dabei helfen, den Kontext der Quelle einzugrenzen. In der Quelle genannte Personen, Orte und Zeitangaben k\u00f6nnen euch auf Bez\u00fcge zu anderen Geschehnissen hinweisen.<\/li>\n<\/ol>\n<\/div>\n<div class=\"study-geschichte-fullwidth\" id=\"study-3841412756\"><div class=\"ad fullwidth lernheft amz\">\r\n    <div class=\"inner\">\r\n        <div class=\"txt\">\r\n            <span class=\"firstline\">Unser Lernheft zum Geschichte-Abi'22<\/span>\r\n\t\t\t<span class=\"secondline\">Erkl\u00e4rungen + Klausuren + L\u00f6sungen!<\/span>\r\n            <div class=\"stars\">\r\n                <i class=\"fas fa-star\"><\/i>\r\n                <i class=\"fas fa-star\"><\/i>\r\n                <i class=\"fas fa-star\"><\/i>\r\n                <i class=\"fas fa-star\"><\/i>\r\n                <i class=\"fas fa-star\"><\/i>\r\n            <\/div>\r\n            <!--<div class=\"stars-counter\">\r\n                <small>5 von 5 Sternen<\/small>\r\n            <\/div>-->\r\n        <\/div>\r\n        <div class=\"btn-container\">\r\n            <a class=\"btn orange\" target=\"_blank\" href=\"%link%\"><img src=\"https:\/\/www.studyhelp.de\/online-lernen\/wp-content\/uploads\/2018\/06\/amz.png\" alt=\"Jetzt kaufen\" title=\"Jetzt kaufen\" \/><span>Auf Amazon ansehen<\/span><\/a>\r\n        <\/div>\r\n        <div class=\"media\">\r\n            <div class=\"img\">\r\n                <img src=\"https:\/\/www.studyhelp.de\/online-lernen\/wp-content\/uploads\/2018\/07\/geschichte-abiturvorbereitung-min.png\" alt=\"Geschichte Abiturvorbereitung\" title=\"Geschichte Abiturvorbereitung\" \/>\r\n            <\/div>\r\n        <\/div>\r\n    <\/div>\r\n    <div class=\"figure circle\"><\/div>\r\n    <div class=\"figure circle2\"><\/div>\r\n    <div class=\"figure square\"><\/div>\r\n    <div class=\"figure triangle\"><\/div>\r\n    <!--<div class=\"label red\"><p>15,99\u20ac<\/p><\/div>-->\r\n<\/div><\/div>\n<p>Um den Kontext einer Quelle erschlie\u00dfen zu k\u00f6nnen, m\u00fcsst ihr euch also ihr zeitliches Umfeld ansehen. Es empfiehlt sich, dabei chronologisch vorzugehen, d. h. ihr beginnt mit dem Zeitgeschehen vor der Quelle, macht weiter mit der Deutung der Quelle und schlie\u00dft mit dem Geschehen nach der Quelle ab. W\u00e4hlt ein Ereignis aus, dass euch als Startpunkt f\u00fcr den Kontext geeignet erscheint! <\/p>\n<div class=\"box info\">\n<strong>Adam, Eva, ein Apfel und der B\u00f6rsencrash 1929:<\/strong><\/p>\n<p>Seid bei der Auswahl des Startpunktes pragmatisch. Nat\u00fcrlich kann man, wenn man \u00fcber die Ursachen des Zweiten Weltkriegs diskutiert, bis zu Napoleon zur\u00fcckgehen. Ob dies im Kontext einer Abiturpr\u00fcfung sinnvoll ist, steht aber auf einem anderen Blatt. Hier gilt ebenso wie beim Einsatz des Textmarkers: <strong>\u201eSo viel wie n\u00f6tig, so wenig wie m\u00f6glich.\u201c<\/strong><br \/>\n<\/div>\n<p>Anschlie\u00dfend beschreibt ihr jedes Ereignis in ein bis zwei S\u00e4tzen und erl\u00e4utert den Bezug zur Quelle. Zu diesem Vorgehen passt ein Schema, das nach den Ausl\u00f6sern, den Ursachen und den Folgen fragt.<\/p>\n<div class=\"box info\">\n<ol>\n<li>Der Ausl\u00f6ser markiert ein bestimmtes Ereignis, das eine Kette oder einen Prozess in Gang setzt, in die oder den auch die vorliegende Quelle eingeordnet werden kann.<\/li>\n<li>Ursachen sind Ereignisse oder Zust\u00e4nde, die einen solchen Prozess f\u00f6rdern und bedingen. Auch sie sind zeitlich vor der Quelle zu suchen.<\/li>\n<li>Chronologisch nach der Quelle lassen sich Folgen und Auswirkungen feststellen.<\/li>\n<\/ol>\n<\/div>\n<div class=\"study-geschichte-fullwidth\" id=\"study-1676376151\"><div class=\"ad fullwidth lernheft amz\">\r\n    <div class=\"inner\">\r\n        <div class=\"txt\">\r\n            <span class=\"firstline\">Unser Lernheft zum Geschichte-Abi'22<\/span>\r\n\t\t\t<span class=\"secondline\">Erkl\u00e4rungen + Klausuren + L\u00f6sungen!<\/span>\r\n            <div class=\"stars\">\r\n                <i class=\"fas fa-star\"><\/i>\r\n                <i class=\"fas fa-star\"><\/i>\r\n                <i class=\"fas fa-star\"><\/i>\r\n                <i class=\"fas fa-star\"><\/i>\r\n                <i class=\"fas fa-star\"><\/i>\r\n            <\/div>\r\n            <!--<div class=\"stars-counter\">\r\n                <small>5 von 5 Sternen<\/small>\r\n            <\/div>-->\r\n        <\/div>\r\n        <div class=\"btn-container\">\r\n            <a class=\"btn orange\" target=\"_blank\" href=\"%link%\"><img src=\"https:\/\/www.studyhelp.de\/online-lernen\/wp-content\/uploads\/2018\/06\/amz.png\" alt=\"Jetzt kaufen\" title=\"Jetzt kaufen\" \/><span>Auf Amazon ansehen<\/span><\/a>\r\n        <\/div>\r\n        <div class=\"media\">\r\n            <div class=\"img\">\r\n                <img src=\"https:\/\/www.studyhelp.de\/online-lernen\/wp-content\/uploads\/2018\/07\/geschichte-abiturvorbereitung-min.png\" alt=\"Geschichte Abiturvorbereitung\" title=\"Geschichte Abiturvorbereitung\" \/>\r\n            <\/div>\r\n        <\/div>\r\n    <\/div>\r\n    <div class=\"figure circle\"><\/div>\r\n    <div class=\"figure circle2\"><\/div>\r\n    <div class=\"figure square\"><\/div>\r\n    <div class=\"figure triangle\"><\/div>\r\n    <!--<div class=\"label red\"><p>15,99\u20ac<\/p><\/div>-->\r\n<\/div><\/div>\n","protected":false},"excerpt":{"rendered":"<p>Nachdem ihr den ersten Aufgabenteil abgeschlossen habt, wird von euch erwartet, dass ihr die Quelle in den historischen Kontext einordnet. Was meinen eure Lehrer eigentlich damit, und warum ist er wichtig? Es kommt hier also auf das historische Vorwissen an. Dieses Wissen habt ihr euch idealerweise durch die Klausurvorbereitung im Schulunterricht und durch eure mehrw\u00f6chige [&hellip;]<\/p>\n","protected":false},"author":3,"featured_media":0,"parent":9015,"menu_order":0,"comment_status":"closed","ping_status":"closed","template":"","meta":[],"categories":[40],"tags":[],"yoast_head":"<!-- This site is optimized with the Yoast SEO plugin v14.7 - https:\/\/yoast.com\/wordpress\/plugins\/seo\/ -->\n<title>Einordnung von Quelle in historischen Kontext - StudyHelp Online-Lernen<\/title>\n<meta name=\"description\" content=\"Im zweiten Aufgabenteil der Geschichte Abiturpr\u00fcfung muss eine Quelle in ihren historischen Kontext eingeordnet werden. Wir zeigen euch wie!\" \/>\n<meta name=\"robots\" content=\"index, follow\" \/>\n<meta name=\"googlebot\" content=\"index, follow, max-snippet:-1, max-image-preview:large, max-video-preview:-1\" \/>\n<meta name=\"bingbot\" content=\"index, follow, max-snippet:-1, max-image-preview:large, max-video-preview:-1\" \/>\n<link rel=\"canonical\" href=\"https:\/\/www.studyhelp.de\/online-lernen\/geschichte\/einordnung-der-quelle-in-ihren-historischen-kontext\/\" \/>\n<meta property=\"og:locale\" content=\"de_DE\" \/>\n<meta property=\"og:type\" content=\"article\" \/>\n<meta property=\"og:title\" content=\"Einordnung von Quelle in historischen Kontext - StudyHelp Online-Lernen\" \/>\n<meta property=\"og:description\" content=\"Im zweiten Aufgabenteil der Geschichte Abiturpr\u00fcfung muss eine Quelle in ihren historischen Kontext eingeordnet werden. Wir zeigen euch wie!\" \/>\n<meta property=\"og:url\" content=\"https:\/\/www.studyhelp.de\/online-lernen\/geschichte\/einordnung-der-quelle-in-ihren-historischen-kontext\/\" \/>\n<meta property=\"og:site_name\" content=\"StudyHelp Online-Lernen\" \/>\n<meta property=\"article:modified_time\" content=\"2018-11-15T07:32:32+00:00\" \/>\n<meta name=\"twitter:card\" content=\"summary_large_image\" \/>\n<script type=\"application\/ld+json\" class=\"yoast-schema-graph\">{\"@context\":\"https:\/\/schema.org\",\"@graph\":[{\"@type\":\"WebSite\",\"@id\":\"https:\/\/www.studyhelp.de\/online-lernen\/#website\",\"url\":\"https:\/\/www.studyhelp.de\/online-lernen\/\",\"name\":\"StudyHelp Online-Lernen\",\"description\":\"\",\"potentialAction\":[{\"@type\":\"SearchAction\",\"target\":\"https:\/\/www.studyhelp.de\/online-lernen\/?s={search_term_string}\",\"query-input\":\"required name=search_term_string\"}],\"inLanguage\":\"de-DE\"},{\"@type\":\"WebPage\",\"@id\":\"https:\/\/www.studyhelp.de\/online-lernen\/geschichte\/einordnung-der-quelle-in-ihren-historischen-kontext\/#webpage\",\"url\":\"https:\/\/www.studyhelp.de\/online-lernen\/geschichte\/einordnung-der-quelle-in-ihren-historischen-kontext\/\",\"name\":\"Einordnung von Quelle in historischen Kontext - StudyHelp Online-Lernen\",\"isPartOf\":{\"@id\":\"https:\/\/www.studyhelp.de\/online-lernen\/#website\"},\"datePublished\":\"2018-07-25T10:12:37+00:00\",\"dateModified\":\"2018-11-15T07:32:32+00:00\",\"description\":\"Im zweiten Aufgabenteil der Geschichte Abiturpr\\u00fcfung muss eine Quelle in ihren historischen Kontext eingeordnet werden. Wir zeigen euch wie!\",\"inLanguage\":\"de-DE\",\"potentialAction\":[{\"@type\":\"ReadAction\",\"target\":[\"https:\/\/www.studyhelp.de\/online-lernen\/geschichte\/einordnung-der-quelle-in-ihren-historischen-kontext\/\"]}]}]}<\/script>\n<!-- \/ Yoast SEO plugin. -->","_links":{"self":[{"href":"https:\/\/www.studyhelp.de\/online-lernen\/wp-json\/wp\/v2\/pages\/9115"}],"collection":[{"href":"https:\/\/www.studyhelp.de\/online-lernen\/wp-json\/wp\/v2\/pages"}],"about":[{"href":"https:\/\/www.studyhelp.de\/online-lernen\/wp-json\/wp\/v2\/types\/page"}],"author":[{"embeddable":true,"href":"https:\/\/www.studyhelp.de\/online-lernen\/wp-json\/wp\/v2\/users\/3"}],"replies":[{"embeddable":true,"href":"https:\/\/www.studyhelp.de\/online-lernen\/wp-json\/wp\/v2\/comments?post=9115"}],"version-history":[{"count":3,"href":"https:\/\/www.studyhelp.de\/online-lernen\/wp-json\/wp\/v2\/pages\/9115\/revisions"}],"predecessor-version":[{"id":11453,"href":"https:\/\/www.studyhelp.de\/online-lernen\/wp-json\/wp\/v2\/pages\/9115\/revisions\/11453"}],"up":[{"embeddable":true,"href":"https:\/\/www.studyhelp.de\/online-lernen\/wp-json\/wp\/v2\/pages\/9015"}],"wp:attachment":[{"href":"https:\/\/www.studyhelp.de\/online-lernen\/wp-json\/wp\/v2\/media?parent=9115"}],"wp:term":[{"taxonomy":"category","embeddable":true,"href":"https:\/\/www.studyhelp.de\/online-lernen\/wp-json\/wp\/v2\/categories?post=9115"},{"taxonomy":"post_tag","embeddable":true,"href":"https:\/\/www.studyhelp.de\/online-lernen\/wp-json\/wp\/v2\/tags?post=9115"}],"curies":[{"name":"wp","href":"https:\/\/api.w.org\/{rel}","templated":true}]}}