{"id":9118,"date":"2018-07-26T09:20:22","date_gmt":"2018-07-26T07:20:22","guid":{"rendered":"https:\/\/www.studyhelp.de\/online-lernen\/?page_id=9118"},"modified":"2018-11-27T14:53:35","modified_gmt":"2018-11-27T13:53:35","slug":"sachurteil-und-werturteil-einer-quelle","status":"publish","type":"page","link":"https:\/\/www.studyhelp.de\/online-lernen\/geschichte\/sachurteil-und-werturteil-einer-quelle\/","title":{"rendered":"Sachurteil und Werturteil &#8211; Bewertung von Quellen"},"content":{"rendered":"<p>In der dritten Aufgabe eurer Geschichte Abiturpr\u00fcfung m\u00fcsst ihr ein Sachurteil und ein Werturteil zu einer <a href=\"https:\/\/www.studyhelp.de\/online-lernen\/geschichte\/welche-historischen-quellen-gibt-es\/\" rel=\"noopener\" target=\"_blank\">Quelle<\/a> abgeben.  Je gr\u00fcndlicher ihr die ersten beiden Aufgaben bearbeitet habt, desto weniger Schwierigkeiten werdet ihr bei der Bearbeitung der dritten Aufgabe bekommen, da es nun darum geht, die Ergebnisse der Analyse zu beurteilen.<\/p>\n<div class=\"box info\">\n<p><strong>Beachte:<\/strong><\/p>\n<p>W\u00e4hrend die ersten beiden Aufgabestellungen sich von Klausur zu Klausur nicht gro\u00df ver\u00e4ndern, h\u00e4ngt die Gestaltung des Schlussteils ma\u00dfgeblich von der Formulierung der Aufgabenstellung ab. <strong>Lest diese also besonders gr\u00fcndlich!<\/strong><br \/>\n<\/div>\n<p>In den meisten F\u00e4llen wird hier von euch gefordert, dass ihr die Quelle vor dem Hintergrund des historischen Kontextes &#8218;beurteilt&#8216; oder &#8218;bewertet&#8216;. <\/p>\n<p>Hier kommen also wieder die sogenannten<a href=\"https:\/\/www.studyhelp.de\/online-lernen\/geschichte\/operatoren-fuer-die-abiturpruefung\/\" rel=\"noopener\" target=\"_blank\"> Operatoren<\/a> ins Spiel, denn hier verlangt der Lehrer von euch nicht einfach nur eine Meinung, sondern eine pr\u00e4zise begr\u00fcndete Argumentation. Schauen wir uns hierzu also in unserem NRW-W\u00f6rterbuch Deutsch \u2013 Lehrer, Lehrer \u2013 Deutsch noch einmal diejenigen Operatoren an, mit denen ihr am wahrscheinlichsten zu rechnen haben werdet:<\/p>\n<div class=\"Table\">\n<div class=\"Table-row Table-header\">\n<div class=\"Table-row-item\">Operator<\/div>\n<div class=\"Table-row-item\">Definition<\/div>\n<\/p><\/div>\n<div class=\"Table-row\">\n<div class=\"Table-row-item\" data-header=\"Operator\">\n<p><strong>interpretieren<\/strong><\/p>\n<\/div>\n<div class=\"Table-row-item\" data-header=\"Definition\">\n<p>Sinnzusammenh\u00e4nge aus Quellen erschlie\u00dfen und eine begr\u00fcndete Stellungnahme abgeben, die auf einer Analyse, Erl\u00e4uterung und Bewertung beruht.<\/p>\n<\/div><\/div>\n<div class=\"Table-row\">\n<div class=\"Table-row-item\" data-header=\"Operator\">\n<p><strong>beurteilen<\/strong><\/p>\n<\/div>\n<div class=\"Table-row-item\" data-header=\"Definition\">\n<p>Den Stellenwert historischer Sachverhalte in einem Zusammenhang bestimmen, um ohne pers\u00f6nlichen Wertebezug zu einem begr\u00fcndeten Sachurteil zu gelangen.<\/p>\n<\/div><\/div>\n<div class=\"Table-row\">\n<div class=\"Table-row-item\" data-header=\"Operator\">\n<p><strong>bewerten<\/strong><\/p>\n<\/div>\n<div class=\"Table-row-item\" data-header=\"Definition\">\n<p>Wie Operator \u201ebeurteilen&#8220;, aber zus\u00e4tzlich mit Offenlegen und Begr\u00fcnden eigener Wertma\u00dfst\u00e4be, die Pluralit\u00e4t einschlie\u00dfen und zu einem Werturteil f\u00fchren, das auf den Wertvorstellungen des Grundgesetzes basiert.*<\/p>\n<\/div><\/div>\n<p>*Zitiert nach: Operatoren\u00fcbersicht, https:\/\/www.standardsicherung.schulministerium.nrw.de\/cms\/zentralabitur-gost\/faecher\/getfile.php?file=3946, abgerufen am 13.2.2018.\n<\/p><\/div>\n<hr>\n<div class=\"study-geschichte-fullwidth\" id=\"study-1101070523\"><div class=\"ad fullwidth lernheft amz\">\r\n    <div class=\"inner\">\r\n        <div class=\"txt\">\r\n            <span class=\"firstline\">Unser Lernheft zum Geschichte-Abi'22<\/span>\r\n\t\t\t<span class=\"secondline\">Erkl\u00e4rungen + Klausuren + L\u00f6sungen!<\/span>\r\n            <div class=\"stars\">\r\n                <i class=\"fas fa-star\"><\/i>\r\n                <i class=\"fas fa-star\"><\/i>\r\n                <i class=\"fas fa-star\"><\/i>\r\n                <i class=\"fas fa-star\"><\/i>\r\n                <i class=\"fas fa-star\"><\/i>\r\n            <\/div>\r\n            <!--<div class=\"stars-counter\">\r\n                <small>5 von 5 Sternen<\/small>\r\n            <\/div>-->\r\n        <\/div>\r\n        <div class=\"btn-container\">\r\n            <a class=\"btn orange\" target=\"_blank\" href=\"%link%\"><img src=\"https:\/\/www.studyhelp.de\/online-lernen\/wp-content\/uploads\/2018\/06\/amz.png\" alt=\"Jetzt kaufen\" title=\"Jetzt kaufen\" \/><span>Auf Amazon ansehen<\/span><\/a>\r\n        <\/div>\r\n        <div class=\"media\">\r\n            <div class=\"img\">\r\n                <img src=\"https:\/\/www.studyhelp.de\/online-lernen\/wp-content\/uploads\/2018\/07\/geschichte-abiturvorbereitung-min.png\" alt=\"Geschichte Abiturvorbereitung\" title=\"Geschichte Abiturvorbereitung\" \/>\r\n            <\/div>\r\n        <\/div>\r\n    <\/div>\r\n    <div class=\"figure circle\"><\/div>\r\n    <div class=\"figure circle2\"><\/div>\r\n    <div class=\"figure square\"><\/div>\r\n    <div class=\"figure triangle\"><\/div>\r\n    <!--<div class=\"label red\"><p>15,99\u20ac<\/p><\/div>-->\r\n<\/div><\/div>\n<hr>\n<p>Bei der Benotung eurer Pr\u00fcfung wird der Lehrer also ganz genau darauf achten, ob in eurer Antwort die Kriterien, die in den <a href=\"https:\/\/www.studyhelp.de\/online-lernen\/geschichte\/operatoren-fuer-die-abiturpruefung\/\" rel=\"noopener\" target=\"_blank\">Operatoren <\/a>genannt werden, erf\u00fcllt sind. Es ergibt also Sinn, wenn ihr euch die Unterschiede zwischen den Operatoren einpr\u00e4gt, um im Ernstfall nicht an der Fragestellung vorbei zu antworten.<\/p>\n<p>Sehr h\u00e4ufig wird von euch die Bewertung einer <a href=\"https:\/\/www.studyhelp.de\/online-lernen\/geschichte\/welche-historischen-quellen-gibt-es\/\" rel=\"noopener\" target=\"_blank\">Quelle<\/a> verlangt. Bei der Bearbeitung der dritten Aufgabe m\u00fcsst ihr also zwischen zwei Formen von Urteilen unterschieden: <strong>Dem &#8218;Sachurteil&#8216; und dem &#8218;Werturteil&#8216;<\/strong>. Ihr m\u00fcsst beide Urteilsformen aufeinander aufbauend, aber getrennt voneinander in den Schlussteil einflie\u00dfen lassen. Dies ist wichtig, denn beiden Urteilen liegen unterschiedliche Ma\u00dfst\u00e4be zu Grunde. <\/p>\n<p>W\u00e4hrend ein Sachurteil auf prinzipiell sachlich (daher der Name) \u00fcberpr\u00fcfbaren Kriterien beruht, basierend Werturteile auf euren pers\u00f6nlichen normativen, also ethisch-moralischen Wertvorstellungen. Kurz gefasst: Ein Sachurteil wird auf inhaltliche Richtigkeit gepr\u00fcft und sollte bei allen Pr\u00fcflingen zumindest \u00e4hnlich lauten. Ein Werturteil ist \u00e4u\u00dferst individuell und wird auf innere Stringenz hin \u00fcberpr\u00fcft. Hier nochmal konzentriert:<\/p>\n<div class=\"box info\">\n<p><strong>Sachurteil:<\/strong><\/p>\n<p>Ereignisse, die im Inhalt der Quelle genannt werden oder in ihrem historischen Kontext einzuordnen sind, werden hinsichtlich ihrer Bedeutung in einen begr\u00fcndeten Zusammenhang gestellt.<\/p>\n<p><strong>Werturteil:<\/strong><\/p>\n<p>Anhand des Sachurteils wird die Quelle hinsichtlich ihrer Glaubw\u00fcrdigkeit und Relevanz f\u00fcr ihre Zeit und f\u00fcr die Gegenwart bewertet. Auch eure eigene Meinung soll unter Offenlegung eurer Wertma\u00dfst\u00e4be zu einer pers\u00f6nlichen Stellungnahme der Quelle formuliert werden.<br \/>\n<\/div>\n<div class=\"study-geschichte-fullwidth\" id=\"study-2947977964\"><div class=\"ad fullwidth lernheft amz\">\r\n    <div class=\"inner\">\r\n        <div class=\"txt\">\r\n            <span class=\"firstline\">Unser Lernheft zum Geschichte-Abi'22<\/span>\r\n\t\t\t<span class=\"secondline\">Erkl\u00e4rungen + Klausuren + L\u00f6sungen!<\/span>\r\n            <div class=\"stars\">\r\n                <i class=\"fas fa-star\"><\/i>\r\n                <i class=\"fas fa-star\"><\/i>\r\n                <i class=\"fas fa-star\"><\/i>\r\n                <i class=\"fas fa-star\"><\/i>\r\n                <i class=\"fas fa-star\"><\/i>\r\n            <\/div>\r\n            <!--<div class=\"stars-counter\">\r\n                <small>5 von 5 Sternen<\/small>\r\n            <\/div>-->\r\n        <\/div>\r\n        <div class=\"btn-container\">\r\n            <a class=\"btn orange\" target=\"_blank\" href=\"%link%\"><img src=\"https:\/\/www.studyhelp.de\/online-lernen\/wp-content\/uploads\/2018\/06\/amz.png\" alt=\"Jetzt kaufen\" title=\"Jetzt kaufen\" \/><span>Auf Amazon ansehen<\/span><\/a>\r\n        <\/div>\r\n        <div class=\"media\">\r\n            <div class=\"img\">\r\n                <img src=\"https:\/\/www.studyhelp.de\/online-lernen\/wp-content\/uploads\/2018\/07\/geschichte-abiturvorbereitung-min.png\" alt=\"Geschichte Abiturvorbereitung\" title=\"Geschichte Abiturvorbereitung\" \/>\r\n            <\/div>\r\n        <\/div>\r\n    <\/div>\r\n    <div class=\"figure circle\"><\/div>\r\n    <div class=\"figure circle2\"><\/div>\r\n    <div class=\"figure square\"><\/div>\r\n    <div class=\"figure triangle\"><\/div>\r\n    <!--<div class=\"label red\"><p>15,99\u20ac<\/p><\/div>-->\r\n<\/div><\/div>\n<p><strong>Es geht also, und dass ist extrem wichtig, nicht einfach nur um eure Meinung.<\/strong> Beide Urteilsformen m\u00fcssen neben den oben genannten eigenen Kriterien auch gemeinsame G\u00fctekriterien erf\u00fcllen, damit ihr damit vor den Augen eures Lehrers bestehen k\u00f6nnt. Sie m\u00fcssen transparent, sachlich und logisch korrekt, \u00fcberzeugend und verst\u00e4ndlich und auf die urspr\u00fcngliche Aufgabenstellung r\u00fcckbezogen sein. <\/p>\n<div class=\"box info\">\n<p><strong>Wichtig:<\/strong><\/p>\n<p>Legt also die Kriterien und Wertma\u00dfst\u00e4be, nach denen ihr urteilt, offen, schweift nicht vom Thema ab und zeigt, dass ihr euch mit der Frage des Lehrers auseinandergesetzt habt.<br \/>\n<\/div>\n<p><strong>Ihr beginnt mit dem Sachurteil.<\/strong> Hierbei bezieht ihr euch sowohl auf die Quelle als auch auf ihren historischen Kontext und setzt die Bedeutung der verschiedenen historischen Ereignisse in einen begr\u00fcndeten Zusammenhang. Die folgenden Dinge k\u00f6nnen euch dabei helfen:<\/p>\n<ul>\n<li>Schaut euch noch einmal den historischen Kontext an. Besonders die Ereignisse, die zeitlich nach der Quelle liegen, k\u00f6nnen Aufschluss dar\u00fcber geben, ob die Quelle Auswirkungen auf die Folgezeit hatte.<\/li>\n<li>Vielleicht kennt ihr Texte von Historikern, die sich ebenfalls mit der Quelle besch\u00e4ftigt haben. In diesem Fall k\u00f6nnt ihr deren Urteil in eure eigene Argumentation mit einbeziehen, um es zu unterst\u00fctzen oder zu widerlegen.<\/li>\n<\/ul>\n<p><strong>Danach folgt das Werturteil:<\/strong> Durch den zuvor begr\u00fcndeten Zusammenhang der dargestellten Ereignisse k\u00f6nnt ihr die Quelle hinsichtlich ihrer historischen Bedeutung und ihrer Relevanz f\u00fcr die heutige Zeit bewerten. Stellt euch dazu folgende Fragen:<\/p>\n<div class=\"box info\">\n<ol>\n<li>Wie glaubw\u00fcrdig ist die Quelle f\u00fcr damalige Verh\u00e4ltnisse?<\/li>\n<li>Kann der Urheber der Quelle seine Absichten \u00fcberzeugend vermitteln, auch im Hinblick auf die Zeit nach der Quelle?<\/li>\n<li>Ist die Quelle auch aus heutiger Sicht noch relevant.<\/li>\n<\/ol>\n<\/div>\n<p>Au\u00dferdem d\u00fcrft ihr hier auch eure eigene Meinung einflie\u00dfen lassen und Stellung zur Quelle nehmen. Dabei m\u00fcsst ihr folgendes beachten (auch wenn wir uns hier erneut wiederholen):<\/p>\n<div class=\"box info\">\n<p><strong>Tipp:<\/strong><br \/>\nLegt die Wertma\u00dfst\u00e4be, auf denen euer Urteil beruht, offen. Reflektiert euer Urteil. Vergesst nicht, deutlich zu machen, dass es sich bei eurer Argumentation um eure eigenen Thesen und Schlussfolgerungen handelt. Einfach nur zu schreiben \u201eMeiner Meinung nach\u2026\u201c reicht nicht.<br \/>\n<\/div>\n<div class=\"study-geschichte-fullwidth\" id=\"study-180169393\"><div class=\"ad fullwidth lernheft amz\">\r\n    <div class=\"inner\">\r\n        <div class=\"txt\">\r\n            <span class=\"firstline\">Unser Lernheft zum Geschichte-Abi'22<\/span>\r\n\t\t\t<span class=\"secondline\">Erkl\u00e4rungen + Klausuren + L\u00f6sungen!<\/span>\r\n            <div class=\"stars\">\r\n                <i class=\"fas fa-star\"><\/i>\r\n                <i class=\"fas fa-star\"><\/i>\r\n                <i class=\"fas fa-star\"><\/i>\r\n                <i class=\"fas fa-star\"><\/i>\r\n                <i class=\"fas fa-star\"><\/i>\r\n            <\/div>\r\n            <!--<div class=\"stars-counter\">\r\n                <small>5 von 5 Sternen<\/small>\r\n            <\/div>-->\r\n        <\/div>\r\n        <div class=\"btn-container\">\r\n            <a class=\"btn orange\" target=\"_blank\" href=\"%link%\"><img src=\"https:\/\/www.studyhelp.de\/online-lernen\/wp-content\/uploads\/2018\/06\/amz.png\" alt=\"Jetzt kaufen\" title=\"Jetzt kaufen\" \/><span>Auf Amazon ansehen<\/span><\/a>\r\n        <\/div>\r\n        <div class=\"media\">\r\n            <div class=\"img\">\r\n                <img src=\"https:\/\/www.studyhelp.de\/online-lernen\/wp-content\/uploads\/2018\/07\/geschichte-abiturvorbereitung-min.png\" alt=\"Geschichte Abiturvorbereitung\" title=\"Geschichte Abiturvorbereitung\" \/>\r\n            <\/div>\r\n        <\/div>\r\n    <\/div>\r\n    <div class=\"figure circle\"><\/div>\r\n    <div class=\"figure circle2\"><\/div>\r\n    <div class=\"figure square\"><\/div>\r\n    <div class=\"figure triangle\"><\/div>\r\n    <!--<div class=\"label red\"><p>15,99\u20ac<\/p><\/div>-->\r\n<\/div><\/div>\n<h2>Sonderf\u00e4lle<\/h2>\n<p>In seltenen F\u00e4llen kann die Aufgabenstellung der Klausur auch von dem in den letzten Kapiteln vorgestellten Schema der Quellenanalyse abweichen. Sollte ein solcher Fall eintreten, haltet euch genau an die gegebene Aufgabenstellung! M\u00f6glicherweise werden euch auch zwei Quellen zur Bearbeitung gegeben, die ihr miteinander vergleichen sollt. In der Regel handelt es sich dabei um Quellen, die im gleichen Kontext ver\u00f6ffentlicht wurden und die sich inhaltlich mit dem gleichen Thema besch\u00e4ftigen.<\/p>\n<div class=\"box info\">\n<strong>Thematisches Beispiel:<\/strong><\/p>\n<p>W\u00e4hrend der Kubakrise im Kalten Krieg 1962 gab es einen Briefwechsel zwischen dem US-Pr\u00e4sidenten John F. Kennedy und dem Regierungschef der Sowjetunion, Nikita Chruschtschow. Jeder dieser Briefe kann als eigenst\u00e4ndige Quelle in Bezug auf das gleiche Thema bewertet werden.<\/p>\n<\/div>\n<p>Auch in diesem Fall werdet ihr drei Aufgaben gestellt bekommen, die in \u00e4hnlicher Weise bearbeitet werden m\u00fcssen wie bei einer normalen Quellenanalyse.<\/p>\n<div class=\"box info\">\n<strong>Beispiel einer Aufgabenstellung:<\/strong><\/p>\n<ol>\n<li>Analysieren Sie die vorliegenden Quellen.<\/li>\n<li>Stellen sie beide Quellen in einen gemeinsamen historischen Kontext.<\/li>\n<li>Vergleichen Sie die Quellen miteinander und bewerten Sie sie vor<br \/>\ndem Hintergrund ihrer historischen Relevanz<\/li>\n<\/div>\n<p>Bei der Bearbeitung der ersten Aufgabe geht ihr genauso vor wie bei einer normalen Quellenanalyse, nur dass ihr beide Quellen einzeln nacheinander analysiert. Die Quellen werden nat\u00fcrlich etwas k\u00fcrzer sein als es bei einer normalen Quellenanalyse der Fall ist, damit ihr keine Zeitprobleme bekommt.<\/p>\n<p>Bei der zweiten Aufgabe beschreibt ihr den historischen Kontext, in den ihr beide Quellen einordnet. Dadurch werden auch die Bez\u00fcge der beiden Quellen zueinander deutlich, und es lassen sich politische Positionen oder \u00e4hnliches erkennen.<\/p>\n<p>Die dritte Aufgabe gibt vor, dass ihr die beiden Quellen vor dem Hintergrund des historischen Kontextes miteinander vergleichen und bewerten sollt. Auch hier m\u00fcsst ihr Sachurteile und Werturteile erstellen. Greift die Inhalte der Quellen noch einmal kurz auf und erkl\u00e4rt die Gemeinsamkeiten und Unterschiede.<\/p>\n<div class=\"study-geschichte-fullwidth\" id=\"study-1990042389\"><div class=\"ad fullwidth lernheft amz\">\r\n    <div class=\"inner\">\r\n        <div class=\"txt\">\r\n            <span class=\"firstline\">Unser Lernheft zum Geschichte-Abi'22<\/span>\r\n\t\t\t<span class=\"secondline\">Erkl\u00e4rungen + Klausuren + L\u00f6sungen!<\/span>\r\n            <div class=\"stars\">\r\n                <i class=\"fas fa-star\"><\/i>\r\n                <i class=\"fas fa-star\"><\/i>\r\n                <i class=\"fas fa-star\"><\/i>\r\n                <i class=\"fas fa-star\"><\/i>\r\n                <i class=\"fas fa-star\"><\/i>\r\n            <\/div>\r\n            <!--<div class=\"stars-counter\">\r\n                <small>5 von 5 Sternen<\/small>\r\n            <\/div>-->\r\n        <\/div>\r\n        <div class=\"btn-container\">\r\n            <a class=\"btn orange\" target=\"_blank\" href=\"%link%\"><img src=\"https:\/\/www.studyhelp.de\/online-lernen\/wp-content\/uploads\/2018\/06\/amz.png\" alt=\"Jetzt kaufen\" title=\"Jetzt kaufen\" \/><span>Auf Amazon ansehen<\/span><\/a>\r\n        <\/div>\r\n        <div class=\"media\">\r\n            <div class=\"img\">\r\n                <img src=\"https:\/\/www.studyhelp.de\/online-lernen\/wp-content\/uploads\/2018\/07\/geschichte-abiturvorbereitung-min.png\" alt=\"Geschichte Abiturvorbereitung\" title=\"Geschichte Abiturvorbereitung\" \/>\r\n            <\/div>\r\n        <\/div>\r\n    <\/div>\r\n    <div class=\"figure circle\"><\/div>\r\n    <div class=\"figure circle2\"><\/div>\r\n    <div class=\"figure square\"><\/div>\r\n    <div class=\"figure triangle\"><\/div>\r\n    <!--<div class=\"label red\"><p>15,99\u20ac<\/p><\/div>-->\r\n<\/div><\/div>\n","protected":false},"excerpt":{"rendered":"<p>In der dritten Aufgabe eurer Geschichte Abiturpr\u00fcfung m\u00fcsst ihr ein Sachurteil und ein Werturteil zu einer Quelle abgeben. Je gr\u00fcndlicher ihr die ersten beiden Aufgaben bearbeitet habt, desto weniger Schwierigkeiten werdet ihr bei der Bearbeitung der dritten Aufgabe bekommen, da es nun darum geht, die Ergebnisse der Analyse zu beurteilen. In den meisten F\u00e4llen wird [&hellip;]<\/p>\n","protected":false},"author":3,"featured_media":0,"parent":9015,"menu_order":0,"comment_status":"closed","ping_status":"closed","template":"","meta":[],"categories":[40],"tags":[],"yoast_head":"<!-- This site is optimized with the Yoast SEO plugin v14.7 - https:\/\/yoast.com\/wordpress\/plugins\/seo\/ -->\n<title>Sachurteil und Werturteil [Bewertung von Quellen] - StudyHelp Online<\/title>\n<meta name=\"description\" content=\"Das Sachurteil basiert auf prinzipiell sachlich (daher der Name) \u00fcberpr\u00fcfbaren Kriterien, Werturteile hingegen auf euren pers\u00f6nlichen normativen Kriterien.\" \/>\n<meta name=\"robots\" content=\"index, follow\" \/>\n<meta name=\"googlebot\" content=\"index, follow, max-snippet:-1, max-image-preview:large, max-video-preview:-1\" \/>\n<meta name=\"bingbot\" content=\"index, follow, max-snippet:-1, max-image-preview:large, max-video-preview:-1\" \/>\n<link rel=\"canonical\" href=\"https:\/\/www.studyhelp.de\/online-lernen\/geschichte\/sachurteil-und-werturteil-einer-quelle\/\" \/>\n<meta property=\"og:locale\" content=\"de_DE\" \/>\n<meta property=\"og:type\" content=\"article\" \/>\n<meta property=\"og:title\" content=\"Sachurteil und Werturteil [Bewertung von Quellen] - StudyHelp Online\" \/>\n<meta property=\"og:description\" content=\"Das Sachurteil basiert auf prinzipiell sachlich (daher der Name) \u00fcberpr\u00fcfbaren Kriterien, Werturteile hingegen auf euren pers\u00f6nlichen normativen Kriterien.\" \/>\n<meta property=\"og:url\" content=\"https:\/\/www.studyhelp.de\/online-lernen\/geschichte\/sachurteil-und-werturteil-einer-quelle\/\" \/>\n<meta property=\"og:site_name\" content=\"StudyHelp Online-Lernen\" \/>\n<meta property=\"article:modified_time\" content=\"2018-11-27T13:53:35+00:00\" \/>\n<meta name=\"twitter:card\" content=\"summary_large_image\" \/>\n<script type=\"application\/ld+json\" class=\"yoast-schema-graph\">{\"@context\":\"https:\/\/schema.org\",\"@graph\":[{\"@type\":\"WebSite\",\"@id\":\"https:\/\/www.studyhelp.de\/online-lernen\/#website\",\"url\":\"https:\/\/www.studyhelp.de\/online-lernen\/\",\"name\":\"StudyHelp Online-Lernen\",\"description\":\"\",\"potentialAction\":[{\"@type\":\"SearchAction\",\"target\":\"https:\/\/www.studyhelp.de\/online-lernen\/?s={search_term_string}\",\"query-input\":\"required name=search_term_string\"}],\"inLanguage\":\"de-DE\"},{\"@type\":\"WebPage\",\"@id\":\"https:\/\/www.studyhelp.de\/online-lernen\/geschichte\/sachurteil-und-werturteil-einer-quelle\/#webpage\",\"url\":\"https:\/\/www.studyhelp.de\/online-lernen\/geschichte\/sachurteil-und-werturteil-einer-quelle\/\",\"name\":\"Sachurteil und Werturteil [Bewertung von Quellen] - StudyHelp Online\",\"isPartOf\":{\"@id\":\"https:\/\/www.studyhelp.de\/online-lernen\/#website\"},\"datePublished\":\"2018-07-26T07:20:22+00:00\",\"dateModified\":\"2018-11-27T13:53:35+00:00\",\"description\":\"Das Sachurteil basiert auf prinzipiell sachlich (daher der Name) \\u00fcberpr\\u00fcfbaren Kriterien, Werturteile hingegen auf euren pers\\u00f6nlichen normativen Kriterien.\",\"inLanguage\":\"de-DE\",\"potentialAction\":[{\"@type\":\"ReadAction\",\"target\":[\"https:\/\/www.studyhelp.de\/online-lernen\/geschichte\/sachurteil-und-werturteil-einer-quelle\/\"]}]}]}<\/script>\n<!-- \/ Yoast SEO plugin. -->","_links":{"self":[{"href":"https:\/\/www.studyhelp.de\/online-lernen\/wp-json\/wp\/v2\/pages\/9118"}],"collection":[{"href":"https:\/\/www.studyhelp.de\/online-lernen\/wp-json\/wp\/v2\/pages"}],"about":[{"href":"https:\/\/www.studyhelp.de\/online-lernen\/wp-json\/wp\/v2\/types\/page"}],"author":[{"embeddable":true,"href":"https:\/\/www.studyhelp.de\/online-lernen\/wp-json\/wp\/v2\/users\/3"}],"replies":[{"embeddable":true,"href":"https:\/\/www.studyhelp.de\/online-lernen\/wp-json\/wp\/v2\/comments?post=9118"}],"version-history":[{"count":23,"href":"https:\/\/www.studyhelp.de\/online-lernen\/wp-json\/wp\/v2\/pages\/9118\/revisions"}],"predecessor-version":[{"id":11554,"href":"https:\/\/www.studyhelp.de\/online-lernen\/wp-json\/wp\/v2\/pages\/9118\/revisions\/11554"}],"up":[{"embeddable":true,"href":"https:\/\/www.studyhelp.de\/online-lernen\/wp-json\/wp\/v2\/pages\/9015"}],"wp:attachment":[{"href":"https:\/\/www.studyhelp.de\/online-lernen\/wp-json\/wp\/v2\/media?parent=9118"}],"wp:term":[{"taxonomy":"category","embeddable":true,"href":"https:\/\/www.studyhelp.de\/online-lernen\/wp-json\/wp\/v2\/categories?post=9118"},{"taxonomy":"post_tag","embeddable":true,"href":"https:\/\/www.studyhelp.de\/online-lernen\/wp-json\/wp\/v2\/tags?post=9118"}],"curies":[{"name":"wp","href":"https:\/\/api.w.org\/{rel}","templated":true}]}}