{"id":9347,"date":"2018-08-06T16:29:47","date_gmt":"2018-08-06T14:29:47","guid":{"rendered":"https:\/\/www.studyhelp.de\/online-lernen\/?page_id=9347"},"modified":"2018-10-08T15:08:30","modified_gmt":"2018-10-08T13:08:30","slug":"induktiver-effekt","status":"publish","type":"page","link":"https:\/\/www.studyhelp.de\/online-lernen\/chemie\/induktiver-effekt\/","title":{"rendered":"Induktiver Effekt"},"content":{"rendered":"<p>Die an ein Atom gebundenen Substituenten k\u00f6nnen das bindende Elektronenpaar unterschiedlich stark anziehen, wodurch die Bindung unterschiedlich stark polarisiert wird. <strong>Diese Polarisierung der Bindung durch den Substituenten bezeichnet man als induktiven Effekt (I-Effekt).<\/strong> Hierf\u00fcr hat man das Wasserstoffatom als Bezugsgr\u00f6\u00dfe mit einem I-Effekt von 0 festgelegt.<\/p>\n<div class=\"box info\">\n<ul>\n<li>Wenn der Substituent die Bindungselektronen anzieht und somit die Elektronendichte an dem Atom verringern, so spricht man von einem -I-Effekt. Der Substituent hat also einen elektronenziehenden Effekt.<\/li>\n<li>Wenn der Substituent die Bindungselektronen abst\u00f6\u00dft und somit die Elektronendichte an dem Atom erh\u00f6ht, so spricht man von einem +I-Effekt. Der Substituent hat also einen elektronenschiebenden Effekt.<\/li>\n<\/ul>\n<\/div>\n<p>Einen +I-Effekt haben alle Alkylgruppen (Kohlenwasserstoffreste), wobei der +I-Effekts mit steigender Kettenl\u00e4nge und Verzweigung steigt. Au\u00dferdem haben alle negativ geladenen Substituenten einen +I-Effekt. <\/p>\n<p>Einen -I-Effekt haben Substituenten mit einem sehr elektronegativen Atom (Carbonylgruppe, Hydroxygruppe, Halogene, Nitrogruppe, Aminogruppe, Carboxygruppe, \u2026) sowie alle positiv geladenen Substituenten. <\/p>\n\n","protected":false},"excerpt":{"rendered":"<p>Die an ein Atom gebundenen Substituenten k\u00f6nnen das bindende Elektronenpaar unterschiedlich stark anziehen, wodurch die Bindung unterschiedlich stark polarisiert wird. Diese Polarisierung der Bindung durch den Substituenten bezeichnet man als induktiven Effekt (I-Effekt). Hierf\u00fcr hat man das Wasserstoffatom als Bezugsgr\u00f6\u00dfe mit einem I-Effekt von 0 festgelegt. Einen +I-Effekt haben alle Alkylgruppen (Kohlenwasserstoffreste), wobei der +I-Effekts [&hellip;]<\/p>\n","protected":false},"author":3,"featured_media":0,"parent":9325,"menu_order":0,"comment_status":"closed","ping_status":"closed","template":"","meta":[],"categories":[47],"tags":[],"yoast_head":"<!-- This site is optimized with the Yoast SEO plugin v14.7 - https:\/\/yoast.com\/wordpress\/plugins\/seo\/ -->\n<title>Induktive Effekt [Chemie] - StudyHelp Online-Lernen<\/title>\n<meta name=\"description\" content=\"Der Induktive Effekt, auch I-Effekt genannt, beschreibt einen ladungsver\u00e4ndernden Effekt. Welche zwei Auspr\u00e4gungen der Effekt haben kann, lest ihr hier!\" \/>\n<meta name=\"robots\" content=\"index, follow\" \/>\n<meta name=\"googlebot\" content=\"index, follow, max-snippet:-1, max-image-preview:large, max-video-preview:-1\" \/>\n<meta name=\"bingbot\" content=\"index, follow, max-snippet:-1, max-image-preview:large, max-video-preview:-1\" \/>\n<link rel=\"canonical\" href=\"https:\/\/www.studyhelp.de\/online-lernen\/chemie\/induktiver-effekt\/\" \/>\n<meta property=\"og:locale\" content=\"de_DE\" \/>\n<meta property=\"og:type\" content=\"article\" \/>\n<meta property=\"og:title\" content=\"Induktive Effekt [Chemie] - StudyHelp Online-Lernen\" \/>\n<meta property=\"og:description\" content=\"Der Induktive Effekt, auch I-Effekt genannt, beschreibt einen ladungsver\u00e4ndernden Effekt. Welche zwei Auspr\u00e4gungen der Effekt haben kann, lest ihr hier!\" \/>\n<meta property=\"og:url\" content=\"https:\/\/www.studyhelp.de\/online-lernen\/chemie\/induktiver-effekt\/\" \/>\n<meta property=\"og:site_name\" content=\"StudyHelp Online-Lernen\" \/>\n<meta property=\"article:modified_time\" content=\"2018-10-08T13:08:30+00:00\" \/>\n<meta name=\"twitter:card\" content=\"summary_large_image\" \/>\n<script type=\"application\/ld+json\" class=\"yoast-schema-graph\">{\"@context\":\"https:\/\/schema.org\",\"@graph\":[{\"@type\":\"WebSite\",\"@id\":\"https:\/\/www.studyhelp.de\/online-lernen\/#website\",\"url\":\"https:\/\/www.studyhelp.de\/online-lernen\/\",\"name\":\"StudyHelp Online-Lernen\",\"description\":\"\",\"potentialAction\":[{\"@type\":\"SearchAction\",\"target\":\"https:\/\/www.studyhelp.de\/online-lernen\/?s={search_term_string}\",\"query-input\":\"required name=search_term_string\"}],\"inLanguage\":\"de-DE\"},{\"@type\":\"WebPage\",\"@id\":\"https:\/\/www.studyhelp.de\/online-lernen\/chemie\/induktiver-effekt\/#webpage\",\"url\":\"https:\/\/www.studyhelp.de\/online-lernen\/chemie\/induktiver-effekt\/\",\"name\":\"Induktive Effekt [Chemie] - StudyHelp Online-Lernen\",\"isPartOf\":{\"@id\":\"https:\/\/www.studyhelp.de\/online-lernen\/#website\"},\"datePublished\":\"2018-08-06T14:29:47+00:00\",\"dateModified\":\"2018-10-08T13:08:30+00:00\",\"description\":\"Der Induktive Effekt, auch I-Effekt genannt, beschreibt einen ladungsver\\u00e4ndernden Effekt. Welche zwei Auspr\\u00e4gungen der Effekt haben kann, lest ihr hier!\",\"inLanguage\":\"de-DE\",\"potentialAction\":[{\"@type\":\"ReadAction\",\"target\":[\"https:\/\/www.studyhelp.de\/online-lernen\/chemie\/induktiver-effekt\/\"]}]}]}<\/script>\n<!-- \/ Yoast SEO plugin. -->","_links":{"self":[{"href":"https:\/\/www.studyhelp.de\/online-lernen\/wp-json\/wp\/v2\/pages\/9347"}],"collection":[{"href":"https:\/\/www.studyhelp.de\/online-lernen\/wp-json\/wp\/v2\/pages"}],"about":[{"href":"https:\/\/www.studyhelp.de\/online-lernen\/wp-json\/wp\/v2\/types\/page"}],"author":[{"embeddable":true,"href":"https:\/\/www.studyhelp.de\/online-lernen\/wp-json\/wp\/v2\/users\/3"}],"replies":[{"embeddable":true,"href":"https:\/\/www.studyhelp.de\/online-lernen\/wp-json\/wp\/v2\/comments?post=9347"}],"version-history":[{"count":4,"href":"https:\/\/www.studyhelp.de\/online-lernen\/wp-json\/wp\/v2\/pages\/9347\/revisions"}],"predecessor-version":[{"id":10257,"href":"https:\/\/www.studyhelp.de\/online-lernen\/wp-json\/wp\/v2\/pages\/9347\/revisions\/10257"}],"up":[{"embeddable":true,"href":"https:\/\/www.studyhelp.de\/online-lernen\/wp-json\/wp\/v2\/pages\/9325"}],"wp:attachment":[{"href":"https:\/\/www.studyhelp.de\/online-lernen\/wp-json\/wp\/v2\/media?parent=9347"}],"wp:term":[{"taxonomy":"category","embeddable":true,"href":"https:\/\/www.studyhelp.de\/online-lernen\/wp-json\/wp\/v2\/categories?post=9347"},{"taxonomy":"post_tag","embeddable":true,"href":"https:\/\/www.studyhelp.de\/online-lernen\/wp-json\/wp\/v2\/tags?post=9347"}],"curies":[{"name":"wp","href":"https:\/\/api.w.org\/{rel}","templated":true}]}}