{"id":945,"date":"2016-02-10T09:30:46","date_gmt":"2016-02-10T08:30:46","guid":{"rendered":"https:\/\/www.studyhelp.de\/mathe\/?page_id=945"},"modified":"2018-11-12T16:10:24","modified_gmt":"2018-11-12T15:10:24","slug":"winkel-arten","status":"publish","type":"page","link":"https:\/\/www.studyhelp.de\/online-lernen\/mathe\/winkel-arten\/","title":{"rendered":"Grundlagen zu Dreiecke und Winkel"},"content":{"rendered":"\n<p>Die untenstehende Tabelle stellt die unterschiedlichen Winkelarten und deren Gr\u00f6\u00dfen dar:<\/p>\n<p><img decoding=\"async\" loading=\"lazy\" class=\"aligncenter wp-image-1255 size-full\" src=\"https:\/\/www.studyhelp.de\/online-lernen\/wp-content\/uploads\/2016\/02\/bil_winkeluebersicht.png\" alt=\"bil_winkeluebersicht\" width=\"534\" height=\"678\" srcset=\"https:\/\/www.studyhelp.de\/online-lernen\/wp-content\/uploads\/2016\/02\/bil_winkeluebersicht.png 534w, https:\/\/www.studyhelp.de\/online-lernen\/wp-content\/uploads\/2016\/02\/bil_winkeluebersicht-236x300.png 236w\" sizes=\"(max-width: 534px) 100vw, 534px\" \/><\/p>\n<div class=\"lyte-wrapper\" title=\"Grundlagen Dreieck, Winkel, H&ouml;he, Mittelsenkrechte, Seiten-\/Winkelhalbierende, Innenwinkelsumme\" style=\"width:420px;max-width:100%;margin:5px;\"><div class=\"lyMe\" id=\"WYL_uGcc2Ij57R8\"><div id=\"lyte_uGcc2Ij57R8\" data-src=\"https:\/\/www.studyhelp.de\/online-lernen\/wp-content\/plugins\/wp-youtube-lyte\/lyteCache.php?origThumbUrl=https%3A%2F%2Fi.ytimg.com%2Fvi%2FuGcc2Ij57R8%2Fhqdefault.jpg\" class=\"pL\"><div class=\"tC\"><div class=\"tT\">Grundlagen Dreieck, Winkel, H\u00f6he, Mittelsenkrechte, Seiten-\/Winkelhalbierende, Innenwinkelsumme<\/div><\/div><div class=\"play\"><\/div><div class=\"ctrl\"><div class=\"Lctrl\"><\/div><div class=\"Rctrl\"><\/div><\/div><\/div><noscript><a href=\"https:\/\/youtu.be\/uGcc2Ij57R8\" rel=\"nofollow\"><img src=\"https:\/\/www.studyhelp.de\/online-lernen\/wp-content\/plugins\/wp-youtube-lyte\/lyteCache.php?origThumbUrl=https%3A%2F%2Fi.ytimg.com%2Fvi%2FuGcc2Ij57R8%2F0.jpg\" alt=\"Grundlagen Dreieck, Winkel, H&ouml;he, Mittelsenkrechte, Seiten-\/Winkelhalbierende, Innenwinkelsumme\" width=\"420\" height=\"216\" \/><br \/>Dieses Video auf YouTube ansehen<\/a><\/noscript><\/div><\/div><div class=\"lL\" style=\"max-width:100%;width:420px;margin:5px;\"><\/div><br \/>\n<\/p>\n","protected":false},"excerpt":{"rendered":"<p>Die untenstehende Tabelle stellt die unterschiedlichen Winkelarten und deren Gr\u00f6\u00dfen dar: Grundlagen Dreieck, Winkel, H\u00f6he, Mittelsenkrechte, Seiten-\/Winkelhalbierende, InnenwinkelsummeDieses Video auf YouTube ansehen<\/p>\n","protected":false},"author":5,"featured_media":0,"parent":6291,"menu_order":18,"comment_status":"closed","ping_status":"open","template":"","meta":[],"categories":[16],"tags":[],"yoast_head":"<!-- This site is optimized with the Yoast SEO plugin v14.7 - https:\/\/yoast.com\/wordpress\/plugins\/seo\/ -->\n<title>Winkel berechnen mit Beispielen und Erkl\u00e4rungen - StudyHelp<\/title>\n<meta name=\"description\" content=\"Winkel berechnen geh\u00f6rt zu den absoluten Grundlagen. Wir zeigen euch anhand von Beispielen und Lernvideos, wie ihr Winkel berechnen k\u00f6nnt.\" \/>\n<meta name=\"robots\" content=\"index, follow\" \/>\n<meta name=\"googlebot\" content=\"index, follow, max-snippet:-1, max-image-preview:large, max-video-preview:-1\" \/>\n<meta name=\"bingbot\" content=\"index, follow, max-snippet:-1, max-image-preview:large, max-video-preview:-1\" \/>\n<link rel=\"canonical\" href=\"https:\/\/www.studyhelp.de\/online-lernen\/mathe\/winkel-arten\/\" \/>\n<meta property=\"og:locale\" content=\"de_DE\" \/>\n<meta property=\"og:type\" content=\"article\" \/>\n<meta property=\"og:title\" content=\"Winkel berechnen mit Beispielen und Erkl\u00e4rungen - StudyHelp\" \/>\n<meta property=\"og:description\" content=\"Winkel berechnen geh\u00f6rt zu den absoluten Grundlagen. Wir zeigen euch anhand von Beispielen und Lernvideos, wie ihr Winkel berechnen k\u00f6nnt.\" \/>\n<meta property=\"og:url\" content=\"https:\/\/www.studyhelp.de\/online-lernen\/mathe\/winkel-arten\/\" \/>\n<meta property=\"og:site_name\" content=\"StudyHelp Online-Lernen\" \/>\n<meta property=\"article:modified_time\" content=\"2018-11-12T15:10:24+00:00\" \/>\n<meta property=\"og:image\" content=\"https:\/\/www.studyhelp.de\/online-lernen\/wp-content\/uploads\/2016\/02\/bil_winkeluebersicht.png\" \/>\n<meta name=\"twitter:card\" content=\"summary_large_image\" \/>\n<script type=\"application\/ld+json\" class=\"yoast-schema-graph\">{\"@context\":\"https:\/\/schema.org\",\"@graph\":[{\"@type\":\"WebSite\",\"@id\":\"https:\/\/www.studyhelp.de\/online-lernen\/#website\",\"url\":\"https:\/\/www.studyhelp.de\/online-lernen\/\",\"name\":\"StudyHelp Online-Lernen\",\"description\":\"\",\"potentialAction\":[{\"@type\":\"SearchAction\",\"target\":\"https:\/\/www.studyhelp.de\/online-lernen\/?s={search_term_string}\",\"query-input\":\"required name=search_term_string\"}],\"inLanguage\":\"de-DE\"},{\"@type\":\"ImageObject\",\"@id\":\"https:\/\/www.studyhelp.de\/online-lernen\/mathe\/winkel-arten\/#primaryimage\",\"inLanguage\":\"de-DE\",\"url\":\"https:\/\/www.studyhelp.de\/online-lernen\/wp-content\/uploads\/2016\/02\/bil_winkeluebersicht.png\",\"width\":534,\"height\":678},{\"@type\":\"WebPage\",\"@id\":\"https:\/\/www.studyhelp.de\/online-lernen\/mathe\/winkel-arten\/#webpage\",\"url\":\"https:\/\/www.studyhelp.de\/online-lernen\/mathe\/winkel-arten\/\",\"name\":\"Winkel berechnen mit Beispielen und Erkl\\u00e4rungen - StudyHelp\",\"isPartOf\":{\"@id\":\"https:\/\/www.studyhelp.de\/online-lernen\/#website\"},\"primaryImageOfPage\":{\"@id\":\"https:\/\/www.studyhelp.de\/online-lernen\/mathe\/winkel-arten\/#primaryimage\"},\"datePublished\":\"2016-02-10T08:30:46+00:00\",\"dateModified\":\"2018-11-12T15:10:24+00:00\",\"description\":\"Winkel berechnen geh\\u00f6rt zu den absoluten Grundlagen. Wir zeigen euch anhand von Beispielen und Lernvideos, wie ihr Winkel berechnen k\\u00f6nnt.\",\"inLanguage\":\"de-DE\",\"potentialAction\":[{\"@type\":\"ReadAction\",\"target\":[\"https:\/\/www.studyhelp.de\/online-lernen\/mathe\/winkel-arten\/\"]}]}]}<\/script>\n<!-- \/ Yoast SEO plugin. -->","_links":{"self":[{"href":"https:\/\/www.studyhelp.de\/online-lernen\/wp-json\/wp\/v2\/pages\/945"}],"collection":[{"href":"https:\/\/www.studyhelp.de\/online-lernen\/wp-json\/wp\/v2\/pages"}],"about":[{"href":"https:\/\/www.studyhelp.de\/online-lernen\/wp-json\/wp\/v2\/types\/page"}],"author":[{"embeddable":true,"href":"https:\/\/www.studyhelp.de\/online-lernen\/wp-json\/wp\/v2\/users\/5"}],"replies":[{"embeddable":true,"href":"https:\/\/www.studyhelp.de\/online-lernen\/wp-json\/wp\/v2\/comments?post=945"}],"version-history":[{"count":8,"href":"https:\/\/www.studyhelp.de\/online-lernen\/wp-json\/wp\/v2\/pages\/945\/revisions"}],"predecessor-version":[{"id":11427,"href":"https:\/\/www.studyhelp.de\/online-lernen\/wp-json\/wp\/v2\/pages\/945\/revisions\/11427"}],"up":[{"embeddable":true,"href":"https:\/\/www.studyhelp.de\/online-lernen\/wp-json\/wp\/v2\/pages\/6291"}],"wp:attachment":[{"href":"https:\/\/www.studyhelp.de\/online-lernen\/wp-json\/wp\/v2\/media?parent=945"}],"wp:term":[{"taxonomy":"category","embeddable":true,"href":"https:\/\/www.studyhelp.de\/online-lernen\/wp-json\/wp\/v2\/categories?post=945"},{"taxonomy":"post_tag","embeddable":true,"href":"https:\/\/www.studyhelp.de\/online-lernen\/wp-json\/wp\/v2\/tags?post=945"}],"curies":[{"name":"wp","href":"https:\/\/api.w.org\/{rel}","templated":true}]}}