{"id":9481,"date":"2018-08-16T13:23:39","date_gmt":"2018-08-16T11:23:39","guid":{"rendered":"https:\/\/www.studyhelp.de\/online-lernen\/?page_id=9481"},"modified":"2018-10-08T15:00:21","modified_gmt":"2018-10-08T13:00:21","slug":"aromaten","status":"publish","type":"page","link":"https:\/\/www.studyhelp.de\/online-lernen\/chemie\/aromaten\/","title":{"rendered":"Aromaten"},"content":{"rendered":"<p>Aromaten sind eine wichtige Verbindungsklasse in der Organischen Chemie. Sie weisen folgende Eigenschaften auf<\/p>\n\n<ul>\n<li>Sie besitzen mindestens ein Ringsystem mit 4n+2 delokalisierten \u03c0-Elektronen.<\/li>\n<li>Das Ringsystem tritt als konjugierte Doppelbindungen auf. Sprich, die Doppelbindungen sind \u00fcber eine Einfachbindung miteinander verbunden.<\/li>\n<li>Das Ringsystem ist planar (flach)<\/li>\n<li>Aromatische Verbindungen verf\u00fcgen im Gegensatz zu nichtaromatischen Doppelbindungssystemen weniger Energie und sind in Folge dessen weniger reaktiv. <\/li>\n<\/ul>\n<p>Ein klassischer Vertreter der Aromaten ist Benzol. Die <a href=\"https:\/\/www.studyhelp.de\/online-lernen\/chemie\/skelettformel\/\" rel=\"noopener\" target=\"_blank\">Strukturformel<\/a> von Benzol sieht folgenderma\u00dfen aus:<\/p>\n<p><img decoding=\"async\" loading=\"lazy\" src=\"https:\/\/www.studyhelp.de\/online-lernen\/wp-content\/uploads\/2018\/08\/Aromaten-Benzol.jpg\" alt=\"Aromaten - Benzol\" width=\"118\" height=\"130\" class=\"alignnone size-full wp-image-9482\" \/><\/p>\n<h2 class=\"anchor\" id=\"schmelz-siedepunkt-und-l\u00f6slichkeit-von-aromaten\">Schmelz, Siedepunkt und L\u00f6slichkeit von Aromaten<\/h2>\n<p>Die physikalischen Eigenschaften von Aromaten k\u00f6nnen, im Gegensatz zu anderen funktionellen Stoffgruppen, nicht verallgemeinert werden.<br \/>\nSchmelz-, Siedepunkt und L\u00f6slichkeit von Aromaten h\u00e4ngen von den daran gebundenen Substituenten ab. So gilt: je h\u00f6her die zwischenmolekularen Wechselwirkungen sind, desto h\u00f6her sind Schmelz- und Siedepunkt und je gr\u00f6\u00dfer der polare Teil eines Molek\u00fcls im Vergleich zum unpolaren Teil ist, desto besser l\u00f6st sich der Stoff in polaren L\u00f6sungsmitteln und umgekehrt. <\/p>\n<h2 class=\"anchor\" id=\"reaktionsverhalten-von-aromaten\">Reaktionsverhalten von Aromaten<\/h2>\n<p>Da aromatische Systeme sehr stabil sind, sind Reaktionen, bei denen dieses System zerst\u00f6rt wird, \u00e4u\u00dferst unwahrscheinlich. Daher reagieren Aromaten trotz ihrer Doppelbindungen nicht in Additionsreaktionen. Stattdessen reagieren sie unter elektrophiler aromatischer Substitution zu einfach oder mehrfach substituierten Aromaten.<\/p>\n\n<p><img decoding=\"async\" loading=\"lazy\" src=\"https:\/\/www.studyhelp.de\/online-lernen\/wp-content\/uploads\/2018\/08\/Reaktionsverhalten-von-Arotmaten.jpg\" alt=\"Reaktionsverhalten von Aromaten\" width=\"757\" height=\"201\" class=\"alignnone size-full wp-image-9484\" srcset=\"https:\/\/www.studyhelp.de\/online-lernen\/wp-content\/uploads\/2018\/08\/Reaktionsverhalten-von-Arotmaten.jpg 757w, https:\/\/www.studyhelp.de\/online-lernen\/wp-content\/uploads\/2018\/08\/Reaktionsverhalten-von-Arotmaten-300x80.jpg 300w\" sizes=\"(max-width: 757px) 100vw, 757px\" \/><\/p>\n","protected":false},"excerpt":{"rendered":"<p>Aromaten sind eine wichtige Verbindungsklasse in der Organischen Chemie. Sie weisen folgende Eigenschaften auf Sie besitzen mindestens ein Ringsystem mit 4n+2 delokalisierten \u03c0-Elektronen. Das Ringsystem tritt als konjugierte Doppelbindungen auf. Sprich, die Doppelbindungen sind \u00fcber eine Einfachbindung miteinander verbunden. Das Ringsystem ist planar (flach) Aromatische Verbindungen verf\u00fcgen im Gegensatz zu nichtaromatischen Doppelbindungssystemen weniger Energie und [&hellip;]<\/p>\n","protected":false},"author":3,"featured_media":0,"parent":9325,"menu_order":0,"comment_status":"closed","ping_status":"closed","template":"","meta":[],"categories":[47],"tags":[],"yoast_head":"<!-- This site is optimized with the Yoast SEO plugin v14.7 - https:\/\/yoast.com\/wordpress\/plugins\/seo\/ -->\n<title>Aromaten Grundlagen [organische Chemie] - StudyHelp Online-Lernen<\/title>\n<meta name=\"description\" content=\"Aromaten sind eine wichtige Verbindungsklasse in der organischen Chemie. Sie besitzen relativ wenig Energie, sind reaktionstr\u00e4ge und haben bekannterma\u00dfen..\" \/>\n<meta name=\"robots\" content=\"index, follow\" \/>\n<meta name=\"googlebot\" content=\"index, follow, max-snippet:-1, max-image-preview:large, max-video-preview:-1\" \/>\n<meta name=\"bingbot\" content=\"index, follow, max-snippet:-1, max-image-preview:large, max-video-preview:-1\" \/>\n<link rel=\"canonical\" href=\"https:\/\/www.studyhelp.de\/online-lernen\/chemie\/aromaten\/\" \/>\n<meta property=\"og:locale\" content=\"de_DE\" \/>\n<meta property=\"og:type\" content=\"article\" \/>\n<meta property=\"og:title\" content=\"Aromaten Grundlagen [organische Chemie] - StudyHelp Online-Lernen\" \/>\n<meta property=\"og:description\" content=\"Aromaten sind eine wichtige Verbindungsklasse in der organischen Chemie. Sie besitzen relativ wenig Energie, sind reaktionstr\u00e4ge und haben bekannterma\u00dfen..\" \/>\n<meta property=\"og:url\" content=\"https:\/\/www.studyhelp.de\/online-lernen\/chemie\/aromaten\/\" \/>\n<meta property=\"og:site_name\" content=\"StudyHelp Online-Lernen\" \/>\n<meta property=\"article:modified_time\" content=\"2018-10-08T13:00:21+00:00\" \/>\n<meta property=\"og:image\" content=\"https:\/\/www.studyhelp.de\/online-lernen\/wp-content\/uploads\/2018\/08\/Aromaten-Benzol.jpg\" \/>\n<meta name=\"twitter:card\" content=\"summary_large_image\" \/>\n<script type=\"application\/ld+json\" class=\"yoast-schema-graph\">{\"@context\":\"https:\/\/schema.org\",\"@graph\":[{\"@type\":\"WebSite\",\"@id\":\"https:\/\/www.studyhelp.de\/online-lernen\/#website\",\"url\":\"https:\/\/www.studyhelp.de\/online-lernen\/\",\"name\":\"StudyHelp Online-Lernen\",\"description\":\"\",\"potentialAction\":[{\"@type\":\"SearchAction\",\"target\":\"https:\/\/www.studyhelp.de\/online-lernen\/?s={search_term_string}\",\"query-input\":\"required name=search_term_string\"}],\"inLanguage\":\"de-DE\"},{\"@type\":\"ImageObject\",\"@id\":\"https:\/\/www.studyhelp.de\/online-lernen\/chemie\/aromaten\/#primaryimage\",\"inLanguage\":\"de-DE\",\"url\":\"https:\/\/www.studyhelp.de\/online-lernen\/wp-content\/uploads\/2018\/08\/Aromaten-Benzol.jpg\",\"width\":118,\"height\":130,\"caption\":\"Aromaten - Benzol\"},{\"@type\":\"WebPage\",\"@id\":\"https:\/\/www.studyhelp.de\/online-lernen\/chemie\/aromaten\/#webpage\",\"url\":\"https:\/\/www.studyhelp.de\/online-lernen\/chemie\/aromaten\/\",\"name\":\"Aromaten Grundlagen [organische Chemie] - StudyHelp Online-Lernen\",\"isPartOf\":{\"@id\":\"https:\/\/www.studyhelp.de\/online-lernen\/#website\"},\"primaryImageOfPage\":{\"@id\":\"https:\/\/www.studyhelp.de\/online-lernen\/chemie\/aromaten\/#primaryimage\"},\"datePublished\":\"2018-08-16T11:23:39+00:00\",\"dateModified\":\"2018-10-08T13:00:21+00:00\",\"description\":\"Aromaten sind eine wichtige Verbindungsklasse in der organischen Chemie. Sie besitzen relativ wenig Energie, sind reaktionstr\\u00e4ge und haben bekannterma\\u00dfen..\",\"inLanguage\":\"de-DE\",\"potentialAction\":[{\"@type\":\"ReadAction\",\"target\":[\"https:\/\/www.studyhelp.de\/online-lernen\/chemie\/aromaten\/\"]}]}]}<\/script>\n<!-- \/ Yoast SEO plugin. -->","_links":{"self":[{"href":"https:\/\/www.studyhelp.de\/online-lernen\/wp-json\/wp\/v2\/pages\/9481"}],"collection":[{"href":"https:\/\/www.studyhelp.de\/online-lernen\/wp-json\/wp\/v2\/pages"}],"about":[{"href":"https:\/\/www.studyhelp.de\/online-lernen\/wp-json\/wp\/v2\/types\/page"}],"author":[{"embeddable":true,"href":"https:\/\/www.studyhelp.de\/online-lernen\/wp-json\/wp\/v2\/users\/3"}],"replies":[{"embeddable":true,"href":"https:\/\/www.studyhelp.de\/online-lernen\/wp-json\/wp\/v2\/comments?post=9481"}],"version-history":[{"count":7,"href":"https:\/\/www.studyhelp.de\/online-lernen\/wp-json\/wp\/v2\/pages\/9481\/revisions"}],"predecessor-version":[{"id":10233,"href":"https:\/\/www.studyhelp.de\/online-lernen\/wp-json\/wp\/v2\/pages\/9481\/revisions\/10233"}],"up":[{"embeddable":true,"href":"https:\/\/www.studyhelp.de\/online-lernen\/wp-json\/wp\/v2\/pages\/9325"}],"wp:attachment":[{"href":"https:\/\/www.studyhelp.de\/online-lernen\/wp-json\/wp\/v2\/media?parent=9481"}],"wp:term":[{"taxonomy":"category","embeddable":true,"href":"https:\/\/www.studyhelp.de\/online-lernen\/wp-json\/wp\/v2\/categories?post=9481"},{"taxonomy":"post_tag","embeddable":true,"href":"https:\/\/www.studyhelp.de\/online-lernen\/wp-json\/wp\/v2\/tags?post=9481"}],"curies":[{"name":"wp","href":"https:\/\/api.w.org\/{rel}","templated":true}]}}