{"id":9626,"date":"2018-09-03T15:04:15","date_gmt":"2018-09-03T13:04:15","guid":{"rendered":"https:\/\/www.studyhelp.de\/online-lernen\/?page_id=9626"},"modified":"2018-10-08T15:06:43","modified_gmt":"2018-10-08T13:06:43","slug":"elektrophile-substitution","status":"publish","type":"page","link":"https:\/\/www.studyhelp.de\/online-lernen\/chemie\/elektrophile-substitution\/","title":{"rendered":"Elektrophile Substitution"},"content":{"rendered":"<p>Die elektrophile Substitution ist eine Reaktion, bei der ein Elektrophil an ein <a href=\"https:\/\/www.studyhelp.de\/online-lernen\/chemie\/aromaten\/\" rel=\"noopener\" target=\"_blank\">Aromat<\/a> gebunden wird. Hierf\u00fcr muss ein anderes Teilchen aus dem Aromaten austreten, um dem neuen Teilchen Platz zu machen.<\/p>\n\n<p>Auch hier schauen wir uns ein Beispiel an, um zu verstehen, wie eine Elektrophile Substitution abl\u00e4uft. Dieses Mal betrachten wir die Reaktion von Benzol und Brom. Letzteres wird als Elektrophil agieren.<\/p>\n<p><img decoding=\"async\" loading=\"lazy\" src=\"https:\/\/www.studyhelp.de\/online-lernen\/wp-content\/uploads\/2018\/09\/Benzol-und-Brom.jpg\" alt=\"Benzol und Brom\" width=\"393\" height=\"216\" class=\"aligncenter size-full wp-image-9627\" srcset=\"https:\/\/www.studyhelp.de\/online-lernen\/wp-content\/uploads\/2018\/09\/Benzol-und-Brom.jpg 393w, https:\/\/www.studyhelp.de\/online-lernen\/wp-content\/uploads\/2018\/09\/Benzol-und-Brom-300x165.jpg 300w\" sizes=\"(max-width: 393px) 100vw, 393px\" \/><\/p>\n<p>Die Elektronendichte im aromatischen System ist relativ hoch, was zur Folge hat, dass eine Wechselwirkung mit dem Brommolek\u00fcl stattfindet. Herdurch werden die Elektronen im Brommolek\u00fcl verschoben. <\/p>\n<p>Das linke Bromatom hat nach Verschiebung weniger Elektronen als gew\u00f6hnlich, weshalb eine positive Partialladung entstanden ist. Am rechten Bromatom entsteht entsprechend eine negative Partialladung, da dieses mehr Elektronen als gew\u00f6hnlich besitzt. Diese Ladungsverschiebung reicht allerdings noch nicht aus, um die Reaktion in Gang zu setzen, da f\u00fcr den ersten Schritt das aromatische System zerst\u00f6rt werden muss. Um diese Zerst\u00f6rung einzuleiten wird ein Katalysator (FeBr_3) eingesetzt. Dieser hilft dabei, die Einfachbindung des Brommolek\u00fcls heterolytsch zu spalten, wodurch das Elektrophil (positiv geladenes Bromion) ungehindert f\u00fcr die Reaktion zur Verf\u00fcgung steht.<\/p>\n<p><img decoding=\"async\" loading=\"lazy\" src=\"https:\/\/www.studyhelp.de\/online-lernen\/wp-content\/uploads\/2018\/09\/Heterolytische-Spaltung-Brommolek\u00fcl.jpg\" alt=\"Heterolytische Spaltung Brommolek\u00fcl\" width=\"655\" height=\"216\" class=\"aligncenter size-full wp-image-9628\" srcset=\"https:\/\/www.studyhelp.de\/online-lernen\/wp-content\/uploads\/2018\/09\/Heterolytische-Spaltung-Brommolek\u00fcl.jpg 655w, https:\/\/www.studyhelp.de\/online-lernen\/wp-content\/uploads\/2018\/09\/Heterolytische-Spaltung-Brommolek\u00fcl-300x99.jpg 300w\" sizes=\"(max-width: 655px) 100vw, 655px\" \/><\/p>\n<p>Durch die heterolytische Spaltung des Brommolek\u00fcls wird das negativ geladene Bromion am Katalysator gebunden. Das positiv geladene Bromion reagiert nun mit dem Aromaten, indem ein Elektronenpaar aus einer Doppelbindung am Bromion angreift.<\/p>\n<p><img decoding=\"async\" loading=\"lazy\" src=\"https:\/\/www.studyhelp.de\/online-lernen\/wp-content\/uploads\/2018\/09\/Reaktion-Bromitum-und-Aromaten.jpg\" alt=\"Reaktion Bromitum und Aromaten\" width=\"802\" height=\"431\" class=\"aligncenter size-full wp-image-9629\" srcset=\"https:\/\/www.studyhelp.de\/online-lernen\/wp-content\/uploads\/2018\/09\/Reaktion-Bromitum-und-Aromaten.jpg 802w, https:\/\/www.studyhelp.de\/online-lernen\/wp-content\/uploads\/2018\/09\/Reaktion-Bromitum-und-Aromaten-300x161.jpg 300w, https:\/\/www.studyhelp.de\/online-lernen\/wp-content\/uploads\/2018\/09\/Reaktion-Bromitum-und-Aromaten-768x413.jpg 768w\" sizes=\"(max-width: 802px) 100vw, 802px\" \/><\/p>\n<p>Jetzt haben wir eine positive Ladung an einem Kohlenstoffatom im vorher aromatischen Ringsystem. Diese muss ausgeglichen- und das aromatische System wiederhergestellt werden. Allerdings kann das aromatische System nur wiederhergestellt werden, wenn an der Stelle, an der das Brom addiert wurde, ein Proton abgespalten wird. So kann die Einfachbindung in den Ring klappen, was zur Folge hat, dass die positive Ladung am Kohlenstoffatom ausgeglichen wird. <\/p>\n\n<p>Es stellt sich wieder die Frage, wo das Proton hinwandert. Da der Katalysator unver\u00e4ndert aus der Reaktion hervorgehen muss, k\u00f6nnen sich das Proton und das am Katalysator gebundene Bromion verbinden, wobei dann Bromwasserstoff entsteht. <\/p>\n<p><img decoding=\"async\" loading=\"lazy\" src=\"https:\/\/www.studyhelp.de\/online-lernen\/wp-content\/uploads\/2018\/09\/Bromwasserstoff.jpg\" alt=\"Bromwasserstoff\" width=\"849\" height=\"418\" class=\"aligncenter size-full wp-image-9630\" srcset=\"https:\/\/www.studyhelp.de\/online-lernen\/wp-content\/uploads\/2018\/09\/Bromwasserstoff.jpg 849w, https:\/\/www.studyhelp.de\/online-lernen\/wp-content\/uploads\/2018\/09\/Bromwasserstoff-300x148.jpg 300w, https:\/\/www.studyhelp.de\/online-lernen\/wp-content\/uploads\/2018\/09\/Bromwasserstoff-768x378.jpg 768w\" sizes=\"(max-width: 849px) 100vw, 849px\" \/><\/p>\n<p>Jetzt existieren keine unerw\u00fcnschten positiven Ladungen mehr. Das aromatische System ist wiederhergestellt und der Katalysator liegt wieder wie zu Beginn vor. Die elektrophile Substitution ist abgeschlossen.<\/p>\n","protected":false},"excerpt":{"rendered":"<p>Die elektrophile Substitution ist eine Reaktion, bei der ein Elektrophil an ein Aromat gebunden wird. Hierf\u00fcr muss ein anderes Teilchen aus dem Aromaten austreten, um dem neuen Teilchen Platz zu machen. Auch hier schauen wir uns ein Beispiel an, um zu verstehen, wie eine Elektrophile Substitution abl\u00e4uft. Dieses Mal betrachten wir die Reaktion von Benzol [&hellip;]<\/p>\n","protected":false},"author":3,"featured_media":0,"parent":9325,"menu_order":0,"comment_status":"closed","ping_status":"closed","template":"","meta":[],"categories":[47],"tags":[],"yoast_head":"<!-- This site is optimized with the Yoast SEO plugin v14.7 - https:\/\/yoast.com\/wordpress\/plugins\/seo\/ -->\n<title>Elektrophile Substitution - StudyHelp Online-Lernen<\/title>\n<meta name=\"description\" content=\"Die elektrophile Substitution ist eine Reaktion, bei der ein Elektrophil an ein Aromat gebunden wird. Wir zeigen die Reaktion Schritt f\u00fcr Schritt auf!\" \/>\n<meta name=\"robots\" content=\"index, follow\" \/>\n<meta name=\"googlebot\" content=\"index, follow, max-snippet:-1, max-image-preview:large, max-video-preview:-1\" \/>\n<meta name=\"bingbot\" content=\"index, follow, max-snippet:-1, max-image-preview:large, max-video-preview:-1\" \/>\n<link rel=\"canonical\" href=\"https:\/\/www.studyhelp.de\/online-lernen\/chemie\/elektrophile-substitution\/\" \/>\n<meta property=\"og:locale\" content=\"de_DE\" \/>\n<meta property=\"og:type\" content=\"article\" \/>\n<meta property=\"og:title\" content=\"Elektrophile Substitution - StudyHelp Online-Lernen\" \/>\n<meta property=\"og:description\" content=\"Die elektrophile Substitution ist eine Reaktion, bei der ein Elektrophil an ein Aromat gebunden wird. Wir zeigen die Reaktion Schritt f\u00fcr Schritt auf!\" \/>\n<meta property=\"og:url\" content=\"https:\/\/www.studyhelp.de\/online-lernen\/chemie\/elektrophile-substitution\/\" \/>\n<meta property=\"og:site_name\" content=\"StudyHelp Online-Lernen\" \/>\n<meta property=\"article:modified_time\" content=\"2018-10-08T13:06:43+00:00\" \/>\n<meta property=\"og:image\" content=\"https:\/\/www.studyhelp.de\/online-lernen\/wp-content\/uploads\/2018\/09\/Benzol-und-Brom.jpg\" \/>\n<meta name=\"twitter:card\" content=\"summary_large_image\" \/>\n<script type=\"application\/ld+json\" class=\"yoast-schema-graph\">{\"@context\":\"https:\/\/schema.org\",\"@graph\":[{\"@type\":\"WebSite\",\"@id\":\"https:\/\/www.studyhelp.de\/online-lernen\/#website\",\"url\":\"https:\/\/www.studyhelp.de\/online-lernen\/\",\"name\":\"StudyHelp Online-Lernen\",\"description\":\"\",\"potentialAction\":[{\"@type\":\"SearchAction\",\"target\":\"https:\/\/www.studyhelp.de\/online-lernen\/?s={search_term_string}\",\"query-input\":\"required name=search_term_string\"}],\"inLanguage\":\"de-DE\"},{\"@type\":\"ImageObject\",\"@id\":\"https:\/\/www.studyhelp.de\/online-lernen\/chemie\/elektrophile-substitution\/#primaryimage\",\"inLanguage\":\"de-DE\",\"url\":\"https:\/\/www.studyhelp.de\/online-lernen\/wp-content\/uploads\/2018\/09\/Benzol-und-Brom.jpg\",\"width\":393,\"height\":216,\"caption\":\"Benzol und Brom\"},{\"@type\":\"WebPage\",\"@id\":\"https:\/\/www.studyhelp.de\/online-lernen\/chemie\/elektrophile-substitution\/#webpage\",\"url\":\"https:\/\/www.studyhelp.de\/online-lernen\/chemie\/elektrophile-substitution\/\",\"name\":\"Elektrophile Substitution - StudyHelp Online-Lernen\",\"isPartOf\":{\"@id\":\"https:\/\/www.studyhelp.de\/online-lernen\/#website\"},\"primaryImageOfPage\":{\"@id\":\"https:\/\/www.studyhelp.de\/online-lernen\/chemie\/elektrophile-substitution\/#primaryimage\"},\"datePublished\":\"2018-09-03T13:04:15+00:00\",\"dateModified\":\"2018-10-08T13:06:43+00:00\",\"description\":\"Die elektrophile Substitution ist eine Reaktion, bei der ein Elektrophil an ein Aromat gebunden wird. Wir zeigen die Reaktion Schritt f\\u00fcr Schritt auf!\",\"inLanguage\":\"de-DE\",\"potentialAction\":[{\"@type\":\"ReadAction\",\"target\":[\"https:\/\/www.studyhelp.de\/online-lernen\/chemie\/elektrophile-substitution\/\"]}]}]}<\/script>\n<!-- \/ Yoast SEO plugin. -->","_links":{"self":[{"href":"https:\/\/www.studyhelp.de\/online-lernen\/wp-json\/wp\/v2\/pages\/9626"}],"collection":[{"href":"https:\/\/www.studyhelp.de\/online-lernen\/wp-json\/wp\/v2\/pages"}],"about":[{"href":"https:\/\/www.studyhelp.de\/online-lernen\/wp-json\/wp\/v2\/types\/page"}],"author":[{"embeddable":true,"href":"https:\/\/www.studyhelp.de\/online-lernen\/wp-json\/wp\/v2\/users\/3"}],"replies":[{"embeddable":true,"href":"https:\/\/www.studyhelp.de\/online-lernen\/wp-json\/wp\/v2\/comments?post=9626"}],"version-history":[{"count":4,"href":"https:\/\/www.studyhelp.de\/online-lernen\/wp-json\/wp\/v2\/pages\/9626\/revisions"}],"predecessor-version":[{"id":10251,"href":"https:\/\/www.studyhelp.de\/online-lernen\/wp-json\/wp\/v2\/pages\/9626\/revisions\/10251"}],"up":[{"embeddable":true,"href":"https:\/\/www.studyhelp.de\/online-lernen\/wp-json\/wp\/v2\/pages\/9325"}],"wp:attachment":[{"href":"https:\/\/www.studyhelp.de\/online-lernen\/wp-json\/wp\/v2\/media?parent=9626"}],"wp:term":[{"taxonomy":"category","embeddable":true,"href":"https:\/\/www.studyhelp.de\/online-lernen\/wp-json\/wp\/v2\/categories?post=9626"},{"taxonomy":"post_tag","embeddable":true,"href":"https:\/\/www.studyhelp.de\/online-lernen\/wp-json\/wp\/v2\/tags?post=9626"}],"curies":[{"name":"wp","href":"https:\/\/api.w.org\/{rel}","templated":true}]}}